{"id":32,"date":"2014-09-18T12:31:33","date_gmt":"2014-09-18T11:31:33","guid":{"rendered":"http:\/\/agora.xtec.cat\/llarelrossinyol\/?page_id=32"},"modified":"2025-07-03T12:51:45","modified_gmt":"2025-07-03T10:51:45","slug":"calendari-del-curs","status":"publish","type":"page","link":"https:\/\/agora.xtec.cat\/llarelrossinyol\/lescola\/calendari-del-curs\/","title":{"rendered":"Calendari del curs"},"content":{"rendered":"<h6>CALENDARI CURS 2025-26<\/h6>\n<h6><\/h6>\n<h6><a href=\"https:\/\/agora.xtec.cat\/llarelrossinyol\/wp-content\/uploads\/usu2504\/2023\/09\/Cute-Minimalist-Brown-White-2023-Calendar.pdf\">\u00a0 \u00a0\u00a0<\/a><\/h6>\n<h6><a href=\"https:\/\/agora.xtec.cat\/llarelrossinyol\/wp-content\/uploads\/usu2504\/2025\/07\/CALENDARI-ESCOLAR-2025-2026jpg.jpg\"><img loading=\"lazy\" decoding=\"async\" class=\"alignnone  wp-image-2084\" src=\"https:\/\/agora.xtec.cat\/llarelrossinyol\/wp-content\/uploads\/usu2504\/2025\/07\/CALENDARI-ESCOLAR-2025-2026jpg-300x212.jpg\" alt=\"\" width=\"402\" height=\"284\" srcset=\"https:\/\/agora.xtec.cat\/llarelrossinyol\/wp-content\/uploads\/usu2504\/2025\/07\/CALENDARI-ESCOLAR-2025-2026jpg-300x212.jpg 300w, https:\/\/agora.xtec.cat\/llarelrossinyol\/wp-content\/uploads\/usu2504\/2025\/07\/CALENDARI-ESCOLAR-2025-2026jpg-1024x724.jpg 1024w, https:\/\/agora.xtec.cat\/llarelrossinyol\/wp-content\/uploads\/usu2504\/2025\/07\/CALENDARI-ESCOLAR-2025-2026jpg-768x543.jpg 768w, https:\/\/agora.xtec.cat\/llarelrossinyol\/wp-content\/uploads\/usu2504\/2025\/07\/CALENDARI-ESCOLAR-2025-2026jpg-1536x1086.jpg 1536w, https:\/\/agora.xtec.cat\/llarelrossinyol\/wp-content\/uploads\/usu2504\/2025\/07\/CALENDARI-ESCOLAR-2025-2026jpg-2048x1448.jpg 2048w\" sizes=\"auto, (max-width: 402px) 100vw, 402px\" \/><\/a><\/h6>\n<h6>El podeu imprimir aqu\u00ed: <a href=\"https:\/\/agora.xtec.cat\/llarelrossinyol\/wp-content\/uploads\/usu2504\/2025\/07\/CALENDARI-ESCOLAR-2025-2026jpg.jpg\">2025-2026<\/a><\/h6>\n<p>&nbsp;<\/p>\n<p>L\u2019<b>horari <\/b>del centre \u00e9s de 9 a 17h.<\/p>\n<p>Es pot assistir:<\/p>\n<p>de 9h a 17h (dinar i berenar)<\/p>\n<p>de 9h a 12h<\/p>\n<p>de 9h a 13h (dinar)<\/p>\n<p>de 15h a 17h (berenar)<\/p>\n<p>La porta de la llar d&#8217;infants estar\u00e0 oberta de 9 a 9:30, de 11:45 a 12, de 12:45 a 13 i de 16:30 a 17h.<\/p>\n<p>&nbsp;<\/p>\n<p>Quan els infants comencen\u00a0 a la llar d&#8217;infants,\u00a0 s\u2019organitza el per\u00edode de familiaritzaci\u00f3 que suposa una certa modificaci\u00f3 dels horaris els primers dies i que es fa saber a les fam\u00edlies en les reunions pr\u00e8vies corresponents.<\/p>\n","protected":false},"excerpt":{"rendered":"<p>CALENDARI CURS 2025-26<\/p>\n<p><a href=\"https:\/\/agora.xtec.cat\/llarelrossinyol\/wp-content\/uploads\/usu2504\/2023\/09\/Cute-Minimalist-Brown-White-2023-Calendar.pdf\">\u00a0 \u00a0\u00a0<\/a><br \/>\n<a href=\"https:\/\/agora.xtec.cat\/llarelrossinyol\/wp-content\/uploads\/usu2504\/2025\/07\/CALENDARI-ESCOLAR-2025-2026jpg.jpg\"><\/a><br \/>\nEl podeu imprimir aqu\u00ed: <a href=\"https:\/\/agora.xtec.cat\/llarelrossinyol\/wp-content\/uploads\/usu2504\/2025\/07\/CALENDARI-ESCOLAR-2025-2026jpg.jpg\">2025-2026<\/a><br \/>\n&nbsp;<br \/>\nL\u2019horari del centre \u00e9s de 9 a 17h.<br \/>\nEs pot assistir:<br \/>\nde 9h a 17h (dinar i berenar)<br \/>\nde 9h a 12h<br \/>\nde 9h a 13h (dinar)<br \/>\nde 15h a 17h (berenar)<br \/>\nLa porta de la llar d&#8217;infants estar\u00e0 oberta de&hellip;  <a href=\"https:\/\/agora.xtec.cat\/llarelrossinyol\/lescola\/calendari-del-curs\/\" title=\"Read Calendari del curs\">Llegeix m\u00e9s\u00bb<\/a><\/p>\n","protected":false},"author":1,"featured_media":0,"parent":22,"menu_order":50,"comment_status":"closed","ping_status":"closed","template":"page-templates\/side-menu.php","meta":{"_bbp_topic_count":0,"_bbp_reply_count":0,"_bbp_total_topic_count":0,"_bbp_total_reply_count":0,"_bbp_voice_count":0,"_bbp_anonymous_reply_count":0,"_bbp_topic_count_hidden":0,"_bbp_reply_count_hidden":0,"_bbp_forum_subforum_count":0,"footnotes":""},"class_list":["post-32","page","type-page","status-publish","hentry"],"post_mailing_queue_ids":[],"_links":{"self":[{"href":"https:\/\/agora.xtec.cat\/llarelrossinyol\/wp-json\/wp\/v2\/pages\/32","targetHints":{"allow":["GET"]}}],"collection":[{"href":"https:\/\/agora.xtec.cat\/llarelrossinyol\/wp-json\/wp\/v2\/pages"}],"about":[{"href":"https:\/\/agora.xtec.cat\/llarelrossinyol\/wp-json\/wp\/v2\/types\/page"}],"author":[{"embeddable":true,"href":"https:\/\/agora.xtec.cat\/llarelrossinyol\/wp-json\/wp\/v2\/users\/1"}],"replies":[{"embeddable":true,"href":"https:\/\/agora.xtec.cat\/llarelrossinyol\/wp-json\/wp\/v2\/comments?post=32"}],"version-history":[{"count":6,"href":"https:\/\/agora.xtec.cat\/llarelrossinyol\/wp-json\/wp\/v2\/pages\/32\/revisions"}],"predecessor-version":[{"id":2085,"href":"https:\/\/agora.xtec.cat\/llarelrossinyol\/wp-json\/wp\/v2\/pages\/32\/revisions\/2085"}],"up":[{"embeddable":true,"href":"https:\/\/agora.xtec.cat\/llarelrossinyol\/wp-json\/wp\/v2\/pages\/22"}],"wp:attachment":[{"href":"https:\/\/agora.xtec.cat\/llarelrossinyol\/wp-json\/wp\/v2\/media?parent=32"}],"curies":[{"name":"wp","href":"https:\/\/api.w.org\/{rel}","templated":true}]}}