{"id":1400,"date":"2023-10-18T07:29:24","date_gmt":"2023-10-18T05:29:24","guid":{"rendered":"https:\/\/agora.xtec.cat\/llarelrossinyol\/?page_id=1400"},"modified":"2023-11-03T07:32:34","modified_gmt":"2023-11-03T06:32:34","slug":"salvem-el-carril-bici","status":"publish","type":"page","link":"https:\/\/agora.xtec.cat\/llarelrossinyol\/afa\/activitats\/salvem-el-carril-bici\/","title":{"rendered":"Salvem el carril bici"},"content":{"rendered":"<p><strong>Front com\u00fa de les entitats esportives i dels representants de les fam\u00edlies en l\u2019\u00e0mbit de l\u2019educaci\u00f3 per la defensa del carril bici<\/strong><\/p>\n<p><em>escrit publicat a la Segarra d&#8217;octubre del 2023 i signat per AFA Cor de Roure, AFA Vedruna, AFA El Rossinyol, AMPA Moss\u00e8n Joan Segura, Waldorf Santa Coloma, BTT Queralt, CB \u00c0guiles i UE Santa Coloma<\/em><\/p>\n<p>&nbsp;<\/p>\n<p>L\u2019enquesta impulsada per l\u2019Ajuntament de Santa Coloma sobre el carril bici ens va generar molta inquietud, especialment entre fam\u00edlies i entitats esportives, que considerem que som les m\u00e9s implicades en aquesta q\u00fcesti\u00f3 tenint en compte que el recorregut del carril bici est\u00e0 pensat per arribar fins als centres educatius i la zona esportiva del poble. Per aix\u00f2, i per saber les intencions de futur del Consistori en aquesta q\u00fcesti\u00f3 les Associacions de fam\u00edlies d\u2019Alumnes [AFA] de tots els centres educatius de Santa Coloma, Waldorf Santa Coloma i les entitats esportives BTT Queralt, CB \u00c0guiles i UE Santa Coloma vam demanar reunir-nos amb l\u2019equip de govern. Una reuni\u00f3 que va tenir lloc el 5 d\u2019octubre i a la qual van assistir-hi l\u2019alcalde i els regidors Josep Trullols, Berta Navarro i Merc\u00e8 Ballabriga.<\/p>\n<p>Des de les entitats no nom\u00e9s vam defensar la idone\u00eftat de mantenir el carril bici sin\u00f3 tamb\u00e9 <strong>la necessitat que hi ha que es millori i s\u2019ampli\u00ef<\/strong>, si b\u00e9 aix\u00f2 no \u00e9s incompatible a repensar-lo i que pateixi modificacions de tra\u00e7at. Creiem que els arguments s\u00f3n de pes: el m\u00e9s important \u00e9s que <strong>aporta seguretat als infants en el cam\u00ed diari per anar a l\u2019escola<\/strong>, per\u00f2 a m\u00e9s, tamb\u00e9 millora la condici\u00f3 f\u00edsica de la canalla i contribueix a reduir l\u2019\u00edndex d\u2019obesitat, \u00e9s un mitj\u00e0 de transport sostenible, millora l\u2019autonomia personal, millora la mobilitat urbana en la mesura pacifica el tr\u00e0nsit&#8230; entre d\u2019altres motius que avalen la comunitat cient\u00edfica, com la Societat Catalana de Pediatria, i les institucions europees. La societat va per aqu\u00ed; Santa Coloma, amb el carril bici, \u00e9s un poble pioner en aquest camp; per qu\u00e8 canviar-ho? Quina nosa fa?<\/p>\n<p>Doncs a l\u2019altre plat de la balan\u00e7a, l\u2019argument que ens va traslladar l\u2019alcalde que avala el fet de, com a m\u00ednim, posar-lo en q\u00fcesti\u00f3 \u00e9s que la gent es queixa que no pot aparcar davant de casa ni tampoc prop del nucli hist\u00f2ric de Santa Coloma. Del primer motiu, vam respondre que no \u00e9s un dret universal i que hi ha molts colomins que no poden aparcar davant de casa (gaireb\u00e9 tots els del nucli hist\u00f2ric), i sobre el segon, vam argumentar que justament Santa Coloma disposa d\u2019un aparcament gratu\u00eft i obert les 24 h sota la Pla\u00e7a Major.<\/p>\n<p>Despr\u00e9s de quatre anys de carril bici, les fam\u00edlies considerem que la seva utilitzaci\u00f3 i la seva ra\u00f3 de ser justifiquen sobradament el dret dels colomins i colomines, especialment dels m\u00e9s petits de casa, a continuar-lo fent servir com a opci\u00f3 m\u00e9s garantista en detriment del cotxe en termes de seguretat. No acceptem arguments com \u201cper un que hi passa&#8230;\u201d o que \u201c\u00e9s un atac a la conviv\u00e8ncia\u201d, com es va dir a la reuni\u00f3 amb els representants de l\u2019Ajuntament. Nom\u00e9s <strong>cal sortir al carrer un dia de cada dia a l\u2019hora d\u2019anar o de tornar de l\u2019escola, o anar als centres educatius per veure quantes bicis i quants patinets hi ha aparcats<\/strong> perqu\u00e8 aquests arguments caiguin pel seu propi pes.<\/p>\n<p>En el marc de la reuni\u00f3, les entitats <strong>vam agafar el comprom\u00eds de fer aportacions per millorar la mobilitat de Santa Coloma<\/strong>, unes propostes que l\u2019equip de Govern ens va dir que s\u2019estudiarien per incloure en un futur pla de mobilitat que redactarien els serveis t\u00e8cnics del propi l\u2019Ajuntament. Per part nostra tamb\u00e9 vam demanar que com a part interessada i implicada que som, l\u2019Ajuntament ens mantingui al corrent dels diferents passos que faci respecte del carril bici. Els vam exposar, tamb\u00e9, que <strong>un 7 % de participaci\u00f3 en una consulta mal plantejada i amb una pregunta ambigua no ofereix resultats representatius ni molt menys els valida<\/strong>. Aplaudim la iniciativa de la consulta, com un exercici a favor de la participaci\u00f3 ciutadana, per\u00f2 considerem que, m\u00e9s enll\u00e0 del compliment del programa electoral, l\u2019Ajuntament ha fer un pas m\u00e9s en l\u2019exercici de la democr\u00e0cia i comptar amb les entitats que representem abans de prendre la decisi\u00f3 d\u2019eliminar el carril bici.<\/p>\n<p>Ara, ens posarem a treballar per presentar propostes de millora per la mobilitat al nostre poble, especialment centrades en el carril bici, per fer-lo m\u00e9s segur en el seu tra\u00e7at i per plantejar possibles nous trams, com el de la zona esportiva o la Llar d\u2019infants. \u00a0Qualsevol entitat que vulgui participar en aquest proc\u00e9s i en la defensa de la necessitat d\u2019aquest cam\u00ed segur i saludable per anar a l\u2019escola, nom\u00e9s cal que es posi en contacte amb algun dels membres de les entitats que signem aquest escrit.<\/p>\n<p>La canalla \u2014siguin nostres o del ve\u00ed\u2014 s\u00f3n ciutadans de primera, s\u00f3n el futur del poble i els hem de cuidar. Vivim en un poble, no l\u2019omplim de cotxes! Aprofitem-ho i fem-lo un espai segur.<\/p>\n<p>&nbsp;<\/p>\n<p><a href=\"https:\/\/agora.xtec.cat\/llarelrossinyol\/wp-content\/uploads\/usu2504\/2023\/11\/image2-scaled.jpg\"><img loading=\"lazy\" decoding=\"async\" class=\"aligncenter wp-image-1401\" src=\"https:\/\/agora.xtec.cat\/llarelrossinyol\/wp-content\/uploads\/usu2504\/2023\/11\/image2-768x1024.jpg\" alt=\"\" width=\"675\" height=\"900\" srcset=\"https:\/\/agora.xtec.cat\/llarelrossinyol\/wp-content\/uploads\/usu2504\/2023\/11\/image2-768x1024.jpg 768w, https:\/\/agora.xtec.cat\/llarelrossinyol\/wp-content\/uploads\/usu2504\/2023\/11\/image2-225x300.jpg 225w, https:\/\/agora.xtec.cat\/llarelrossinyol\/wp-content\/uploads\/usu2504\/2023\/11\/image2-1152x1536.jpg 1152w, https:\/\/agora.xtec.cat\/llarelrossinyol\/wp-content\/uploads\/usu2504\/2023\/11\/image2-1536x2048.jpg 1536w, https:\/\/agora.xtec.cat\/llarelrossinyol\/wp-content\/uploads\/usu2504\/2023\/11\/image2-scaled.jpg 1920w\" sizes=\"auto, (max-width: 675px) 100vw, 675px\" \/><\/a><\/p>\n","protected":false},"excerpt":{"rendered":"<p>Front com\u00fa de les entitats esportives i dels representants de les fam\u00edlies en l\u2019\u00e0mbit de l\u2019educaci\u00f3 per la defensa del carril bici<br \/>\nescrit publicat a la Segarra d&#8217;octubre del 2023 i signat per AFA Cor de Roure, AFA Vedruna, AFA El Rossinyol, AMPA Moss\u00e8n Joan Segura,&hellip;  <a href=\"https:\/\/agora.xtec.cat\/llarelrossinyol\/afa\/activitats\/salvem-el-carril-bici\/\" title=\"Read Salvem el carril bici\">Llegeix m\u00e9s\u00bb<\/a><\/p>\n","protected":false},"author":6,"featured_media":0,"parent":822,"menu_order":0,"comment_status":"closed","ping_status":"closed","template":"","meta":{"_bbp_topic_count":0,"_bbp_reply_count":0,"_bbp_total_topic_count":0,"_bbp_total_reply_count":0,"_bbp_voice_count":0,"_bbp_anonymous_reply_count":0,"_bbp_topic_count_hidden":0,"_bbp_reply_count_hidden":0,"_bbp_forum_subforum_count":0,"footnotes":""},"class_list":["post-1400","page","type-page","status-publish","hentry"],"post_mailing_queue_ids":[],"_links":{"self":[{"href":"https:\/\/agora.xtec.cat\/llarelrossinyol\/wp-json\/wp\/v2\/pages\/1400","targetHints":{"allow":["GET"]}}],"collection":[{"href":"https:\/\/agora.xtec.cat\/llarelrossinyol\/wp-json\/wp\/v2\/pages"}],"about":[{"href":"https:\/\/agora.xtec.cat\/llarelrossinyol\/wp-json\/wp\/v2\/types\/page"}],"author":[{"embeddable":true,"href":"https:\/\/agora.xtec.cat\/llarelrossinyol\/wp-json\/wp\/v2\/users\/6"}],"replies":[{"embeddable":true,"href":"https:\/\/agora.xtec.cat\/llarelrossinyol\/wp-json\/wp\/v2\/comments?post=1400"}],"version-history":[{"count":3,"href":"https:\/\/agora.xtec.cat\/llarelrossinyol\/wp-json\/wp\/v2\/pages\/1400\/revisions"}],"predecessor-version":[{"id":1404,"href":"https:\/\/agora.xtec.cat\/llarelrossinyol\/wp-json\/wp\/v2\/pages\/1400\/revisions\/1404"}],"up":[{"embeddable":true,"href":"https:\/\/agora.xtec.cat\/llarelrossinyol\/wp-json\/wp\/v2\/pages\/822"}],"wp:attachment":[{"href":"https:\/\/agora.xtec.cat\/llarelrossinyol\/wp-json\/wp\/v2\/media?parent=1400"}],"curies":[{"name":"wp","href":"https:\/\/api.w.org\/{rel}","templated":true}]}}