{"id":568,"date":"2020-11-26T18:42:09","date_gmt":"2020-11-26T17:42:09","guid":{"rendered":"https:\/\/agora.xtec.cat\/llarelgavot\/?page_id=568"},"modified":"2023-03-24T15:37:53","modified_gmt":"2023-03-24T14:37:53","slug":"eduquem","status":"publish","type":"page","link":"https:\/\/agora.xtec.cat\/llarelgavot\/eduquem\/","title":{"rendered":"Eduquem"},"content":{"rendered":"<p style=\"text-align: center;\"><iframe loading=\"lazy\" title=\"PORTES OBERTES llar d&#039;infants EL GAVOT\" width=\"500\" height=\"281\" src=\"https:\/\/www.youtube.com\/embed\/U0xXz8GLDpY?feature=oembed\" frameborder=\"0\" allow=\"accelerometer; autoplay; clipboard-write; encrypted-media; gyroscope; picture-in-picture; web-share\" referrerpolicy=\"strict-origin-when-cross-origin\" allowfullscreen><\/iframe><\/p>\n<p style=\"text-align: center;\"><a href=\"https:\/\/agora.xtec.cat\/llarelgavot\/wp-content\/uploads\/usu168\/2021\/03\/L\u00ednies-de-treball-al-Gavot.pdf\">L\u00ednies de treball al Gavot<\/a><\/p>\n<h4>El principal objectiu de l\u2019educaci\u00f3 infantil \u00e9s facilitar que cada infant es pugui desenvolupar d\u2019acord amb les seves caracter\u00edstiques personals, tot promovent les seves habilitats de relaci\u00f3, exploraci\u00f3 i joc, \u00e9s a dir, que pugui desenvolupar les seves capacitats.<\/h4>\n<h4><strong>\u00a0<\/strong>L\u2019equip de professionals del Gavot ens plantegem l\u2019educaci\u00f3 d\u2019una manera global. Entenem els infants com un tot i potenciem els diversos aspectes que intervenen en el seu desenvolupament cognitiu, afectiu-social, psicomotriu, i comunicatiu. Esdevenim guia i acompanyant del proc\u00e9s d\u2019aprenentatge, oferint un entorn que afavoreixi la concentraci\u00f3, la descoberta, la interacci\u00f3 i la creativitat.<\/h4>\n<h4>Els espais i els materials que posem al seu abast responen a la diversitat d\u2019interessos i necessitats. Els infants aprenen a partir de totes les situacions que viuen. En les activitats quotidianes posen en pr\u00e0ctica totes les seves habilitats incipients i extreuen les informacions tant de les situacions espont\u00e0nies, com d\u2019altres de m\u00e9s planificades.<\/h4>\n<h4>Apropem l\u2019infant a l\u2019entorn social, cultural i natural. Quan \u00e9s possible fem petites sortides, passejades i tamb\u00e9 fem de les festes un espai de trobada i celebraci\u00f3 amb les fam\u00edlies.<\/h4>\n<h4>Destaquem de manera especial la import\u00e0ncia del desenvolupament emocional que, juntament amb el cognitiu, s\u00f3n essencials en la formaci\u00f3 de la personalitat.<\/h4>\n<h4>Posem especial \u00e8mfasi en la coeducaci\u00f3, intentant eliminar els estereotips sexistes de les activitats, les relacions socials i\u00a0 el llenguatge.<\/h4>\n<h4>Les educadores sabem de la import\u00e0ncia del treball en equip. Per aix\u00f2 estem obertes a les innovacions del m\u00f3n educatiu i sovint participem en cursos, seminaris, jornades d\u2019intercanvi d\u2019experi\u00e8ncies, i portem a terme processos d\u2019innovaci\u00f3 permanent al propi centre.<\/h4>\n<h4>Vetllem perqu\u00e8 la relaci\u00f3 entre les fam\u00edlies i l\u2019escola\u00a0 es basi\u00a0 en la cordialitat, el respecte i la confian\u00e7a m\u00fatua.<\/h4>\n<h4>Comen\u00e7ar a venir a la Llar\u00a0 suposa uns canvis molt importants de relacions per als infants, aix\u00ed com tamb\u00e9 ho \u00e9s per a\u00a0 la seva fam\u00edlia i per a les educadores que estaran amb ells.<\/h4>\n<h4>Tots plegats necessitarem adaptar-nos a la nova situaci\u00f3 i, per aix\u00f2, els primers dies de curs tenim programat un horari especial amb la incorporaci\u00f3 gradual dels infants, de manera que no coincideixin massa nens i nenes nous a l\u2019hora, ni s\u2019allargui m\u00e9s del compte aquest proc\u00e9s.<\/h4>\n","protected":false},"excerpt":{"rendered":"<p><a href=\"https:\/\/agora.xtec.cat\/llarelgavot\/wp-content\/uploads\/usu168\/2021\/03\/L\u00ednies-de-treball-al-Gavot.pdf\">L\u00ednies de treball al Gavot<\/a><br \/>\nEl principal objectiu de l\u2019educaci\u00f3 infantil \u00e9s facilitar que cada infant es pugui desenvolupar d\u2019acord amb les seves caracter\u00edstiques personals, tot promovent les seves habilitats de relaci\u00f3, exploraci\u00f3 i joc, \u00e9s a dir, que pugui desenvolupar les seves capacitats.<br \/>\n\u00a0L\u2019equip de&hellip;  <a href=\"https:\/\/agora.xtec.cat\/llarelgavot\/eduquem\/\" title=\"Read Eduquem\">Llegeix m\u00e9s\u00bb<\/a><\/p>\n","protected":false},"author":1,"featured_media":0,"parent":0,"menu_order":0,"comment_status":"closed","ping_status":"closed","template":"page-templates\/side-menu.php","meta":{"_bbp_topic_count":0,"_bbp_reply_count":0,"_bbp_total_topic_count":0,"_bbp_total_reply_count":0,"_bbp_voice_count":0,"_bbp_anonymous_reply_count":0,"_bbp_topic_count_hidden":0,"_bbp_reply_count_hidden":0,"_bbp_forum_subforum_count":0,"footnotes":""},"class_list":["post-568","page","type-page","status-publish","hentry"],"post_mailing_queue_ids":[],"_links":{"self":[{"href":"https:\/\/agora.xtec.cat\/llarelgavot\/wp-json\/wp\/v2\/pages\/568","targetHints":{"allow":["GET"]}}],"collection":[{"href":"https:\/\/agora.xtec.cat\/llarelgavot\/wp-json\/wp\/v2\/pages"}],"about":[{"href":"https:\/\/agora.xtec.cat\/llarelgavot\/wp-json\/wp\/v2\/types\/page"}],"author":[{"embeddable":true,"href":"https:\/\/agora.xtec.cat\/llarelgavot\/wp-json\/wp\/v2\/users\/1"}],"replies":[{"embeddable":true,"href":"https:\/\/agora.xtec.cat\/llarelgavot\/wp-json\/wp\/v2\/comments?post=568"}],"version-history":[{"count":4,"href":"https:\/\/agora.xtec.cat\/llarelgavot\/wp-json\/wp\/v2\/pages\/568\/revisions"}],"predecessor-version":[{"id":1311,"href":"https:\/\/agora.xtec.cat\/llarelgavot\/wp-json\/wp\/v2\/pages\/568\/revisions\/1311"}],"wp:attachment":[{"href":"https:\/\/agora.xtec.cat\/llarelgavot\/wp-json\/wp\/v2\/media?parent=568"}],"curies":[{"name":"wp","href":"https:\/\/api.w.org\/{rel}","templated":true}]}}