{"id":26,"date":"2014-09-18T12:24:32","date_gmt":"2014-09-18T11:24:32","guid":{"rendered":"http:\/\/agora.xtec.cat\/llarelbarrufet2020\/?page_id=26"},"modified":"2021-02-03T11:44:20","modified_gmt":"2021-02-03T10:44:20","slug":"historia","status":"publish","type":"page","link":"https:\/\/agora.xtec.cat\/llarelbarrufet2020\/lescola\/historia\/","title":{"rendered":"Hist\u00f2ria"},"content":{"rendered":"<div>\n<div><span lang=\"CA\">La Llar<\/span><span lang=\"CA\">\u00a0d\u2019infants \u201c\u00a0<b>El Barrufet\u00a0<\/b>\u201d \u00e9s una escola municipal, el seu projecte educatiu es basa en els principis de l\u2019educaci\u00f3 viva i activa.<\/span><\/div>\n<\/div>\n<div>\n<div><span lang=\"CA\">La llar d\u2019infants \u201cEl barrufet\u201d t\u00e9 m\u00e9s de 25 anys de traject\u00f2ria, la \u00faltima renovaci\u00f3 i ampliaci\u00f3 de la llar va ser al gener del 2007 fruit d\u2019un gran esfor\u00e7 per part de l\u2019ajuntament, de tot l\u2019equip docent i de les fam\u00edlies, i d\u2019un treball intens, \u00a0ple d\u2019emoci\u00f3 i la il\u00b7lusi\u00f3 i el desig de participar i col\u00b7laborar, \u00a0L\u2019afany de, junts i juntes, dalt del mateix vaixell, tirar endavant un projecte no nom\u00e9s educatiu, sin\u00f3 un projecte de vida que ens acompanyar\u00e0 a tots i a totes al llarg de molts anys.<\/span><\/div>\n<\/div>\n<div>\n<div><span lang=\"CA\">Als infants, perqu\u00e8 aqu\u00ed cercaran un acompanyament respectu\u00f3s que els far\u00e0 sentir, cada dia, que cadasc\u00fa \u00e9s com \u00e9s i que est\u00e0 molt b\u00e9 com \u00e9s.<\/span><\/div>\n<\/div>\n<div>\n<div><span lang=\"CA\">A les fam\u00edlies, perqu\u00e8 trobaran en aquesta escola l\u2019acompanyament que necessitin, i sentiran que junts i juntes compartim la il\u00b7lusi\u00f3 i l\u2019esfor\u00e7 pel creixement dels seus fills i filles.<\/span><\/div>\n<\/div>\n<div>\n<div><span lang=\"CA\">A les mestres, perqu\u00e8 l\u2019entorn que estem creant ens acompanya en el nostre creixement personal i professional. L\u2019escola \u00e9s el nostre somni fet realitat; un acompanyament respectu\u00f3s amb els processos de vida dels infants que d\u00f3na sentit a la nostra tasca docent.<\/span><\/div>\n<\/div>\n<p>I tot dins d\u2019un marc de respecte i de cura. L\u2019ess\u00e8ncia del projecte, la clau i la m\u00e0gia de tot plegat.<\/p>\n","protected":false},"excerpt":{"rendered":"<p>La Llar\u00a0d\u2019infants \u201c\u00a0El Barrufet\u00a0\u201d \u00e9s una escola municipal, el seu projecte educatiu es basa en els principis de l\u2019educaci\u00f3 viva i activa.<\/p>\n<p>La llar d\u2019infants \u201cEl barrufet\u201d t\u00e9 m\u00e9s de 25 anys de traject\u00f2ria, la \u00faltima renovaci\u00f3 i ampliaci\u00f3 de la llar va ser al gener&hellip;  <a href=\"https:\/\/agora.xtec.cat\/llarelbarrufet2020\/lescola\/historia\/\" title=\"Read Hist\u00f2ria\">Llegeix m\u00e9s\u00bb<\/a><\/p>\n","protected":false},"author":1,"featured_media":0,"parent":22,"menu_order":20,"comment_status":"closed","ping_status":"closed","template":"page-templates\/side-menu.php","meta":{"_bbp_topic_count":0,"_bbp_reply_count":0,"_bbp_total_topic_count":0,"_bbp_total_reply_count":0,"_bbp_voice_count":0,"_bbp_anonymous_reply_count":0,"_bbp_topic_count_hidden":0,"_bbp_reply_count_hidden":0,"_bbp_forum_subforum_count":0,"footnotes":""},"class_list":["post-26","page","type-page","status-publish","hentry"],"post_mailing_queue_ids":[],"_links":{"self":[{"href":"https:\/\/agora.xtec.cat\/llarelbarrufet2020\/wp-json\/wp\/v2\/pages\/26","targetHints":{"allow":["GET"]}}],"collection":[{"href":"https:\/\/agora.xtec.cat\/llarelbarrufet2020\/wp-json\/wp\/v2\/pages"}],"about":[{"href":"https:\/\/agora.xtec.cat\/llarelbarrufet2020\/wp-json\/wp\/v2\/types\/page"}],"author":[{"embeddable":true,"href":"https:\/\/agora.xtec.cat\/llarelbarrufet2020\/wp-json\/wp\/v2\/users\/1"}],"replies":[{"embeddable":true,"href":"https:\/\/agora.xtec.cat\/llarelbarrufet2020\/wp-json\/wp\/v2\/comments?post=26"}],"version-history":[{"count":2,"href":"https:\/\/agora.xtec.cat\/llarelbarrufet2020\/wp-json\/wp\/v2\/pages\/26\/revisions"}],"predecessor-version":[{"id":482,"href":"https:\/\/agora.xtec.cat\/llarelbarrufet2020\/wp-json\/wp\/v2\/pages\/26\/revisions\/482"}],"up":[{"embeddable":true,"href":"https:\/\/agora.xtec.cat\/llarelbarrufet2020\/wp-json\/wp\/v2\/pages\/22"}],"wp:attachment":[{"href":"https:\/\/agora.xtec.cat\/llarelbarrufet2020\/wp-json\/wp\/v2\/media?parent=26"}],"curies":[{"name":"wp","href":"https:\/\/api.w.org\/{rel}","templated":true}]}}