{"id":880,"date":"2020-03-19T12:39:11","date_gmt":"2020-03-19T11:39:11","guid":{"rendered":"https:\/\/agora.xtec.cat\/llarcanroura\/?page_id=880"},"modified":"2020-10-14T09:48:34","modified_gmt":"2020-10-14T07:48:34","slug":"horaris","status":"publish","type":"page","link":"https:\/\/agora.xtec.cat\/llarcanroura\/lescola\/oferta-educativa\/horaris\/","title":{"rendered":"Horari del centre"},"content":{"rendered":"<p><b><a href=\"https:\/\/agora.xtec.cat\/llarcanroura\/wp-content\/uploads\/usu2037\/2020\/03\/los-mejores-despertadores-infantiles.jpeg\"><img loading=\"lazy\" decoding=\"async\" class=\"alignnone size-medium wp-image-931\" src=\"https:\/\/agora.xtec.cat\/llarcanroura\/wp-content\/uploads\/usu2037\/2020\/03\/los-mejores-despertadores-infantiles-300x168.jpeg\" alt=\"\" width=\"300\" height=\"168\" srcset=\"https:\/\/agora.xtec.cat\/llarcanroura\/wp-content\/uploads\/usu2037\/2020\/03\/los-mejores-despertadores-infantiles-300x168.jpeg 300w, https:\/\/agora.xtec.cat\/llarcanroura\/wp-content\/uploads\/usu2037\/2020\/03\/los-mejores-despertadores-infantiles-768x431.jpeg 768w, https:\/\/agora.xtec.cat\/llarcanroura\/wp-content\/uploads\/usu2037\/2020\/03\/los-mejores-despertadores-infantiles-1024x575.jpeg 1024w, https:\/\/agora.xtec.cat\/llarcanroura\/wp-content\/uploads\/usu2037\/2020\/03\/los-mejores-despertadores-infantiles.jpeg 1097w\" sizes=\"auto, (max-width: 300px) 100vw, 300px\" \/><\/a><\/b><\/p>\n<ul style=\"list-style-type: circle;\">\n<li><b>Mat\u00ed<\/b><\/li>\n<\/ul>\n<p style=\"text-align: justify;\"><span style=\"font-weight: 400;\">Entrada de 9 a 2\/4 de 10<\/span><\/p>\n<p style=\"text-align: justify;\"><span style=\"font-weight: 400;\">Les propostes comencen a 2\/4 de 10, per aix\u00f2, els nens que arribin a aquesta hora han de venir esmorzats<\/span><\/p>\n<p style=\"text-align: justify;\"><span style=\"font-weight: 400;\">Sortida de 3\/4 de <\/span><span style=\"font-weight: 400;\">12 a 12h.(pendent d&#8217;aprovaci\u00f3 al Consell Escolar), els infants que es queden a l&#8217;escola dinen a les 12h. a les seves aules.\u00a0<\/span><\/p>\n<ul style=\"list-style-type: circle; text-align: justify;\">\n<li><b>Tarda<\/b><\/li>\n<\/ul>\n<p style=\"text-align: justify;\"><span style=\"font-weight: 400;\">Entrada de 3 a 2\/4 de 4<\/span><\/p>\n<p style=\"text-align: justify;\"><span style=\"font-weight: 400;\">A les 4h. es dona el berenar<\/span><\/p>\n<p style=\"text-align: justify;\"><span style=\"font-weight: 400;\">Sortida a les <\/span><span style=\"font-weight: 400;\">5H.<\/span><\/p>\n<p style=\"text-align: justify;\"><span style=\"font-weight: 400;\"> La porta queda oberta fins a 2\/4 de 6 de la tarda.<\/span><\/p>\n<ul style=\"text-align: justify;\">\n<li><b>Perman\u00e8ncies<\/b><\/li>\n<\/ul>\n<p style=\"text-align: justify;\"><span style=\"font-weight: 400;\">Hi ha un servei de perman\u00e8ncies per aquelles fam\u00edlies que necessiten portar els seus fills a l\u2019escola, fora de l\u2019horari escolar (sempre que hi hagi demanda durant el per\u00edode de preinscripci\u00f3 i matriculaci\u00f3)<\/span><\/p>\n<p style=\"text-align: justify;\"><span style=\"font-weight: 400;\">L\u2019horari de perman\u00e8ncies \u00e9s:<\/span><\/p>\n<p style=\"text-align: justify;\"><span style=\"font-weight: 400;\">\u00a0\u00a0\u00a0\u00a0\u00a0Al mat\u00ed de 3\/4 de 8 h. a 9 h.<\/span><\/p>\n<p style=\"text-align: justify;\"><span style=\"font-weight: 400;\">\u00a0\u00a0\u00a0\u00a0\u00a0A la tarda de 2\/4 de 6 h. a 2\/4 de 7 h.\u00a0 (en cas que hi hagi demanda en el per\u00edode de preinscripci\u00f3)\u00a0<\/span><\/p>\n<p><span style=\"font-weight: 400;\">\u00a0L\u2019horari marc a totes les aules \u00e9s el\u00a0 seg\u00fcent:<\/span><\/p>\n<table>\n<tbody>\n<tr>\n<td><span style=\"font-weight: 400;\"> 3\/4 de\u00a0 8 a\u00a0 \u00a09<\/span><\/td>\n<td><span style=\"font-weight: 400;\">Perman\u00e8ncies mat\u00ed<\/span><\/td>\n<\/tr>\n<tr>\n<td><span style=\"font-weight: 400;\">\u00a09 a 2\/4 de 10<\/span><\/td>\n<td><span style=\"font-weight: 400;\">Entrada \u2013 Esmorzar \u2013 Joc lliure<\/span><\/td>\n<\/tr>\n<tr>\n<td><span style=\"font-weight: 400;\"> 2\/4 de 10 a 2\/4 d\u2019\u00a0 11<\/span><\/td>\n<td><span style=\"font-weight: 400;\">Activitat programada<\/span><\/td>\n<\/tr>\n<tr>\n<td><span style=\"font-weight: 400;\"> 2\/4 d\u2019\u00a0 11 a 2\/4 de 12<\/span><\/td>\n<td><span style=\"font-weight: 400;\">Pati<\/span><\/td>\n<\/tr>\n<tr>\n<td><span style=\"font-weight: 400;\"> 1\/4 de 12 a 3\/4 de 12<\/span><\/td>\n<td><span style=\"font-weight: 400;\">H\u00e0bits d\u2019higiene personal \u2013 Contes i can\u00e7ons<\/span><\/td>\n<\/tr>\n<tr>\n<td><span style=\"font-weight: 400;\">3\/4 de 12 a 1<\/span><\/td>\n<td><span style=\"font-weight: 400;\">Sortida<\/span><\/td>\n<\/tr>\n<tr>\n<td><span style=\"font-weight: 400;\">12 a 3\/4 d\u20191<\/span><\/td>\n<td><span style=\"font-weight: 400;\">Dinar<\/span><\/td>\n<\/tr>\n<tr>\n<td><span style=\"font-weight: 400;\">1 a 2\/4 de \u00a0 3<\/span><\/td>\n<td><span style=\"font-weight: 400;\">Migdiada (respectarem el temps que dormi cada infant)<\/span><\/td>\n<\/tr>\n<tr>\n<td><span style=\"font-weight: 400;\">2\/4 de \u00a0 3 a\u00a0 \u00a0 3<\/span><\/td>\n<td><span style=\"font-weight: 400;\">H\u00e0bits d\u2019higiene personal<\/span><\/td>\n<\/tr>\n<tr>\n<td><span style=\"font-weight: 400;\">3 a 2\/4 de \u00a0 4<\/span><\/td>\n<td><span style=\"font-weight: 400;\">Entrada \u2013 Pati \u2013 Joc lliure<\/span><\/td>\n<\/tr>\n<tr>\n<td><span style=\"font-weight: 400;\">3\/4 de 4 a 4<\/span><\/td>\n<td><span style=\"font-weight: 400;\">H\u00e0bits d\u2019higiene personal<\/span><\/td>\n<\/tr>\n<tr>\n<td><span style=\"font-weight: 400;\">4 a 2\/4 de \u00a0 5<\/span><\/td>\n<td><span style=\"font-weight: 400;\">Berenar<\/span><\/td>\n<\/tr>\n<tr>\n<td><span style=\"font-weight: 400;\">2\/4 de \u00a0 5 a 3\/4 5<\/span><\/td>\n<td><span style=\"font-weight: 400;\">H\u00e0bits d\u2019higiene personal \u2013 Contes i can\u00e7ons<\/span><\/td>\n<\/tr>\n<tr>\n<td><span style=\"font-weight: 400;\">3\/4 de 5 a 2\/4 de \u00a0 6<\/span><\/td>\n<td><span style=\"font-weight: 400;\">Sortida<\/span><\/td>\n<\/tr>\n<tr>\n<td><span style=\"font-weight: 400;\">2\/4 de \u00a0 6 a 2\/4 de \u00a0 7<\/span><\/td>\n<td><span style=\"font-weight: 400;\">Perman\u00e8ncies tarda<\/span><\/td>\n<\/tr>\n<\/tbody>\n<\/table>\n<p>&nbsp;<\/p>\n<p>&nbsp;<\/p>\n","protected":false},"excerpt":{"rendered":"<p><a href=\"https:\/\/agora.xtec.cat\/llarcanroura\/wp-content\/uploads\/usu2037\/2020\/03\/los-mejores-despertadores-infantiles.jpeg\"><\/a><\/p>\n<ul style=\"list-style-type: circle;\">\n<li>Mat\u00ed<\/li>\n<\/ul>\n<p>Entrada de 9 a 2\/4 de 10<br \/>\nLes propostes comencen a 2\/4 de 10, per aix\u00f2, els nens que arribin a aquesta hora han de venir esmorzats<br \/>\nSortida de 3\/4 de 12 a 12h.(pendent d&#8217;aprovaci\u00f3 al Consell Escolar), els infants que es queden a&hellip;  <a href=\"https:\/\/agora.xtec.cat\/llarcanroura\/lescola\/oferta-educativa\/horaris\/\" title=\"Read Horari del centre\">Llegeix m\u00e9s\u00bb<\/a><\/p>\n","protected":false},"author":4,"featured_media":0,"parent":34,"menu_order":0,"comment_status":"closed","ping_status":"closed","template":"","meta":{"_bbp_topic_count":0,"_bbp_reply_count":0,"_bbp_total_topic_count":0,"_bbp_total_reply_count":0,"_bbp_voice_count":0,"_bbp_anonymous_reply_count":0,"_bbp_topic_count_hidden":0,"_bbp_reply_count_hidden":0,"_bbp_forum_subforum_count":0,"footnotes":""},"class_list":["post-880","page","type-page","status-publish","hentry"],"post_mailing_queue_ids":[],"_links":{"self":[{"href":"https:\/\/agora.xtec.cat\/llarcanroura\/wp-json\/wp\/v2\/pages\/880","targetHints":{"allow":["GET"]}}],"collection":[{"href":"https:\/\/agora.xtec.cat\/llarcanroura\/wp-json\/wp\/v2\/pages"}],"about":[{"href":"https:\/\/agora.xtec.cat\/llarcanroura\/wp-json\/wp\/v2\/types\/page"}],"author":[{"embeddable":true,"href":"https:\/\/agora.xtec.cat\/llarcanroura\/wp-json\/wp\/v2\/users\/4"}],"replies":[{"embeddable":true,"href":"https:\/\/agora.xtec.cat\/llarcanroura\/wp-json\/wp\/v2\/comments?post=880"}],"version-history":[{"count":4,"href":"https:\/\/agora.xtec.cat\/llarcanroura\/wp-json\/wp\/v2\/pages\/880\/revisions"}],"predecessor-version":[{"id":1842,"href":"https:\/\/agora.xtec.cat\/llarcanroura\/wp-json\/wp\/v2\/pages\/880\/revisions\/1842"}],"up":[{"embeddable":true,"href":"https:\/\/agora.xtec.cat\/llarcanroura\/wp-json\/wp\/v2\/pages\/34"}],"wp:attachment":[{"href":"https:\/\/agora.xtec.cat\/llarcanroura\/wp-json\/wp\/v2\/media?parent=880"}],"curies":[{"name":"wp","href":"https:\/\/api.w.org\/{rel}","templated":true}]}}