{"id":34,"date":"2014-09-18T12:32:18","date_gmt":"2014-09-18T11:32:18","guid":{"rendered":"http:\/\/agora.xtec.cat\/llarcanroura\/?page_id=34"},"modified":"2020-05-12T08:06:52","modified_gmt":"2020-05-12T06:06:52","slug":"oferta-educativa","status":"publish","type":"page","link":"https:\/\/agora.xtec.cat\/llarcanroura\/lescola\/oferta-educativa\/","title":{"rendered":"Funcionament i organitzaci\u00f3"},"content":{"rendered":"<p>&nbsp;<\/p>\n<h4 style=\"text-align: center;\">&#8221; Fer \u00e9s la manera d&#8217;aprendre&#8221; Loris Malaguzzi.<\/h4>\n<p>&nbsp;<\/p>\n<p style=\"text-align: justify;\"><span style=\"font-weight: 400;\">A l&#8217;Escola Bressol entenem la metodologia de forma global ja que els aprenentatges parteixen del m\u00f3n m\u00e9s proper a l\u2019infant i als seus ulls \u00e9s concebut com un tot, ens basem en l\u2019observaci\u00f3, la manipulaci\u00f3, l\u2019experimentaci\u00f3, l\u2019associaci\u00f3 i l\u2019expressi\u00f3, amb una\u00a0 metodologia activa i motivadora on l\u2019infant \u00e9s el protagonista.<\/span><\/p>\n<p style=\"text-align: justify;\"><span style=\"font-weight: 400;\">&#8211;\u00a0 Pensem que educar els infants vol dir <\/span><b>potenciar-ne el desenvolupament<\/b><span style=\"font-weight: 400;\"> des dels primers moments de\u00a0 la vida i en tots els \u00e0mbits de la persona: f\u00edsic, emocional, cognitiu, relacional i comunicatiu.<\/span><\/p>\n<p style=\"text-align: justify;\"><span style=\"font-weight: 400;\">&#8211; La nostra pr\u00e0ctica educativa, tracta de desenvolupar les capacitats dels infants, mitjan\u00e7ant una proposta d\u2019activitats basades en l\u2019estimulaci\u00f3, observaci\u00f3, manipulaci\u00f3, experimentaci\u00f3, tot a trav\u00e9s del <\/span><b>joc<\/b><span style=\"font-weight: 400;\">, mitjan\u00e7ant una proposta d\u2019activitats, m\u00e9s o menys lliures, per\u00f2 sempre molt ben estructurades per les educadores.<\/span><\/p>\n<p style=\"text-align: justify;\"><span style=\"font-weight: 400;\">&#8211; Som actius en el comprom\u00eds de fomentar en l&#8217;infant una actitud curiosa, cr\u00edtica i investigadora que, mitjan\u00e7ant la comunicaci\u00f3 i sobretot donant molta import\u00e0ncia a l&#8217;estona del <\/span><b>joc d&#8217;experimentaci\u00f3 i manipulaci\u00f3<\/b><span style=\"font-weight: 400;\">, esdevingui la base de la formaci\u00f3 i de l&#8217;adquisici\u00f3 dels aprenentatges.<\/span><\/p>\n<p style=\"text-align: justify;\"><span style=\"font-weight: 400;\">&#8211; L&#8217;educaci\u00f3 de l&#8217;escola es basa en el treball individual de cada infant, tenint en compte les seves caracter\u00edstiques. D&#8217;aquesta manera, el que pretenem \u00e9s adaptar-nos a l&#8217;alumne\/a; per tant, <\/span><b>treballem atenent l&#8217;alumnat en la diversitat.<\/b><\/p>\n<p style=\"text-align: justify;\"><span style=\"font-weight: 400;\">&#8211; Vetllem per oferir <\/span><b>un clima de seguretat i confian\u00e7a<\/b><span style=\"font-weight: 400;\">, on els infants tinguin la possibilitat de desenvolupar les seves capacitats cognitives, la seva personalitat de fer un bon aprenentatge dels h\u00e0bits d&#8217;autonomia personal i de relaci\u00f3 social.<\/span><\/p>\n<p style=\"text-align: justify;\"><span style=\"font-weight: 400;\">&#8211; Promovem l&#8217;<\/span><b>esperit de recerca<\/b><span style=\"font-weight: 400;\">, el qual ajuda a definir, cada cop millor, la nostra l\u00ednia pedag\u00f2gica. Promovem la revisi\u00f3 constant de programes i actuacions, fet que estimula la formaci\u00f3 i que significa un impuls continuat de treball.\u00a0\u00a0<\/span><\/p>\n<p style=\"text-align: justify;\"><span style=\"font-weight: 400;\">&#8211;\u00a0 <\/span><b>Fomentem l&#8217;autonomia de l&#8217;infant<\/b><\/p>\n<p style=\"text-align: justify;\"><span style=\"font-weight: 400;\">&#8211; Creiem que per a una bona educaci\u00f3 dels petits, a la Llar, \u00e9s imprescindible una<\/span><b> bona entesa amb les fam\u00edlies<\/b><span style=\"font-weight: 400;\">, perqu\u00e8 els pares i les mares tenen un paper clau en l&#8217;educaci\u00f3 dels fills.<\/span><\/p>\n<p style=\"text-align: justify;\"><span style=\"font-weight: 400;\">&#8211; L\u2019educador\/a pren una funci\u00f3 d\u2019organitzaci\u00f3 de l\u2019ambient, la seva intervenci\u00f3 va adre\u00e7ada a facilitar que l\u2019infant pugui desenvolupar les seves capacitats. Ha d\u2019afavorir l\u2019activitat de l\u2019infant<\/span> <span style=\"font-weight: 400;\">mitjan\u00e7ant l\u2019observaci\u00f3 directa, la manipulaci\u00f3 i experimentaci\u00f3 de \u00a0 diferents materials.<\/span><\/p>\n<p style=\"text-align: justify;\"><span style=\"font-weight: 400;\">&#8211; <\/span><b>CONSTRUCTIVISME<\/b><span style=\"font-weight: 400;\">: una intervenci\u00f3 educativa basada en l\u2019infant com un individu diferenciat i totalment actiu en el seu proc\u00e9s ensenyament &#8211; aprenentatge, la concepci\u00f3 constructivista que respon a la idea d\u2019aprenentatge significatiu, la utilitzaci\u00f3 del joc com a principal metodologia de treball i la relaci\u00f3 amb les fam\u00edlies.<\/span><\/p>\n<p>A l&#8217;escola pensem totes les propostes d&#8217;aprenentatge a partir de l&#8217;observaci\u00f3 directe dels infant i partint dels seus interessos. Per aquest motiu compartim aspectes amb la metodolog\u00eda de Reggio Emilia (nom d&#8217;un poble itali\u00e0 on es va originar), desenvolupada pel pedagog Loris Malaguzzi.<\/p>\n<p style=\"text-align: justify;\">Cada dia crearem propostes que despertin l&#8217;inter\u00e9s i la curiositat dels infants. Propostes que donin peu a la reflexi\u00f3, la investigaci\u00f3 i l&#8217;assaig-error.<\/p>\n<p style=\"text-align: justify;\">Confeccionem material amb elements reciclats, demanant sovint col\u00b7laboraci\u00f3 a les fam\u00edlies.<\/p>\n<p style=\"text-align: justify;\"><span style=\"font-weight: 400;\">Des de la perspectiva dels nens, la fam\u00edlia \u00e9s una refer\u00e8ncia en l&#8217;orientaci\u00f3: la fam\u00edlia serveix per situar socialment als infants i t\u00e9 un paper important en la seva enculturaci\u00f3 i la seva socialitzaci\u00f3. La fam\u00edlia proporciona al nen tota l&#8217;afectivitat que necessita per desenvolupar-se en un \u00e0mbit ple d&#8217;amor.<\/span><\/p>\n<p style=\"text-align: justify;\"><span style=\"font-weight: 400;\">Volem despertar en els nens i les nenes una actitud curiosa i imaginativa que faciliti el proc\u00e9s cap a l&#8217;autonomia i la socialitzaci\u00f3. Ajudar-los a caure per tornar a aixecar-se, a riure per\u00f2 tamb\u00e9 a plorar. En definitiva, ajudar-los a fer-se grans i a gaudir d&#8217;aquest cam\u00ed: La vida.\u00a0<\/span><\/p>\n<p><a href=\"https:\/\/agora.xtec.cat\/llarcanroura\/wp-content\/uploads\/usu2037\/2020\/04\/WhatsApp-Image-2020-03-31-at-09.49.26.jpeg\"><img loading=\"lazy\" decoding=\"async\" class=\"size-thumbnail wp-image-1117 aligncenter\" src=\"https:\/\/agora.xtec.cat\/llarcanroura\/wp-content\/uploads\/usu2037\/2020\/04\/WhatsApp-Image-2020-03-31-at-09.49.26-150x150.jpeg\" alt=\"\" width=\"150\" height=\"150\" \/><\/a><\/p>\n<p>&nbsp;<\/p>\n<p>&nbsp;<\/p>\n","protected":false},"excerpt":{"rendered":"<p>&nbsp;<br \/>\n&#8221; Fer \u00e9s la manera d&#8217;aprendre&#8221; Loris Malaguzzi.<br \/>\n&nbsp;<br \/>\nA l&#8217;Escola Bressol entenem la metodologia de forma global ja que els aprenentatges parteixen del m\u00f3n m\u00e9s proper a l\u2019infant i als seus ulls \u00e9s concebut com un tot, ens basem en l\u2019observaci\u00f3, la manipulaci\u00f3, l\u2019experimentaci\u00f3, l\u2019associaci\u00f3 i&hellip;  <a href=\"https:\/\/agora.xtec.cat\/llarcanroura\/lescola\/oferta-educativa\/\" title=\"Read Funcionament i organitzaci\u00f3\">Llegeix m\u00e9s\u00bb<\/a><\/p>\n","protected":false},"author":1,"featured_media":0,"parent":22,"menu_order":60,"comment_status":"closed","ping_status":"closed","template":"page-templates\/side-menu.php","meta":{"_bbp_topic_count":0,"_bbp_reply_count":0,"_bbp_total_topic_count":0,"_bbp_total_reply_count":0,"_bbp_voice_count":0,"_bbp_anonymous_reply_count":0,"_bbp_topic_count_hidden":0,"_bbp_reply_count_hidden":0,"_bbp_forum_subforum_count":0,"footnotes":""},"class_list":["post-34","page","type-page","status-publish","hentry"],"post_mailing_queue_ids":[],"_links":{"self":[{"href":"https:\/\/agora.xtec.cat\/llarcanroura\/wp-json\/wp\/v2\/pages\/34","targetHints":{"allow":["GET"]}}],"collection":[{"href":"https:\/\/agora.xtec.cat\/llarcanroura\/wp-json\/wp\/v2\/pages"}],"about":[{"href":"https:\/\/agora.xtec.cat\/llarcanroura\/wp-json\/wp\/v2\/types\/page"}],"author":[{"embeddable":true,"href":"https:\/\/agora.xtec.cat\/llarcanroura\/wp-json\/wp\/v2\/users\/1"}],"replies":[{"embeddable":true,"href":"https:\/\/agora.xtec.cat\/llarcanroura\/wp-json\/wp\/v2\/comments?post=34"}],"version-history":[{"count":4,"href":"https:\/\/agora.xtec.cat\/llarcanroura\/wp-json\/wp\/v2\/pages\/34\/revisions"}],"predecessor-version":[{"id":1752,"href":"https:\/\/agora.xtec.cat\/llarcanroura\/wp-json\/wp\/v2\/pages\/34\/revisions\/1752"}],"up":[{"embeddable":true,"href":"https:\/\/agora.xtec.cat\/llarcanroura\/wp-json\/wp\/v2\/pages\/22"}],"wp:attachment":[{"href":"https:\/\/agora.xtec.cat\/llarcanroura\/wp-json\/wp\/v2\/media?parent=34"}],"curies":[{"name":"wp","href":"https:\/\/api.w.org\/{rel}","templated":true}]}}