{"id":1709,"date":"2020-05-10T10:23:56","date_gmt":"2020-05-10T08:23:56","guid":{"rendered":"https:\/\/agora.xtec.cat\/llarcanroura\/?page_id=1709"},"modified":"2020-05-10T10:23:56","modified_gmt":"2020-05-10T08:23:56","slug":"preinscripcions-a-lescola-bressol-can-roura","status":"publish","type":"page","link":"https:\/\/agora.xtec.cat\/llarcanroura\/preinscripcions-a-lescola-bressol-can-roura\/","title":{"rendered":"PREINSCRIPCIONS A L&#8217;ESCOLA BRESSOL CAN ROURA"},"content":{"rendered":"<p style=\"text-align: justify;\">\n<p style=\"text-align: justify;\"><strong><a href=\"https:\/\/agora.xtec.cat\/llarcanroura\/wp-content\/uploads\/usu2037\/2020\/05\/IMG-20200508-WA0045.jpg\"><img loading=\"lazy\" decoding=\"async\" class=\"wp-image-1694 alignleft\" src=\"https:\/\/agora.xtec.cat\/llarcanroura\/wp-content\/uploads\/usu2037\/2020\/05\/IMG-20200508-WA0045-150x150.jpg\" alt=\"\" width=\"293\" height=\"293\" srcset=\"https:\/\/agora.xtec.cat\/llarcanroura\/wp-content\/uploads\/usu2037\/2020\/05\/IMG-20200508-WA0045-150x150.jpg 150w, https:\/\/agora.xtec.cat\/llarcanroura\/wp-content\/uploads\/usu2037\/2020\/05\/IMG-20200508-WA0045-300x300.jpg 300w, https:\/\/agora.xtec.cat\/llarcanroura\/wp-content\/uploads\/usu2037\/2020\/05\/IMG-20200508-WA0045.jpg 640w\" sizes=\"auto, (max-width: 293px) 100vw, 293px\" \/><\/a>JA TENIM DATES DE PREINSCRIPCI\u00d3!!!<\/strong><\/p>\n<p style=\"text-align: justify;\">DEL 13 AL 22 DE MAIG!!!<\/p>\n<p style=\"text-align: justify;\"><strong>COM FAREM LA PREINSCRIPCI\u00d3?<\/strong><\/p>\n<p style=\"text-align: justify;\">Per reduir el nombre de sol\u00b7licituds presentades f\u00edsicament al centre, s\u2019admet la presentaci\u00f3 de la sol\u00b7licitud de preinscripci\u00f3 i la documentaci\u00f3 acreditativa mitjan\u00e7ant un correu electr\u00f2nic a la b\u00fastia electr\u00f2nica <strong>escolainfantil@vilassardedalt.cat<\/strong>, adjuntant-hi el model de sol\u00b7licitud disponible al web del Departament\u00a0 i al web de l\u2019escola, <a href=\"https:\/\/agora.xtec.cat\/llarcanroura\/\">https:\/\/agora.xtec.cat\/llarcanroura <\/a>degudament emplenat (en format PDF o per fotografia de la sol\u00b7licitud) i de la documentaci\u00f3 oportuna, escanejada o fotografiada. Des de l\u2019escola bressol us retornarem escanejada, segellada i amb el nombre d\u2019ordre la sol\u00b7licitud per confirmar la seva formalitzaci\u00f3.<\/p>\n<p style=\"text-align: justify;\">De manera excepcional, per als casos en qu\u00e8 els sol\u00b7licitants no puguin fer la presentaci\u00f3 telem\u00e0tica, podreu fer-ho presencialment del 19 al 22 de maig, mitjan\u00e7ant cita pr\u00e8via, trucant als tel\u00e8fons de l\u2019escola, <strong>93 753 15 04 o al 661 39 12 37 en horari de 9h. a 13h. i de 15h. a 17h., <\/strong>a partir de l\u2019inici de les preinscripcions<\/p>\n<p style=\"text-align: justify;\"><strong>Instruccions per a l\u2019atenci\u00f3 presencial<\/strong>:<\/p>\n<ul style=\"text-align: justify;\">\n<li style=\"text-align: justify;\">Al centre ha de venir el menor nombre possible de persones a fer les gestions (preferiblement, una sola persona);<\/li>\n<li style=\"text-align: justify;\">Heu de portar la documentaci\u00f3 fotocopiada i, si pot ser, la sol\u00b7licitud emplenada des de casa. En el cas que s\u2019hagi d\u2019emplenar al centre, cal portar el propi bol\u00edgraf;<\/li>\n<li style=\"text-align: justify;\">Cal portar mascareta i guants;<\/li>\n<li style=\"text-align: justify;\">No heu d\u2019acudir al centre les persones de grups d&#8217;especial vulnerabilitat o en per\u00edode de confinament, o que si presenteu s\u00edmptomes; en aquest cas, podeu autoritzar per escrit a una altra persona a portar la sol\u00b7licitud i la documentaci\u00f3.<\/li>\n<\/ul>\n<p style=\"text-align: justify;\"><strong>DOCUMENTACI\u00d3 QUE CAL APORTAR<\/strong><\/p>\n<p style=\"text-align: justify;\">El formulari de sol\u00b7licitud s&#8217;ha de presentar, en tots els casos, acompanyat de la documentaci\u00f3 seg\u00fcent:<\/p>\n<ul style=\"text-align: justify;\">\n<li style=\"text-align: justify;\">C\u00f2pia del\u00a0llibre de fam\u00edlia o altres documents relatius a la filiaci\u00f3. Si l&#8217;alumne o alumna est\u00e0 en situaci\u00f3 d&#8217;acolliment, la resoluci\u00f3 d&#8217;acolliment del Departament de Treball, Afers Socials i Fam\u00edlies.<\/li>\n<li style=\"text-align: justify;\">C\u00f2pia del DNI de la persona sol\u00b7licitant (pare, mare, tutor o tutora o guardador o guardadora de fet) o, si la persona sol\u00b7licitant \u00e9s estrangera, de la targeta de resid\u00e8ncia on consta el NIE o del passaport. Si es tracta d&#8217;estrangers comunitaris, document d&#8217;identitat del pa\u00eds d&#8217;origen.<\/li>\n<\/ul>\n<p style=\"text-align: justify;\"><strong>Documentaci\u00f3 acreditativa del criteri o els criteris de prioritat<\/strong><\/p>\n<p style=\"text-align: justify;\">Les persones que al\u00b7leguen el compliment d&#8217;un o m\u00e9s criteris de prioritat (generals o complementari) han de presentar la documentaci\u00f3 que a continuaci\u00f3 s&#8217;indica per a cada criteri.<\/p>\n<ol style=\"text-align: justify;\">\n<li><strong>a) <\/strong><strong>Criteris generals<\/strong><\/li>\n<\/ol>\n<p style=\"text-align: justify;\"><strong>&#8211; Germans de l&#8217;alumne o alumna escolaritzats al centre<\/strong>\u00a0(en el moment de presentar la sol\u00b7licitud de preinscripci\u00f3) o\u00a0pares o tutors legals que hi treballen (en el moment de presentar la sol\u00b7licitud de preinscripci\u00f3, amb una activitat continuada amb una jornada m\u00ednima de 10 hores setmanals, amb el corresponent nomenament d&#8217;inter\u00ed o substitut o amb un contracte laboral o administratiu).<\/p>\n<p style=\"text-align: justify;\">Barem:\u00a0<strong>40 punts<\/strong><\/p>\n<p style=\"text-align: justify;\">Documentaci\u00f3: cap, perqu\u00e8 el centre comprova directament aquestes circumst\u00e0ncies.<\/p>\n<p style=\"text-align: justify;\"><strong>&#8211; Proximitat del domicili habitual\u00a0<\/strong>de l&#8217;alumne o alumna al centre o\u00a0<strong>proximitat del lloc de treball<\/strong>\u00a0del pare, la mare, el tutor o tutora o el guardador o guardadora de fet.<\/p>\n<p style=\"text-align: justify;\">Barem<\/p>\n<ul style=\"text-align: justify;\">\n<li>Quan el domicili habitual es troba a l&#8217;\u00e0rea d&#8217;influ\u00e8ncia del centre:\u00a0<strong>30 punts<\/strong>.<\/li>\n<li>Quan\u00a0a inst\u00e0ncia del sol\u00b7licitant es pren en consideraci\u00f3 l&#8217;adre\u00e7a del lloc de treball del pare, la mare, el tutor o tutora, o el guardador o guardadora de fet, i aquest \u00e9s dins l&#8217;\u00e0rea d&#8217;influ\u00e8ncia del centre:\u00a0<strong>20 punts<\/strong>.<\/li>\n<\/ul>\n<p style=\"text-align: justify;\">Documentaci\u00f3<\/p>\n<ul style=\"text-align: justify;\">\n<li>Original i c\u00f2pia del DNI de la persona sol\u00b7licitant o de la targeta de resid\u00e8ncia on consta el NIE en el cas de persones estrangeres.<\/li>\n<li>Quan el domicili habitual que s&#8217;al\u00b7lega no coincideix amb el del DNI, amb el de la targeta de resid\u00e8ncia on consta el NIE o es tracta de persones estrangeres sense NIE, certificat o volant municipal de conviv\u00e8ncia de l&#8217;alumne o alumna, on ha de constar que conviu amb la persona sol\u00b7licitant.<\/li>\n<li>Quan, per aquest criteri es consideri el domicili del lloc de treball, c\u00f2pia del contracte laboral o d&#8217;un certificat em\u00e8s a aquest efecte per l&#8217;empresa. En el cas de treballadors en el r\u00e8gim d&#8217;aut\u00f2noms, es t\u00e9 en compte el domicili acreditat a l&#8217;Ag\u00e8ncia Tribut\u00e0ria i s&#8217;acredita amb una c\u00f2pia del formulari de la declaraci\u00f3 censal d&#8217;alta, modificaci\u00f3 i baixa en el cens d&#8217;obligats tributaris (models 036 i 037).<\/li>\n<\/ul>\n<p style=\"text-align: justify;\"><strong>&#8211; Renda anual\u00a0de la unitat familiar<\/strong>\u00a0en al cas que\u00a0el pare, la mare, el tutor o tutora, o el guardador o guardadora siguin beneficiaris de l&#8217;ajut de la renda garantida de ciutadania.<\/p>\n<p style=\"text-align: justify;\">Barem:\u00a0<strong>10 punts<\/strong><\/p>\n<p style=\"text-align: justify;\">Documentaci\u00f3: acreditaci\u00f3 de ser beneficiari o benefici\u00e0ria de la prestaci\u00f3 econ\u00f2mica de la renda garantida de ciutadania.<\/p>\n<p style=\"text-align: justify;\"><strong>&#8211; Discapacitat<\/strong>\u00a0(igual o superior al 33%) de l&#8217;alumne o alumna, el pare o mare, o el germ\u00e0 o germana.<\/p>\n<p style=\"text-align: justify;\">Barem:\u00a0<strong>10 punts<\/strong><\/p>\n<p style=\"text-align: justify;\">Documentaci\u00f3<\/p>\n<ul style=\"text-align: justify;\">\n<li>Original i c\u00f2pia del certificat o de la targeta acreditativa de la discapacitat de la persona que al\u00b7lega aquesta condici\u00f3, em\u00e8s pel Departament de Treball, Afers Socials i Fam\u00edlies.<\/li>\n<li>Tamb\u00e9 s&#8217;admeten els certificats de discapacitat emesos pels organismes competents d&#8217;altres comunitats aut\u00f2nomes.<\/li>\n<li>Es consideren afectats per una discapacitat igual o superior al 33% els pensionistes de la Seguretat Social que tenen reconeguda una pensi\u00f3 d&#8217;incapacitat permanent de grau total, absoluta o de gran invalidesa i els de les classes passives que tenen reconeguda una pensi\u00f3 de jubilaci\u00f3 o de retir per incapacitat permanent per al servei o inutilitat.<\/li>\n<\/ul>\n<ol style=\"text-align: justify;\">\n<li><strong>b) Criteri complementari<\/strong><\/li>\n<\/ol>\n<p style=\"text-align: justify;\"><strong>&#8211; L&#8217;alumne o alumna forma part d&#8217;una fam\u00edlia nombrosa o monoparental<\/strong>.<\/p>\n<p style=\"text-align: justify;\">Barem:\u00a0<strong>15 punts<\/strong><\/p>\n<p style=\"text-align: justify;\">Documentaci\u00f3: original i c\u00f2pia del t\u00edtol\u00a0de fam\u00edlia nombrosa o monoparental vigent<\/p>\n<p style=\"text-align: justify;\"><strong>PUBLICACI\u00d3 DE LES LLISTES DEL BAREM<\/strong><\/p>\n<p style=\"text-align: justify;\">Es publicaran al web de l\u2019escola<\/p>\n<p style=\"text-align: justify;\"><strong>RECLAMACIONS A LA LLISTA DE BAREM PROVISIONAL\u00a0 <\/strong><\/p>\n<p style=\"text-align: justify;\">La presentaci\u00f3 de reclamacions a les dades publicades en la llista de barem provisional es far\u00e0, mitjan\u00e7ant un correu electr\u00f2nic a la b\u00fastia electr\u00f2nica oficial de l\u2019escola bressol.<\/p>\n<p style=\"text-align: justify;\"><strong>MATR\u00cdCULA<\/strong><\/p>\n<p style=\"text-align: justify;\"><strong>DEL 17 AL 23 DE JUNY<\/strong><\/p>\n<p style=\"text-align: justify;\">L\u2019escola bressol gestionar\u00e0 el tr\u00e0mit de la matr\u00edcula a trav\u00e9s de cites pr\u00e8vies, utilitzant el tel\u00e8fon <strong>93 753 15 04 o al 661 39 12 37 en horari de 9h. a 13h. i de 15h. a 17h.<\/strong>.<\/p>\n<p style=\"text-align: justify;\">Per formalitzar la matr\u00edcula cal presentar una c\u00f2pia del\u00a0<strong>carnet de vacunacions<\/strong>\u00a0amb les dosis de vacunes rebudes i\u00a0les dates corresponents i, un n\u00famero de compte.<\/p>\n<p style=\"text-align: justify;\"><a href=\"https:\/\/agora.xtec.cat\/llarcanroura\/wp-content\/uploads\/usu2037\/2020\/05\/2webpanera-e1588688416179.jpg\"><img loading=\"lazy\" decoding=\"async\" class=\"alignnone size-thumbnail wp-image-1555\" src=\"https:\/\/agora.xtec.cat\/llarcanroura\/wp-content\/uploads\/usu2037\/2020\/05\/2webpanera-e1588688416179-150x150.jpg\" alt=\"\" width=\"150\" height=\"150\" \/><\/a> <a href=\"https:\/\/agora.xtec.cat\/llarcanroura\/wp-content\/uploads\/usu2037\/2020\/05\/IMG_20191002_114422-copia.jpg\"><img loading=\"lazy\" decoding=\"async\" class=\"alignnone size-thumbnail wp-image-1528\" src=\"https:\/\/agora.xtec.cat\/llarcanroura\/wp-content\/uploads\/usu2037\/2020\/05\/IMG_20191002_114422-copia-150x150.jpg\" alt=\"\" width=\"150\" height=\"150\" \/><\/a> <a href=\"https:\/\/agora.xtec.cat\/llarcanroura\/wp-content\/uploads\/usu2037\/2020\/04\/IMG_1724.jpeg\"><img loading=\"lazy\" decoding=\"async\" class=\"alignnone size-thumbnail wp-image-1222\" src=\"https:\/\/agora.xtec.cat\/llarcanroura\/wp-content\/uploads\/usu2037\/2020\/04\/IMG_1724-150x150.jpeg\" alt=\"\" width=\"150\" height=\"150\" \/><\/a> <a href=\"https:\/\/agora.xtec.cat\/llarcanroura\/wp-content\/uploads\/usu2037\/2020\/04\/Captura-de-pantalla-2020-04-23-a-las-18.53.59.png\"><img loading=\"lazy\" decoding=\"async\" class=\"alignnone size-thumbnail wp-image-1250\" src=\"https:\/\/agora.xtec.cat\/llarcanroura\/wp-content\/uploads\/usu2037\/2020\/04\/Captura-de-pantalla-2020-04-23-a-las-18.53.59-150x150.png\" alt=\"\" width=\"150\" height=\"150\" \/><\/a> <a href=\"https:\/\/agora.xtec.cat\/llarcanroura\/wp-content\/uploads\/usu2037\/2020\/04\/E0AE175F-5F79-4061-A1A5-1EFBB49C4BFC.jpg\"><img loading=\"lazy\" decoding=\"async\" class=\"alignnone size-thumbnail wp-image-1302\" src=\"https:\/\/agora.xtec.cat\/llarcanroura\/wp-content\/uploads\/usu2037\/2020\/04\/E0AE175F-5F79-4061-A1A5-1EFBB49C4BFC-150x150.jpg\" alt=\"\" width=\"150\" height=\"150\" \/><\/a><\/p>\n","protected":false},"excerpt":{"rendered":"<p><a href=\"https:\/\/agora.xtec.cat\/llarcanroura\/wp-content\/uploads\/usu2037\/2020\/05\/IMG-20200508-WA0045.jpg\"><\/a>JA TENIM DATES DE PREINSCRIPCI\u00d3!!!<br \/>\nDEL 13 AL 22 DE MAIG!!!<br \/>\nCOM FAREM LA PREINSCRIPCI\u00d3?<br \/>\nPer reduir el nombre de sol\u00b7licituds presentades f\u00edsicament al centre, s\u2019admet la presentaci\u00f3 de la sol\u00b7licitud de preinscripci\u00f3 i la documentaci\u00f3 acreditativa mitjan\u00e7ant un correu electr\u00f2nic a la b\u00fastia electr\u00f2nica escolainfantil@vilassardedalt.cat, adjuntant-hi&hellip;  <a href=\"https:\/\/agora.xtec.cat\/llarcanroura\/preinscripcions-a-lescola-bressol-can-roura\/\" title=\"Read PREINSCRIPCIONS A L&#8217;ESCOLA BRESSOL CAN ROURA\">Llegeix m\u00e9s\u00bb<\/a><\/p>\n","protected":false},"author":3,"featured_media":0,"parent":0,"menu_order":0,"comment_status":"closed","ping_status":"closed","template":"","meta":{"_bbp_topic_count":0,"_bbp_reply_count":0,"_bbp_total_topic_count":0,"_bbp_total_reply_count":0,"_bbp_voice_count":0,"_bbp_anonymous_reply_count":0,"_bbp_topic_count_hidden":0,"_bbp_reply_count_hidden":0,"_bbp_forum_subforum_count":0,"footnotes":""},"class_list":["post-1709","page","type-page","status-publish","hentry"],"post_mailing_queue_ids":[],"_links":{"self":[{"href":"https:\/\/agora.xtec.cat\/llarcanroura\/wp-json\/wp\/v2\/pages\/1709","targetHints":{"allow":["GET"]}}],"collection":[{"href":"https:\/\/agora.xtec.cat\/llarcanroura\/wp-json\/wp\/v2\/pages"}],"about":[{"href":"https:\/\/agora.xtec.cat\/llarcanroura\/wp-json\/wp\/v2\/types\/page"}],"author":[{"embeddable":true,"href":"https:\/\/agora.xtec.cat\/llarcanroura\/wp-json\/wp\/v2\/users\/3"}],"replies":[{"embeddable":true,"href":"https:\/\/agora.xtec.cat\/llarcanroura\/wp-json\/wp\/v2\/comments?post=1709"}],"version-history":[{"count":1,"href":"https:\/\/agora.xtec.cat\/llarcanroura\/wp-json\/wp\/v2\/pages\/1709\/revisions"}],"predecessor-version":[{"id":1710,"href":"https:\/\/agora.xtec.cat\/llarcanroura\/wp-json\/wp\/v2\/pages\/1709\/revisions\/1710"}],"wp:attachment":[{"href":"https:\/\/agora.xtec.cat\/llarcanroura\/wp-json\/wp\/v2\/media?parent=1709"}],"curies":[{"name":"wp","href":"https:\/\/api.w.org\/{rel}","templated":true}]}}