{"id":568,"date":"2018-05-03T11:15:33","date_gmt":"2018-05-03T09:15:33","guid":{"rendered":"http:\/\/agora.xtec.cat\/llar-ginesta\/?page_id=568"},"modified":"2021-07-09T09:16:41","modified_gmt":"2021-07-09T07:16:41","slug":"caminants-1-2-anys-p1","status":"publish","type":"page","link":"https:\/\/agora.xtec.cat\/llar-ginesta\/nivells\/caminants-1-2-anys-p1\/","title":{"rendered":"Caminants 1-2 anys (P1)"},"content":{"rendered":"<p>Les aules de caminants les trobem situades al segon passad\u00eds, poden acollir un m\u00e0xim 10 infants per aula en edats compreses entre 1 i 2 anys. Les tres\u00a0classes\u00a0comparteixen un pati interior exclusiu per a ells i al mateix temps aquest pati t\u00e9 una sortida al pati gran de la llar.<\/p>\n<p>Aquestes aules consten: d&#8217;espai de joc i canviador. Des d&#8217;elles es pot accedir directament al pat\u00ed, fent-lo aix\u00ed un espai tranquil i enriquidor on poder desenvolupar-se i cr\u00e9ixer.<\/p>\n<p>L\u2019aula est\u00e0 distribu\u00efda en diferents espais\/racons adaptats a les necessitats de cada grup classe, sempre pensats i dissenyats per afavorir el seu desenvolupament i creixement individual.<\/p>\n<p>&nbsp;<\/p>\n<figure class=\"figure wp-caption alignleft\"><img loading=\"lazy\" decoding=\"async\" class=\"wp-image-604 \" src=\"http:\/\/agora.xtec.cat\/llar-ginesta\/wp-content\/uploads\/usu1092\/2018\/05\/caminants-classe-2-300x225.jpg\" alt=\"\" width=\"667\" height=\"500\" srcset=\"https:\/\/agora.xtec.cat\/llar-ginesta\/wp-content\/uploads\/usu1092\/2018\/05\/caminants-classe-2-300x225.jpg 300w, https:\/\/agora.xtec.cat\/llar-ginesta\/wp-content\/uploads\/usu1092\/2018\/05\/caminants-classe-2-768x576.jpg 768w, https:\/\/agora.xtec.cat\/llar-ginesta\/wp-content\/uploads\/usu1092\/2018\/05\/caminants-classe-2.jpg 1024w, https:\/\/agora.xtec.cat\/llar-ginesta\/wp-content\/uploads\/usu1092\/2018\/05\/caminants-classe-2-200x150.jpg 200w\" sizes=\"auto, (max-width: 667px) 100vw, 667px\" \/><figcaption class=\"wp-caption-text\">Classe Caminants<\/figcaption><\/figure>\n<p>&nbsp;<\/p>\n<p>&nbsp;<\/p>\n<p>&nbsp;<\/p>\n<p>&nbsp;<\/p>\n<p>&nbsp;<\/p>\n<p>&nbsp;<\/p>\n<p>&nbsp;<\/p>\n<p>&nbsp;<\/p>\n<p>&nbsp;<\/p>\n<p>&nbsp;<\/p>\n<p>&nbsp;<\/p>\n<p>&nbsp;<\/p>\n<p>&nbsp;<\/p>\n<p>A l\u2019hora de menjador els infants dinen i dormen a la seva aula, evitant canvis d\u2019espais, per tal d\u2019afavorir aquest moment, que pensem que ha de ser un espai tranquil i relaxant per tal que es pugui desenvolupar amb normalitat i evitar situacions d\u2019angoixa tant pels infants com per les educadores.<\/p>\n<figure class=\"figure wp-caption alignleft\"><img loading=\"lazy\" decoding=\"async\" class=\"wp-image-609 \" src=\"https:\/\/agora.xtec.cat\/llar-ginesta\/wp-content\/uploads\/usu1092\/2018\/05\/menjador-caminants-300x230.jpg\" alt=\"\" width=\"704\" height=\"540\" srcset=\"https:\/\/agora.xtec.cat\/llar-ginesta\/wp-content\/uploads\/usu1092\/2018\/05\/menjador-caminants-300x230.jpg 300w, https:\/\/agora.xtec.cat\/llar-ginesta\/wp-content\/uploads\/usu1092\/2018\/05\/menjador-caminants.jpg 438w\" sizes=\"auto, (max-width: 704px) 100vw, 704px\" \/><figcaption class=\"wp-caption-text\">Caminants a l&#8217;hora de dinar.<\/figcaption><\/figure>\n<p>&nbsp;<\/p>\n<p>&nbsp;<\/p>\n<p>&nbsp;<\/p>\n<p>&nbsp;<\/p>\n<p>&nbsp;<\/p>\n<p>&nbsp;<\/p>\n<p>&nbsp;<\/p>\n<p>&nbsp;<\/p>\n<p>&nbsp;<\/p>\n<p>&nbsp;<\/p>\n<p>&nbsp;<\/p>\n<p>&nbsp;<\/p>\n<p>&nbsp;<\/p>\n<p>&nbsp;<\/p>\n<p>Cada infant t\u00e9 el seu matal\u00e0s que s\u2019endre\u00e7a a cada aula.<\/p>\n<figure class=\"figure wp-caption alignleft\"><img loading=\"lazy\" decoding=\"async\" class=\"wp-image-608 \" src=\"http:\/\/agora.xtec.cat\/llar-ginesta\/wp-content\/uploads\/usu1092\/2018\/05\/dormitori-caminants-300x225.jpg\" alt=\"\" width=\"710\" height=\"533\" srcset=\"https:\/\/agora.xtec.cat\/llar-ginesta\/wp-content\/uploads\/usu1092\/2018\/05\/dormitori-caminants-300x225.jpg 300w, https:\/\/agora.xtec.cat\/llar-ginesta\/wp-content\/uploads\/usu1092\/2018\/05\/dormitori-caminants-768x576.jpg 768w, https:\/\/agora.xtec.cat\/llar-ginesta\/wp-content\/uploads\/usu1092\/2018\/05\/dormitori-caminants.jpg 1024w, https:\/\/agora.xtec.cat\/llar-ginesta\/wp-content\/uploads\/usu1092\/2018\/05\/dormitori-caminants-200x150.jpg 200w\" sizes=\"auto, (max-width: 710px) 100vw, 710px\" \/><figcaption class=\"wp-caption-text\">Matalassos per l&#8217;hora de dormir.<\/figcaption><\/figure>\n","protected":false},"excerpt":{"rendered":"<p>Les aules de caminants les trobem situades al segon passad\u00eds, poden acollir un m\u00e0xim 10 infants per aula en edats compreses entre 1 i 2 anys. Les tres\u00a0classes\u00a0comparteixen un pati interior exclusiu per a ells i al mateix temps aquest pati t\u00e9 una sortida al&hellip;  <a href=\"https:\/\/agora.xtec.cat\/llar-ginesta\/nivells\/caminants-1-2-anys-p1\/\" title=\"Read Caminants 1-2 anys (P1)\">Llegeix m\u00e9s\u00bb<\/a><\/p>\n","protected":false},"author":1,"featured_media":0,"parent":87,"menu_order":2,"comment_status":"closed","ping_status":"closed","template":"","meta":{"_bbp_topic_count":0,"_bbp_reply_count":0,"_bbp_total_topic_count":0,"_bbp_total_reply_count":0,"_bbp_voice_count":0,"_bbp_anonymous_reply_count":0,"_bbp_topic_count_hidden":0,"_bbp_reply_count_hidden":0,"_bbp_forum_subforum_count":0,"footnotes":""},"class_list":["post-568","page","type-page","status-publish","hentry"],"post_mailing_queue_ids":[],"_links":{"self":[{"href":"https:\/\/agora.xtec.cat\/llar-ginesta\/wp-json\/wp\/v2\/pages\/568","targetHints":{"allow":["GET"]}}],"collection":[{"href":"https:\/\/agora.xtec.cat\/llar-ginesta\/wp-json\/wp\/v2\/pages"}],"about":[{"href":"https:\/\/agora.xtec.cat\/llar-ginesta\/wp-json\/wp\/v2\/types\/page"}],"author":[{"embeddable":true,"href":"https:\/\/agora.xtec.cat\/llar-ginesta\/wp-json\/wp\/v2\/users\/1"}],"replies":[{"embeddable":true,"href":"https:\/\/agora.xtec.cat\/llar-ginesta\/wp-json\/wp\/v2\/comments?post=568"}],"version-history":[{"count":3,"href":"https:\/\/agora.xtec.cat\/llar-ginesta\/wp-json\/wp\/v2\/pages\/568\/revisions"}],"predecessor-version":[{"id":1454,"href":"https:\/\/agora.xtec.cat\/llar-ginesta\/wp-json\/wp\/v2\/pages\/568\/revisions\/1454"}],"up":[{"embeddable":true,"href":"https:\/\/agora.xtec.cat\/llar-ginesta\/wp-json\/wp\/v2\/pages\/87"}],"wp:attachment":[{"href":"https:\/\/agora.xtec.cat\/llar-ginesta\/wp-json\/wp\/v2\/media?parent=568"}],"curies":[{"name":"wp","href":"https:\/\/api.w.org\/{rel}","templated":true}]}}