{"id":565,"date":"2018-05-03T10:56:29","date_gmt":"2018-05-03T08:56:29","guid":{"rendered":"http:\/\/agora.xtec.cat\/llar-ginesta\/?page_id=565"},"modified":"2021-07-09T09:49:22","modified_gmt":"2021-07-09T07:49:22","slug":"maternal-2-3-anys-p2","status":"publish","type":"page","link":"https:\/\/agora.xtec.cat\/llar-ginesta\/nivells\/maternal-2-3-anys-p2\/","title":{"rendered":"Maternal 2-3 anys (P2)"},"content":{"rendered":"<p>Les aules de maternal acullen un m\u00e0xim de 18 infants cadascuna en edats compreses entre 2 i 3 anys. Es troben a l&#8217;\u00faltim passad\u00eds de la llar i comparteixen un pati interior exclusiu per a ells i al mateix temps aquest pati t\u00e9 una sortida al pati gran de la llar.<\/p>\n<p>Totes les aules disposen d&#8217;un canviador amb lavabos i v\u00e0ters adaptats a\u00a0 la mida dels infants per afavorir la seva autonomia\u00a0 aix\u00ed com un espai per a cada infant per a que les fam\u00edlies puguin desar el material dels nens\/es que porten a l&#8217;escola.<\/p>\n<p>L&#8217;aula est\u00e0 distribu\u00efda en diferents espais\/racons adaptats a les necessitats de cada grup classe, sempre pensats i dissenyats per afavorir el seu desenvolupament i creixement individual.<\/p>\n<p>&nbsp;<\/p>\n","protected":false},"excerpt":{"rendered":"<p>Les aules de maternal acullen un m\u00e0xim de 18 infants cadascuna en edats compreses entre 2 i 3 anys. Es troben a l&#8217;\u00faltim passad\u00eds de la llar i comparteixen un pati interior exclusiu per a ells i al mateix temps aquest pati t\u00e9 una sortida&hellip;  <a href=\"https:\/\/agora.xtec.cat\/llar-ginesta\/nivells\/maternal-2-3-anys-p2\/\" title=\"Read Maternal 2-3 anys (P2)\">Llegeix m\u00e9s\u00bb<\/a><\/p>\n","protected":false},"author":1,"featured_media":0,"parent":87,"menu_order":3,"comment_status":"closed","ping_status":"closed","template":"","meta":{"_bbp_topic_count":0,"_bbp_reply_count":0,"_bbp_total_topic_count":0,"_bbp_total_reply_count":0,"_bbp_voice_count":0,"_bbp_anonymous_reply_count":0,"_bbp_topic_count_hidden":0,"_bbp_reply_count_hidden":0,"_bbp_forum_subforum_count":0,"footnotes":""},"class_list":["post-565","page","type-page","status-publish","hentry"],"post_mailing_queue_ids":[],"_links":{"self":[{"href":"https:\/\/agora.xtec.cat\/llar-ginesta\/wp-json\/wp\/v2\/pages\/565","targetHints":{"allow":["GET"]}}],"collection":[{"href":"https:\/\/agora.xtec.cat\/llar-ginesta\/wp-json\/wp\/v2\/pages"}],"about":[{"href":"https:\/\/agora.xtec.cat\/llar-ginesta\/wp-json\/wp\/v2\/types\/page"}],"author":[{"embeddable":true,"href":"https:\/\/agora.xtec.cat\/llar-ginesta\/wp-json\/wp\/v2\/users\/1"}],"replies":[{"embeddable":true,"href":"https:\/\/agora.xtec.cat\/llar-ginesta\/wp-json\/wp\/v2\/comments?post=565"}],"version-history":[{"count":4,"href":"https:\/\/agora.xtec.cat\/llar-ginesta\/wp-json\/wp\/v2\/pages\/565\/revisions"}],"predecessor-version":[{"id":1466,"href":"https:\/\/agora.xtec.cat\/llar-ginesta\/wp-json\/wp\/v2\/pages\/565\/revisions\/1466"}],"up":[{"embeddable":true,"href":"https:\/\/agora.xtec.cat\/llar-ginesta\/wp-json\/wp\/v2\/pages\/87"}],"wp:attachment":[{"href":"https:\/\/agora.xtec.cat\/llar-ginesta\/wp-json\/wp\/v2\/media?parent=565"}],"curies":[{"name":"wp","href":"https:\/\/api.w.org\/{rel}","templated":true}]}}