{"id":38,"date":"2014-09-18T12:34:08","date_gmt":"2014-09-18T11:34:08","guid":{"rendered":"http:\/\/agora.xtec.cat\/llar-ginesta\/?page_id=38"},"modified":"2018-11-30T14:20:13","modified_gmt":"2018-11-30T13:20:13","slug":"salut","status":"publish","type":"page","link":"https:\/\/agora.xtec.cat\/llar-ginesta\/lescola\/salut\/","title":{"rendered":"Salut"},"content":{"rendered":"<p>La salut no \u00e9s nom\u00e9s l\u2019abs\u00e8ncia de malaltia, sin\u00f3 un estat de complet benestar f\u00edsic, social i ambiental.<\/p>\n<p>Si un dia el vostre fill\/a es posa malalt\/a us trucarem per tal que el vingueu a buscar. Si est\u00e0 malalt\/a i\/o t\u00e9 febre s\u2019ha de quedar a casa, tant per a ell mateix com pel perill de contagi que suposa per als altres infants. En el cas que hagi hagut de marxar de l\u2019escola amb febre, aconsellem quedar-se a casa en observaci\u00f3.<\/p>\n<p>Si el nen\/a ha de prendre algun medicament mentre est\u00e0 al centre, caldr\u00e0 omplir una autoritzaci\u00f3 i portar una recepta del metge on consti :<\/p>\n<ul>\n<li>El nom del nen o nena<\/li>\n<li>El nom del medicament<\/li>\n<li>La dosi que n\u2019ha de prendre i quants cops al dia<\/li>\n<li>La data de la recepta, el nom i n\u00famero de col\u00b7legiat del metge<\/li>\n<\/ul>\n<p>Per tal de disminuir el risc de contagi dins les llars d\u2019infants hem de tenir en compte aquestes normes d\u2019actuaci\u00f3:<\/p>\n<ul>\n<li>No acceptar l\u2019estada de cap nen\/a que presenti:<\/li>\n<\/ul>\n<p style=\"padding-left: 30px;\">&#8211; Febre o malestar general<\/p>\n<p style=\"padding-left: 30px;\">&#8211; Diarrea l\u00edquida o amb sang<\/p>\n<p style=\"padding-left: 30px;\">&#8211; Infeccions a la boca (estomatitis, muguet,\u2026)<\/p>\n<p style=\"padding-left: 30px;\">&#8211; Lleganyes als ulls (conjuntivitis)<\/p>\n<ul>\n<li>Per\u00edodes de baixa en cas de les seg\u00fcents malalties:<\/li>\n<\/ul>\n<p style=\"padding-left: 30px;\">&#8211; Polls: fins a la desaparici\u00f3 total de l\u2019insecte i les ll\u00e9menes. Podeu trobar m\u00e9s informaci\u00f3 sobre els polls\u00a0<span style=\"color: #3366ff;\"><a style=\"color: #3366ff;\" href=\"http:\/\/canalsalut.gencat.cat\/ca\/detalls\/article\/Polls-00001\" target=\"_blank\" rel=\"noopener\">aqu\u00ed<\/a><\/span>.<\/p>\n<p style=\"padding-left: 30px;\">&#8211; Rub\u00e8ola: 4 dies des de l\u2019inici de l\u2019erupci\u00f3.<\/p>\n<p style=\"padding-left: 30px;\">&#8211; Varicel\u00b7la: fins a l\u2019assecament total de les lesions.<\/p>\n<p style=\"padding-left: 30px;\">&#8211; Xarampi\u00f3: 7 dies de de l\u2019inici de l\u2019erupci\u00f3.<\/p>\n<p>Davant la persist\u00e8ncia prolongada de s\u00edmptomes de possibles malal\u00adties infeccioses, us demanarem un informe del pediatre on consti la garantia de no contagi. En cas contrari el nen\/a no podr\u00e0 tornar a la llar d\u2019infants.<\/p>\n<p>En aquest enlla\u00e7 trobareu tota la informaci\u00f3 detallada del departament de salut de la Generalitat de Catalunya sobre\u00a0<a href=\"https:\/\/drive.google.com\/file\/d\/1rfUJFP-IGT-ARBh9EkTXec7wKzb6WCUO\/view?usp=sharing\" target=\"_blank\" rel=\"noopener\"><strong>CRITERIS DE NO ASSIST\u00c8NCIA DE L\u2019ALUMNAT A L&#8217;ESCOLA O LLAR\u00a0<\/strong><strong>D&#8217;INFANTS DURANT UN PER\u00cdODE DE TEMPS DETERMINAT A CAUSA DE MALALTIES TRANSMISSIBLES<\/strong><\/a><\/p>\n<p>La falta d\u2019assist\u00e8ncia, no justificada, durant m\u00e9s de 20 dies naturals, suposaria la baixa i la immediata cobertura de la pla\u00e7a per un altre infant. A la llar d\u2019infants s\u2019acceptaran faltes d\u2019assist\u00e8ncia temporals per malalties justificades sempre que no superin els 2 mesos i es pagui la quota mensual.<\/p>\n<p>&nbsp;<\/p>\n","protected":false},"excerpt":{"rendered":"<p>La salut no \u00e9s nom\u00e9s l\u2019abs\u00e8ncia de malaltia, sin\u00f3 un estat de complet benestar f\u00edsic, social i ambiental.<br \/>\nSi un dia el vostre fill\/a es posa malalt\/a us trucarem per tal que el vingueu a buscar. Si est\u00e0 malalt\/a i\/o t\u00e9 febre s\u2019ha de quedar a&hellip;  <a href=\"https:\/\/agora.xtec.cat\/llar-ginesta\/lescola\/salut\/\" title=\"Read Salut\">Llegeix m\u00e9s\u00bb<\/a><\/p>\n","protected":false},"author":1,"featured_media":0,"parent":22,"menu_order":80,"comment_status":"closed","ping_status":"closed","template":"page-templates\/side-menu.php","meta":{"_bbp_topic_count":0,"_bbp_reply_count":0,"_bbp_total_topic_count":0,"_bbp_total_reply_count":0,"_bbp_voice_count":0,"_bbp_anonymous_reply_count":0,"_bbp_topic_count_hidden":0,"_bbp_reply_count_hidden":0,"_bbp_forum_subforum_count":0,"footnotes":""},"class_list":["post-38","page","type-page","status-publish","hentry"],"post_mailing_queue_ids":[],"_links":{"self":[{"href":"https:\/\/agora.xtec.cat\/llar-ginesta\/wp-json\/wp\/v2\/pages\/38","targetHints":{"allow":["GET"]}}],"collection":[{"href":"https:\/\/agora.xtec.cat\/llar-ginesta\/wp-json\/wp\/v2\/pages"}],"about":[{"href":"https:\/\/agora.xtec.cat\/llar-ginesta\/wp-json\/wp\/v2\/types\/page"}],"author":[{"embeddable":true,"href":"https:\/\/agora.xtec.cat\/llar-ginesta\/wp-json\/wp\/v2\/users\/1"}],"replies":[{"embeddable":true,"href":"https:\/\/agora.xtec.cat\/llar-ginesta\/wp-json\/wp\/v2\/comments?post=38"}],"version-history":[{"count":3,"href":"https:\/\/agora.xtec.cat\/llar-ginesta\/wp-json\/wp\/v2\/pages\/38\/revisions"}],"predecessor-version":[{"id":774,"href":"https:\/\/agora.xtec.cat\/llar-ginesta\/wp-json\/wp\/v2\/pages\/38\/revisions\/774"}],"up":[{"embeddable":true,"href":"https:\/\/agora.xtec.cat\/llar-ginesta\/wp-json\/wp\/v2\/pages\/22"}],"wp:attachment":[{"href":"https:\/\/agora.xtec.cat\/llar-ginesta\/wp-json\/wp\/v2\/media?parent=38"}],"curies":[{"name":"wp","href":"https:\/\/api.w.org\/{rel}","templated":true}]}}