{"id":30,"date":"2014-09-18T12:30:23","date_gmt":"2014-09-18T11:30:23","guid":{"rendered":"http:\/\/agora.xtec.cat\/llar-ginesta\/?page_id=30"},"modified":"2018-09-03T11:52:45","modified_gmt":"2018-09-03T09:52:45","slug":"instal%c2%b7lacions","status":"publish","type":"page","link":"https:\/\/agora.xtec.cat\/llar-ginesta\/lescola\/instal%c2%b7lacions\/","title":{"rendered":"Instal\u00b7lacions"},"content":{"rendered":"<p>La Llar d&#8217;Infants la Ginesta est\u00e0 distribu\u00efda en dos passadissos que van de punta a punta de l&#8217;escola, en aquests passadissos hi trobem a la banda dreta 3 ales amb els diferents nivells, d&#8217;aquesta manera queden molt ben distribu\u00efdes les diferents aules per a cada nivell.<\/p>\n<ul style=\"list-style-type: square;\">\n<li>En el primer passad\u00eds hi trobem les dos aules una aula de lactants i l&#8217;altre de caminants &#8220;petits&#8221;, comunicades per una porta interna i tamb\u00e9 un espai polivalent, i aquests 3 espais disposen del seu propi pati\u00a0 interior que a la vegada comunica amb el pati gran de l&#8217;escola.<\/li>\n<li>En el segon passad\u00eds hi trobem les tres aules de caminants, on els infants estan distribu\u00efts per edats, comunicades interiorment, amb el seu propi pati interior que tamb\u00e9 comunica amb el pati gran de l&#8217;escola.<\/li>\n<li>I en el tercer passad\u00eds hi trobem les tres aules de maternal, tamb\u00e9 comunicades interiorment, amb el seu propi pati interior que tamb\u00e9 comunica amb el pati gran.<\/li>\n<\/ul>\n<p>Al final del passad\u00eds hi trobem la sala gran on hi ha un gran espai amb tot de tobogans i estructures per desenvolupar-se motriument.<\/p>\n<p>En l&#8217;altre passad\u00eds que va de banda a banda de l&#8217;escola i tenim tots els serveis (menjador treballadors, sala d&#8217;educadores, bugaderia, vestidors, cuina, lavabos d&#8217;\u00fas extern, farmaciola&#8230; ) tamb\u00e9 disposem d&#8217;un espai de m\u00fasica i un altre espai de contes.<\/p>\n<p>A banda dels 3 patis interiors de cada ala, disposem d&#8217;un altre\u00a0espai interior on hi tenim l&#8217;hort i diverses plantes i a m\u00e9s a m\u00e9s del pati gran tenim el pati petit que tamb\u00e9 d\u00f3na a la part exterior de l&#8217;escola.<\/p>\n<p>&nbsp;<\/p>\n\r\n\t<div class=\"slideshow_container slideshow_container_style-light\" style=\"height: 200px; \" data-slideshow-id=\"142\" data-style-name=\"style-light\" data-style-version=\"2.3.1\" >\r\n\r\n\t\t\t\t\t<div class=\"slideshow_loading_icon\"><\/div>\r\n\t\t\r\n\t\t<div class=\"slideshow_content\" style=\"display: none;\">\r\n\r\n\t\t\t<div class=\"slideshow_view\">\r\n\t\t\t\t<div class=\"slideshow_slide slideshow_slide_image\">\r\n\t\t\t\t\t\t\t\t\t\t\t<img src=\"https:\/\/agora.xtec.cat\/llar-ginesta\/wp-content\/uploads\/usu1092\/2018\/03\/IMG_1432-copia.jpg\" alt=\"pati gran\" width=\"1944\" height=\"2592\" \/>\r\n\t\t\t\t\t\t\t\t\t\t<div class=\"slideshow_description_box slideshow_transparent\">\r\n\t\t\t\t\t\t<div class=\"slideshow_title\">pati gran<\/div>\t\t\t\t\t\t\t\t\t\t\t<\/div>\r\n\t\t\t\t<\/div>\r\n\r\n\t\t\t\t\t\t\r\n\t\t\t\t<div class=\"slideshow_slide slideshow_slide_image\">\r\n\t\t\t\t\t\t\t\t\t\t\t<img src=\"https:\/\/agora.xtec.cat\/llar-ginesta\/wp-content\/uploads\/usu1092\/2018\/05\/DSCF0019.jpg\" alt=\"pati gran\" width=\"2848\" height=\"2136\" \/>\r\n\t\t\t\t\t\t\t\t\t\t<div class=\"slideshow_description_box slideshow_transparent\">\r\n\t\t\t\t\t\t<div class=\"slideshow_title\">pati gran<\/div>\t\t\t\t\t\t\t\t\t\t\t<\/div>\r\n\t\t\t\t<\/div>\r\n\r\n\t\t\t\t\t\t<div style=\"clear: both;\"><\/div><\/div><div class=\"slideshow_view\">\r\n\t\t\t\t<div class=\"slideshow_slide slideshow_slide_image\">\r\n\t\t\t\t\t\t\t\t\t\t\t<img src=\"https:\/\/agora.xtec.cat\/llar-ginesta\/wp-content\/uploads\/usu1092\/2018\/05\/DSCF0021.jpg\" alt=\"pati gran (exterior)\" width=\"2848\" height=\"2136\" \/>\r\n\t\t\t\t\t\t\t\t\t\t<div class=\"slideshow_description_box slideshow_transparent\">\r\n\t\t\t\t\t\t<div class=\"slideshow_title\">pati gran (exterior)<\/div>\t\t\t\t\t\t\t\t\t\t\t<\/div>\r\n\t\t\t\t<\/div>\r\n\r\n\t\t\t\t\t\t\r\n\t\t\t\t<div class=\"slideshow_slide slideshow_slide_image\">\r\n\t\t\t\t\t\t\t\t\t\t\t<img src=\"https:\/\/agora.xtec.cat\/llar-ginesta\/wp-content\/uploads\/usu1092\/2018\/05\/DSCF0022.jpg\" alt=\"pati petit (exterior)\" width=\"2848\" height=\"2136\" \/>\r\n\t\t\t\t\t\t\t\t\t\t<div class=\"slideshow_description_box slideshow_transparent\">\r\n\t\t\t\t\t\t<div class=\"slideshow_title\">pati petit (exterior)<\/div>\t\t\t\t\t\t\t\t\t\t\t<\/div>\r\n\t\t\t\t<\/div>\r\n\r\n\t\t\t\t\t\t<div style=\"clear: both;\"><\/div><\/div><div class=\"slideshow_view\">\r\n\t\t\t\t<div class=\"slideshow_slide slideshow_slide_image\">\r\n\t\t\t\t\t\t\t\t\t\t\t<img src=\"https:\/\/agora.xtec.cat\/llar-ginesta\/wp-content\/uploads\/usu1092\/2018\/05\/DSCF9976.jpg\" alt=\"hort\" width=\"2848\" height=\"2136\" \/>\r\n\t\t\t\t\t\t\t\t\t\t<div class=\"slideshow_description_box slideshow_transparent\">\r\n\t\t\t\t\t\t<div class=\"slideshow_title\">hort<\/div>\t\t\t\t\t\t\t\t\t\t\t<\/div>\r\n\t\t\t\t<\/div>\r\n\r\n\t\t\t\t\t\t\r\n\t\t\t\t<div class=\"slideshow_slide slideshow_slide_image\">\r\n\t\t\t\t\t\t\t\t\t\t\t<img src=\"https:\/\/agora.xtec.cat\/llar-ginesta\/wp-content\/uploads\/usu1092\/2018\/05\/DSCF9991.jpg\" alt=\"pati interior\/terrasseta\" width=\"2848\" height=\"2136\" \/>\r\n\t\t\t\t\t\t\t\t\t\t<div class=\"slideshow_description_box slideshow_transparent\">\r\n\t\t\t\t\t\t<div class=\"slideshow_title\">pati interior\/terrasseta<\/div>\t\t\t\t\t\t\t\t\t\t\t<\/div>\r\n\t\t\t\t<\/div>\r\n\r\n\t\t\t\t\t\t<div style=\"clear: both;\"><\/div><\/div><div class=\"slideshow_view\">\r\n\t\t\t\t<div class=\"slideshow_slide slideshow_slide_image\">\r\n\t\t\t\t\t\t\t\t\t\t\t<img src=\"https:\/\/agora.xtec.cat\/llar-ginesta\/wp-content\/uploads\/usu1092\/2018\/05\/DSCF0023.jpg\" alt=\"Pati petit\" width=\"2848\" height=\"2136\" \/>\r\n\t\t\t\t\t\t\t\t\t\t<div class=\"slideshow_description_box slideshow_transparent\">\r\n\t\t\t\t\t\t<div class=\"slideshow_title\">Pati petit<\/div>\t\t\t\t\t\t\t\t\t\t\t<\/div>\r\n\t\t\t\t<\/div>\r\n\r\n\t\t\t\t\t\t<div style=\"clear: both;\"><\/div><\/div>\r\n\t\t<\/div>\r\n\r\n\t\t<div class=\"slideshow_controlPanel slideshow_transparent\" style=\"display: none;\"><ul><li class=\"slideshow_togglePlay\" data-play-text=\"Visualitza\" data-pause-text=\"Pausa\"><\/li><\/ul><\/div>\r\n\r\n\t\t<div class=\"slideshow_button slideshow_previous slideshow_transparent\" role=\"button\" data-previous-text=\"Anterior\" style=\"display: none;\"><\/div>\r\n\t\t<div class=\"slideshow_button slideshow_next slideshow_transparent\" role=\"button\" data-next-text=\"Seg\u00fcent\" style=\"display: none;\"><\/div>\r\n\r\n\t\t<div class=\"slideshow_pagination\" style=\"display: none;\" data-go-to-text=\"V\u00e9s a la diapositiva\"><div class=\"slideshow_pagination_center\"><\/div><\/div>\r\n\r\n\t\t<!-- WordPress Slideshow Version 2.3.1 -->\r\n\r\n\t\t\t<\/div>\r\n\r\n\n<p>&nbsp;<\/p>\n","protected":false},"excerpt":{"rendered":"<p>La Llar d&#8217;Infants la Ginesta est\u00e0 distribu\u00efda en dos passadissos que van de punta a punta de l&#8217;escola, en aquests passadissos hi trobem a la banda dreta 3 ales amb els diferents nivells, d&#8217;aquesta manera queden molt ben distribu\u00efdes les diferents aules per a cada&hellip;  <a href=\"https:\/\/agora.xtec.cat\/llar-ginesta\/lescola\/instal%c2%b7lacions\/\" title=\"Read Instal\u00b7lacions\">Llegeix m\u00e9s\u00bb<\/a><\/p>\n","protected":false},"author":1,"featured_media":0,"parent":22,"menu_order":40,"comment_status":"closed","ping_status":"closed","template":"page-templates\/side-menu.php","meta":{"_bbp_topic_count":0,"_bbp_reply_count":0,"_bbp_total_topic_count":0,"_bbp_total_reply_count":0,"_bbp_voice_count":0,"_bbp_anonymous_reply_count":0,"_bbp_topic_count_hidden":0,"_bbp_reply_count_hidden":0,"_bbp_forum_subforum_count":0,"footnotes":""},"class_list":["post-30","page","type-page","status-publish","hentry"],"post_mailing_queue_ids":[],"_links":{"self":[{"href":"https:\/\/agora.xtec.cat\/llar-ginesta\/wp-json\/wp\/v2\/pages\/30","targetHints":{"allow":["GET"]}}],"collection":[{"href":"https:\/\/agora.xtec.cat\/llar-ginesta\/wp-json\/wp\/v2\/pages"}],"about":[{"href":"https:\/\/agora.xtec.cat\/llar-ginesta\/wp-json\/wp\/v2\/types\/page"}],"author":[{"embeddable":true,"href":"https:\/\/agora.xtec.cat\/llar-ginesta\/wp-json\/wp\/v2\/users\/1"}],"replies":[{"embeddable":true,"href":"https:\/\/agora.xtec.cat\/llar-ginesta\/wp-json\/wp\/v2\/comments?post=30"}],"version-history":[{"count":3,"href":"https:\/\/agora.xtec.cat\/llar-ginesta\/wp-json\/wp\/v2\/pages\/30\/revisions"}],"predecessor-version":[{"id":681,"href":"https:\/\/agora.xtec.cat\/llar-ginesta\/wp-json\/wp\/v2\/pages\/30\/revisions\/681"}],"up":[{"embeddable":true,"href":"https:\/\/agora.xtec.cat\/llar-ginesta\/wp-json\/wp\/v2\/pages\/22"}],"wp:attachment":[{"href":"https:\/\/agora.xtec.cat\/llar-ginesta\/wp-json\/wp\/v2\/media?parent=30"}],"curies":[{"name":"wp","href":"https:\/\/api.w.org\/{rel}","templated":true}]}}