{"id":22,"date":"2014-09-18T12:19:57","date_gmt":"2014-09-18T11:19:57","guid":{"rendered":"http:\/\/agora.xtec.cat\/llar-fartets\/?page_id=22"},"modified":"2018-03-28T17:47:46","modified_gmt":"2018-03-28T15:47:46","slug":"lescola","status":"publish","type":"page","link":"https:\/\/agora.xtec.cat\/llar-fartets\/la-llar-dinfants-els-fartets\/lescola\/","title":{"rendered":"L\u00ednia pedag\u00f2gica"},"content":{"rendered":"<p>La llar d\u2019infants municipal FARTETS, \u00a0\u00e9s una llar de titularitat municipal que pertany a l\u2019ajuntament de Vila-seca , gestionada \u00a0des de l\u2019any 2008, per L\u2019ACLUCA SCCL amb el comprom\u00eds\u00a0 d\u2019oferir un servei educatiu de qualitat per a totes \u00a0les fam\u00edlies que requereixen el servei d\u2019una llar d\u2019infants.<\/p>\n<h3>Projecte Educatiu<\/h3>\n<p>El nostre projecte educatiu es fonamenta en els seg\u00fcents principis:<\/p>\n<ul>\n<li>Atendre el desenvolupament del moviment i facilitar l\u2019autocontrol corporal ( autonomia, iniciativa ).<\/li>\n<li>Facilitar l\u2019assoliment d\u2019una imatge positiva de s\u00ed mateix i dels altres.<\/li>\n<li>Estimular positivament les primeres manifestacions de comunicaci\u00f3 i llenguatge.<\/li>\n<li>Potenciar i fer valorar les pautes de la conviv\u00e8ncia i relaci\u00f3 social.<\/li>\n<li>Ajudar al descobriment de l\u2019entorn immediat.<\/li>\n<li>Crear un entorn d&#8217;afecte positiu.<\/li>\n<\/ul>\n<p>Seguim una metodologia educativa basada en les <strong>experi\u00e8ncies<\/strong>, les <strong>activitats<\/strong> i el <strong>joc<\/strong>, en un ambient d\u2019<strong>afecte<\/strong> i <strong>confian\u00e7a<\/strong>. Estimulem el desenvolupament de les <strong>capacitats<\/strong> intel\u00b7lectuals, motius, socials i emocionals dels infants i adquisici\u00f3 d\u2019h\u00e0bits. Treballem la <strong>creativitat<\/strong>, l\u2019inter\u00e8s i la curiositat per la descoberta a trav\u00e9s de l\u2019<strong>experimentaci\u00f3<\/strong>.<\/p>\n<p>Potenciem el joc com a principal activitat natural de l\u2019infant, a trav\u00e9s del qual descobreix, apr\u00e8n, i desenvolupa la seva manera de ser , de pensar i relacionar-se.<br \/>\nL\u2019Equip educatiu est\u00e0 format per <strong>personal estable amb experi\u00e8ncia, comprom\u00e8s, implicat i amb continua formaci\u00f3<\/strong> . La seva funci\u00f3 \u00e9s la d\u2019acompanyar en tot moment el creixement personal dels infants, des d\u2019una perspectiva molt propera a les fam\u00edlies.<\/p>\n","protected":false},"excerpt":{"rendered":"<p>La llar d\u2019infants municipal FARTETS, \u00a0\u00e9s una llar de titularitat municipal que pertany a l\u2019ajuntament de Vila-seca , gestionada \u00a0des de l\u2019any 2008, per L\u2019ACLUCA SCCL amb el comprom\u00eds\u00a0 d\u2019oferir un servei educatiu de qualitat per a totes \u00a0les fam\u00edlies que requereixen el servei d\u2019una&hellip;  <a href=\"https:\/\/agora.xtec.cat\/llar-fartets\/la-llar-dinfants-els-fartets\/lescola\/\" title=\"Read L\u00ednia pedag\u00f2gica\">Llegeix m\u00e9s\u00bb<\/a><\/p>\n","protected":false},"author":1,"featured_media":0,"parent":508,"menu_order":0,"comment_status":"closed","ping_status":"closed","template":"page-templates\/side-menu.php","meta":{"_bbp_topic_count":0,"_bbp_reply_count":0,"_bbp_total_topic_count":0,"_bbp_total_reply_count":0,"_bbp_voice_count":0,"_bbp_anonymous_reply_count":0,"_bbp_topic_count_hidden":0,"_bbp_reply_count_hidden":0,"_bbp_forum_subforum_count":0,"footnotes":""},"class_list":["post-22","page","type-page","status-publish","hentry"],"post_mailing_queue_ids":[],"_links":{"self":[{"href":"https:\/\/agora.xtec.cat\/llar-fartets\/wp-json\/wp\/v2\/pages\/22","targetHints":{"allow":["GET"]}}],"collection":[{"href":"https:\/\/agora.xtec.cat\/llar-fartets\/wp-json\/wp\/v2\/pages"}],"about":[{"href":"https:\/\/agora.xtec.cat\/llar-fartets\/wp-json\/wp\/v2\/types\/page"}],"author":[{"embeddable":true,"href":"https:\/\/agora.xtec.cat\/llar-fartets\/wp-json\/wp\/v2\/users\/1"}],"replies":[{"embeddable":true,"href":"https:\/\/agora.xtec.cat\/llar-fartets\/wp-json\/wp\/v2\/comments?post=22"}],"version-history":[{"count":3,"href":"https:\/\/agora.xtec.cat\/llar-fartets\/wp-json\/wp\/v2\/pages\/22\/revisions"}],"predecessor-version":[{"id":479,"href":"https:\/\/agora.xtec.cat\/llar-fartets\/wp-json\/wp\/v2\/pages\/22\/revisions\/479"}],"up":[{"embeddable":true,"href":"https:\/\/agora.xtec.cat\/llar-fartets\/wp-json\/wp\/v2\/pages\/508"}],"wp:attachment":[{"href":"https:\/\/agora.xtec.cat\/llar-fartets\/wp-json\/wp\/v2\/media?parent=22"}],"curies":[{"name":"wp","href":"https:\/\/api.w.org\/{rel}","templated":true}]}}