{"id":782,"date":"2024-09-15T19:07:11","date_gmt":"2024-09-15T17:07:11","guid":{"rendered":"https:\/\/agora.xtec.cat\/llar-elsginjols\/?page_id=782"},"modified":"2026-03-07T11:12:26","modified_gmt":"2026-03-07T10:12:26","slug":"mitjans","status":"publish","type":"page","link":"https:\/\/agora.xtec.cat\/llar-elsginjols\/nivells\/mitjans\/","title":{"rendered":"Estan\u00e7a groga"},"content":{"rendered":"\n<p>L&#8217;<strong>estan\u00e7a groga<\/strong> hi ha infants de <strong>l&#8217;any als dos anys<\/strong>.<\/p>\n\n\n\n<p>T\u00e9 diversos racons de joc adequats a les seves necessitats de joc i moviment. Tamb\u00e9 t\u00e9 una zona pel canvi de bolquer, un espai pels \u00e0pats i una zona adaptada per la higiene de mans i cara.<\/p>\n\n\n\n<figure class=\"wp-block-gallery has-nested-images columns-default is-cropped wp-block-gallery-1 is-layout-flex wp-block-gallery-is-layout-flex\">\n<figure class=\"wp-block-image size-large\"><a href=\"https:\/\/agora.xtec.cat\/llar-elsginjols\/wp-content\/uploads\/usu3056\/2025\/10\/WhatsApp-Image-2025-10-13-at-15.38.04-8.jpeg\"><img loading=\"lazy\" decoding=\"async\" width=\"1024\" height=\"461\" data-id=\"1141\" src=\"https:\/\/agora.xtec.cat\/llar-elsginjols\/wp-content\/uploads\/usu3056\/2025\/10\/WhatsApp-Image-2025-10-13-at-15.38.04-8-1024x461.jpeg\" alt=\"\" class=\"wp-image-1141\" srcset=\"https:\/\/agora.xtec.cat\/llar-elsginjols\/wp-content\/uploads\/usu3056\/2025\/10\/WhatsApp-Image-2025-10-13-at-15.38.04-8-1024x461.jpeg 1024w, https:\/\/agora.xtec.cat\/llar-elsginjols\/wp-content\/uploads\/usu3056\/2025\/10\/WhatsApp-Image-2025-10-13-at-15.38.04-8-300x135.jpeg 300w, https:\/\/agora.xtec.cat\/llar-elsginjols\/wp-content\/uploads\/usu3056\/2025\/10\/WhatsApp-Image-2025-10-13-at-15.38.04-8-768x346.jpeg 768w, https:\/\/agora.xtec.cat\/llar-elsginjols\/wp-content\/uploads\/usu3056\/2025\/10\/WhatsApp-Image-2025-10-13-at-15.38.04-8-1536x691.jpeg 1536w, https:\/\/agora.xtec.cat\/llar-elsginjols\/wp-content\/uploads\/usu3056\/2025\/10\/WhatsApp-Image-2025-10-13-at-15.38.04-8.jpeg 1600w\" sizes=\"auto, (max-width: 1024px) 100vw, 1024px\" \/><\/a><\/figure>\n\n\n\n<figure class=\"wp-block-image size-large\"><a href=\"https:\/\/agora.xtec.cat\/llar-elsginjols\/wp-content\/uploads\/usu3056\/2025\/10\/WhatsApp-Image-2025-10-13-at-15.38.04-9.jpeg\"><img loading=\"lazy\" decoding=\"async\" width=\"1024\" height=\"461\" data-id=\"1142\" src=\"https:\/\/agora.xtec.cat\/llar-elsginjols\/wp-content\/uploads\/usu3056\/2025\/10\/WhatsApp-Image-2025-10-13-at-15.38.04-9-1024x461.jpeg\" alt=\"\" class=\"wp-image-1142\" srcset=\"https:\/\/agora.xtec.cat\/llar-elsginjols\/wp-content\/uploads\/usu3056\/2025\/10\/WhatsApp-Image-2025-10-13-at-15.38.04-9-1024x461.jpeg 1024w, https:\/\/agora.xtec.cat\/llar-elsginjols\/wp-content\/uploads\/usu3056\/2025\/10\/WhatsApp-Image-2025-10-13-at-15.38.04-9-300x135.jpeg 300w, https:\/\/agora.xtec.cat\/llar-elsginjols\/wp-content\/uploads\/usu3056\/2025\/10\/WhatsApp-Image-2025-10-13-at-15.38.04-9-768x346.jpeg 768w, https:\/\/agora.xtec.cat\/llar-elsginjols\/wp-content\/uploads\/usu3056\/2025\/10\/WhatsApp-Image-2025-10-13-at-15.38.04-9-1536x691.jpeg 1536w, https:\/\/agora.xtec.cat\/llar-elsginjols\/wp-content\/uploads\/usu3056\/2025\/10\/WhatsApp-Image-2025-10-13-at-15.38.04-9.jpeg 1600w\" sizes=\"auto, (max-width: 1024px) 100vw, 1024px\" \/><\/a><\/figure>\n\n\n\n<figure class=\"wp-block-image size-large\"><a href=\"https:\/\/agora.xtec.cat\/llar-elsginjols\/wp-content\/uploads\/usu3056\/2025\/10\/WhatsApp-Image-2025-10-13-at-15.38.04.jpeg\"><img loading=\"lazy\" decoding=\"async\" width=\"1024\" height=\"461\" data-id=\"1143\" src=\"https:\/\/agora.xtec.cat\/llar-elsginjols\/wp-content\/uploads\/usu3056\/2025\/10\/WhatsApp-Image-2025-10-13-at-15.38.04-1024x461.jpeg\" alt=\"\" class=\"wp-image-1143\" srcset=\"https:\/\/agora.xtec.cat\/llar-elsginjols\/wp-content\/uploads\/usu3056\/2025\/10\/WhatsApp-Image-2025-10-13-at-15.38.04-1024x461.jpeg 1024w, https:\/\/agora.xtec.cat\/llar-elsginjols\/wp-content\/uploads\/usu3056\/2025\/10\/WhatsApp-Image-2025-10-13-at-15.38.04-300x135.jpeg 300w, https:\/\/agora.xtec.cat\/llar-elsginjols\/wp-content\/uploads\/usu3056\/2025\/10\/WhatsApp-Image-2025-10-13-at-15.38.04-768x346.jpeg 768w, https:\/\/agora.xtec.cat\/llar-elsginjols\/wp-content\/uploads\/usu3056\/2025\/10\/WhatsApp-Image-2025-10-13-at-15.38.04-1536x691.jpeg 1536w, https:\/\/agora.xtec.cat\/llar-elsginjols\/wp-content\/uploads\/usu3056\/2025\/10\/WhatsApp-Image-2025-10-13-at-15.38.04.jpeg 1600w\" sizes=\"auto, (max-width: 1024px) 100vw, 1024px\" \/><\/a><\/figure>\n\n\n\n<figure class=\"wp-block-image size-large\"><a href=\"https:\/\/agora.xtec.cat\/llar-elsginjols\/wp-content\/uploads\/usu3056\/2025\/10\/WhatsApp-Image-2025-10-13-at-15.38.04-2.jpeg\"><img loading=\"lazy\" decoding=\"async\" width=\"1024\" height=\"461\" data-id=\"1135\" src=\"https:\/\/agora.xtec.cat\/llar-elsginjols\/wp-content\/uploads\/usu3056\/2025\/10\/WhatsApp-Image-2025-10-13-at-15.38.04-2-1024x461.jpeg\" alt=\"\" class=\"wp-image-1135\" srcset=\"https:\/\/agora.xtec.cat\/llar-elsginjols\/wp-content\/uploads\/usu3056\/2025\/10\/WhatsApp-Image-2025-10-13-at-15.38.04-2-1024x461.jpeg 1024w, https:\/\/agora.xtec.cat\/llar-elsginjols\/wp-content\/uploads\/usu3056\/2025\/10\/WhatsApp-Image-2025-10-13-at-15.38.04-2-300x135.jpeg 300w, https:\/\/agora.xtec.cat\/llar-elsginjols\/wp-content\/uploads\/usu3056\/2025\/10\/WhatsApp-Image-2025-10-13-at-15.38.04-2-768x346.jpeg 768w, https:\/\/agora.xtec.cat\/llar-elsginjols\/wp-content\/uploads\/usu3056\/2025\/10\/WhatsApp-Image-2025-10-13-at-15.38.04-2-1536x691.jpeg 1536w, https:\/\/agora.xtec.cat\/llar-elsginjols\/wp-content\/uploads\/usu3056\/2025\/10\/WhatsApp-Image-2025-10-13-at-15.38.04-2.jpeg 1600w\" sizes=\"auto, (max-width: 1024px) 100vw, 1024px\" \/><\/a><\/figure>\n\n\n\n<figure class=\"wp-block-image size-large\"><a href=\"https:\/\/agora.xtec.cat\/llar-elsginjols\/wp-content\/uploads\/usu3056\/2025\/10\/WhatsApp-Image-2025-09-04-at-16.23.02.jpeg\"><img loading=\"lazy\" decoding=\"async\" width=\"768\" height=\"1024\" data-id=\"1131\" src=\"https:\/\/agora.xtec.cat\/llar-elsginjols\/wp-content\/uploads\/usu3056\/2025\/10\/WhatsApp-Image-2025-09-04-at-16.23.02-768x1024.jpeg\" alt=\"\" class=\"wp-image-1131\" srcset=\"https:\/\/agora.xtec.cat\/llar-elsginjols\/wp-content\/uploads\/usu3056\/2025\/10\/WhatsApp-Image-2025-09-04-at-16.23.02-768x1024.jpeg 768w, https:\/\/agora.xtec.cat\/llar-elsginjols\/wp-content\/uploads\/usu3056\/2025\/10\/WhatsApp-Image-2025-09-04-at-16.23.02-225x300.jpeg 225w, https:\/\/agora.xtec.cat\/llar-elsginjols\/wp-content\/uploads\/usu3056\/2025\/10\/WhatsApp-Image-2025-09-04-at-16.23.02-1152x1536.jpeg 1152w, https:\/\/agora.xtec.cat\/llar-elsginjols\/wp-content\/uploads\/usu3056\/2025\/10\/WhatsApp-Image-2025-09-04-at-16.23.02.jpeg 1200w\" sizes=\"auto, (max-width: 768px) 100vw, 768px\" \/><\/a><\/figure>\n\n\n\n<figure class=\"wp-block-image size-large\"><a href=\"https:\/\/agora.xtec.cat\/llar-elsginjols\/wp-content\/uploads\/usu3056\/2025\/10\/WhatsApp-Image-2025-09-04-at-16.23.01-5.jpeg\"><img loading=\"lazy\" decoding=\"async\" width=\"768\" height=\"1024\" data-id=\"1126\" src=\"https:\/\/agora.xtec.cat\/llar-elsginjols\/wp-content\/uploads\/usu3056\/2025\/10\/WhatsApp-Image-2025-09-04-at-16.23.01-5-768x1024.jpeg\" alt=\"\" class=\"wp-image-1126\" srcset=\"https:\/\/agora.xtec.cat\/llar-elsginjols\/wp-content\/uploads\/usu3056\/2025\/10\/WhatsApp-Image-2025-09-04-at-16.23.01-5-768x1024.jpeg 768w, https:\/\/agora.xtec.cat\/llar-elsginjols\/wp-content\/uploads\/usu3056\/2025\/10\/WhatsApp-Image-2025-09-04-at-16.23.01-5-225x300.jpeg 225w, https:\/\/agora.xtec.cat\/llar-elsginjols\/wp-content\/uploads\/usu3056\/2025\/10\/WhatsApp-Image-2025-09-04-at-16.23.01-5-1152x1536.jpeg 1152w, https:\/\/agora.xtec.cat\/llar-elsginjols\/wp-content\/uploads\/usu3056\/2025\/10\/WhatsApp-Image-2025-09-04-at-16.23.01-5.jpeg 1200w\" sizes=\"auto, (max-width: 768px) 100vw, 768px\" \/><\/a><\/figure>\n<\/figure>\n","protected":false},"excerpt":{"rendered":"<p>L&#8217;estan\u00e7a groga hi ha infants de l&#8217;any als dos anys.<\/p>\n<p>T\u00e9 diversos racons de joc adequats a les seves necessitats de joc i moviment. Tamb\u00e9 t\u00e9 una zona pel canvi de bolquer, un espai pels \u00e0pats i una zona adaptada per la higiene de mans i&hellip;  <a href=\"https:\/\/agora.xtec.cat\/llar-elsginjols\/nivells\/mitjans\/\" title=\"Read Estan\u00e7a groga\">Llegeix m\u00e9s\u00bb<\/a><\/p>\n","protected":false},"author":1,"featured_media":0,"parent":87,"menu_order":2,"comment_status":"closed","ping_status":"close","template":"page-templates\/side-menu.php","meta":{"footnotes":""},"class_list":["post-782","page","type-page","status-publish","hentry"],"post_mailing_queue_ids":[],"_links":{"self":[{"href":"https:\/\/agora.xtec.cat\/llar-elsginjols\/wp-json\/wp\/v2\/pages\/782","targetHints":{"allow":["GET"]}}],"collection":[{"href":"https:\/\/agora.xtec.cat\/llar-elsginjols\/wp-json\/wp\/v2\/pages"}],"about":[{"href":"https:\/\/agora.xtec.cat\/llar-elsginjols\/wp-json\/wp\/v2\/types\/page"}],"author":[{"embeddable":true,"href":"https:\/\/agora.xtec.cat\/llar-elsginjols\/wp-json\/wp\/v2\/users\/1"}],"replies":[{"embeddable":true,"href":"https:\/\/agora.xtec.cat\/llar-elsginjols\/wp-json\/wp\/v2\/comments?post=782"}],"version-history":[{"count":6,"href":"https:\/\/agora.xtec.cat\/llar-elsginjols\/wp-json\/wp\/v2\/pages\/782\/revisions"}],"predecessor-version":[{"id":1179,"href":"https:\/\/agora.xtec.cat\/llar-elsginjols\/wp-json\/wp\/v2\/pages\/782\/revisions\/1179"}],"up":[{"embeddable":true,"href":"https:\/\/agora.xtec.cat\/llar-elsginjols\/wp-json\/wp\/v2\/pages\/87"}],"wp:attachment":[{"href":"https:\/\/agora.xtec.cat\/llar-elsginjols\/wp-json\/wp\/v2\/media?parent=782"}],"curies":[{"name":"wp","href":"https:\/\/api.w.org\/{rel}","templated":true}]}}

Estança groga

<p>L&#8217;<strong>estança groga</strong> hi ha infants de <strong>l&#8217;any als dos anys</strong>.</p>



<p>Té diversos racons de joc adequats a les seves necessitats de joc i moviment. També té una zona pel canvi de bolquer, un espai pels àpats i una zona adaptada per la higiene de mans i cara.</p>



<figure class="wp-block-gallery has-nested-images columns-default is-cropped wp-block-gallery-1 is-layout-flex wp-block-gallery-is-layout-flex">
<figure class="wp-block-image size-large"><a href="https://agora.xtec.cat/llar-elsginjols/wp-content/uploads/usu3056/2025/10/WhatsApp-Image-2025-10-13-at-15.38.04-8.jpeg"><img loading="lazy" decoding="async" width="1024" height="461" data-id="1141" src="https://agora.xtec.cat/llar-elsginjols/wp-content/uploads/usu3056/2025/10/WhatsApp-Image-2025-10-13-at-15.38.04-8-1024x461.jpeg" alt="" class="wp-image-1141" srcset="https://agora.xtec.cat/llar-elsginjols/wp-content/uploads/usu3056/2025/10/WhatsApp-Image-2025-10-13-at-15.38.04-8-1024x461.jpeg 1024w, https://agora.xtec.cat/llar-elsginjols/wp-content/uploads/usu3056/2025/10/WhatsApp-Image-2025-10-13-at-15.38.04-8-300x135.jpeg 300w, https://agora.xtec.cat/llar-elsginjols/wp-content/uploads/usu3056/2025/10/WhatsApp-Image-2025-10-13-at-15.38.04-8-768x346.jpeg 768w, https://agora.xtec.cat/llar-elsginjols/wp-content/uploads/usu3056/2025/10/WhatsApp-Image-2025-10-13-at-15.38.04-8-1536x691.jpeg 1536w, https://agora.xtec.cat/llar-elsginjols/wp-content/uploads/usu3056/2025/10/WhatsApp-Image-2025-10-13-at-15.38.04-8.jpeg 1600w" sizes="auto, (max-width: 1024px) 100vw, 1024px" /></a></figure>



<figure class="wp-block-image size-large"><a href="https://agora.xtec.cat/llar-elsginjols/wp-content/uploads/usu3056/2025/10/WhatsApp-Image-2025-10-13-at-15.38.04-9.jpeg"><img loading="lazy" decoding="async" width="1024" height="461" data-id="1142" src="https://agora.xtec.cat/llar-elsginjols/wp-content/uploads/usu3056/2025/10/WhatsApp-Image-2025-10-13-at-15.38.04-9-1024x461.jpeg" alt="" class="wp-image-1142" srcset="https://agora.xtec.cat/llar-elsginjols/wp-content/uploads/usu3056/2025/10/WhatsApp-Image-2025-10-13-at-15.38.04-9-1024x461.jpeg 1024w, https://agora.xtec.cat/llar-elsginjols/wp-content/uploads/usu3056/2025/10/WhatsApp-Image-2025-10-13-at-15.38.04-9-300x135.jpeg 300w, https://agora.xtec.cat/llar-elsginjols/wp-content/uploads/usu3056/2025/10/WhatsApp-Image-2025-10-13-at-15.38.04-9-768x346.jpeg 768w, https://agora.xtec.cat/llar-elsginjols/wp-content/uploads/usu3056/2025/10/WhatsApp-Image-2025-10-13-at-15.38.04-9-1536x691.jpeg 1536w, https://agora.xtec.cat/llar-elsginjols/wp-content/uploads/usu3056/2025/10/WhatsApp-Image-2025-10-13-at-15.38.04-9.jpeg 1600w" sizes="auto, (max-width: 1024px) 100vw, 1024px" /></a></figure>



<figure class="wp-block-image size-large"><a href="https://agora.xtec.cat/llar-elsginjols/wp-content/uploads/usu3056/2025/10/WhatsApp-Image-2025-10-13-at-15.38.04.jpeg"><img loading="lazy" decoding="async" width="1024" height="461" data-id="1143" src="https://agora.xtec.cat/llar-elsginjols/wp-content/uploads/usu3056/2025/10/WhatsApp-Image-2025-10-13-at-15.38.04-1024x461.jpeg" alt="" class="wp-image-1143" srcset="https://agora.xtec.cat/llar-elsginjols/wp-content/uploads/usu3056/2025/10/WhatsApp-Image-2025-10-13-at-15.38.04-1024x461.jpeg 1024w, https://agora.xtec.cat/llar-elsginjols/wp-content/uploads/usu3056/2025/10/WhatsApp-Image-2025-10-13-at-15.38.04-300x135.jpeg 300w, https://agora.xtec.cat/llar-elsginjols/wp-content/uploads/usu3056/2025/10/WhatsApp-Image-2025-10-13-at-15.38.04-768x346.jpeg 768w, https://agora.xtec.cat/llar-elsginjols/wp-content/uploads/usu3056/2025/10/WhatsApp-Image-2025-10-13-at-15.38.04-1536x691.jpeg 1536w, https://agora.xtec.cat/llar-elsginjols/wp-content/uploads/usu3056/2025/10/WhatsApp-Image-2025-10-13-at-15.38.04.jpeg 1600w" sizes="auto, (max-width: 1024px) 100vw, 1024px" /></a></figure>



<figure class="wp-block-image size-large"><a href="https://agora.xtec.cat/llar-elsginjols/wp-content/uploads/usu3056/2025/10/WhatsApp-Image-2025-10-13-at-15.38.04-2.jpeg"><img loading="lazy" decoding="async" width="1024" height="461" data-id="1135" src="https://agora.xtec.cat/llar-elsginjols/wp-content/uploads/usu3056/2025/10/WhatsApp-Image-2025-10-13-at-15.38.04-2-1024x461.jpeg" alt="" class="wp-image-1135" srcset="https://agora.xtec.cat/llar-elsginjols/wp-content/uploads/usu3056/2025/10/WhatsApp-Image-2025-10-13-at-15.38.04-2-1024x461.jpeg 1024w, https://agora.xtec.cat/llar-elsginjols/wp-content/uploads/usu3056/2025/10/WhatsApp-Image-2025-10-13-at-15.38.04-2-300x135.jpeg 300w, https://agora.xtec.cat/llar-elsginjols/wp-content/uploads/usu3056/2025/10/WhatsApp-Image-2025-10-13-at-15.38.04-2-768x346.jpeg 768w, https://agora.xtec.cat/llar-elsginjols/wp-content/uploads/usu3056/2025/10/WhatsApp-Image-2025-10-13-at-15.38.04-2-1536x691.jpeg 1536w, https://agora.xtec.cat/llar-elsginjols/wp-content/uploads/usu3056/2025/10/WhatsApp-Image-2025-10-13-at-15.38.04-2.jpeg 1600w" sizes="auto, (max-width: 1024px) 100vw, 1024px" /></a></figure>



<figure class="wp-block-image size-large"><a href="https://agora.xtec.cat/llar-elsginjols/wp-content/uploads/usu3056/2025/10/WhatsApp-Image-2025-09-04-at-16.23.02.jpeg"><img loading="lazy" decoding="async" width="768" height="1024" data-id="1131" src="https://agora.xtec.cat/llar-elsginjols/wp-content/uploads/usu3056/2025/10/WhatsApp-Image-2025-09-04-at-16.23.02-768x1024.jpeg" alt="" class="wp-image-1131" srcset="https://agora.xtec.cat/llar-elsginjols/wp-content/uploads/usu3056/2025/10/WhatsApp-Image-2025-09-04-at-16.23.02-768x1024.jpeg 768w, https://agora.xtec.cat/llar-elsginjols/wp-content/uploads/usu3056/2025/10/WhatsApp-Image-2025-09-04-at-16.23.02-225x300.jpeg 225w, https://agora.xtec.cat/llar-elsginjols/wp-content/uploads/usu3056/2025/10/WhatsApp-Image-2025-09-04-at-16.23.02-1152x1536.jpeg 1152w, https://agora.xtec.cat/llar-elsginjols/wp-content/uploads/usu3056/2025/10/WhatsApp-Image-2025-09-04-at-16.23.02.jpeg 1200w" sizes="auto, (max-width: 768px) 100vw, 768px" /></a></figure>



<figure class="wp-block-image size-large"><a href="https://agora.xtec.cat/llar-elsginjols/wp-content/uploads/usu3056/2025/10/WhatsApp-Image-2025-09-04-at-16.23.01-5.jpeg"><img loading="lazy" decoding="async" width="768" height="1024" data-id="1126" src="https://agora.xtec.cat/llar-elsginjols/wp-content/uploads/usu3056/2025/10/WhatsApp-Image-2025-09-04-at-16.23.01-5-768x1024.jpeg" alt="" class="wp-image-1126" srcset="https://agora.xtec.cat/llar-elsginjols/wp-content/uploads/usu3056/2025/10/WhatsApp-Image-2025-09-04-at-16.23.01-5-768x1024.jpeg 768w, https://agora.xtec.cat/llar-elsginjols/wp-content/uploads/usu3056/2025/10/WhatsApp-Image-2025-09-04-at-16.23.01-5-225x300.jpeg 225w, https://agora.xtec.cat/llar-elsginjols/wp-content/uploads/usu3056/2025/10/WhatsApp-Image-2025-09-04-at-16.23.01-5-1152x1536.jpeg 1152w, https://agora.xtec.cat/llar-elsginjols/wp-content/uploads/usu3056/2025/10/WhatsApp-Image-2025-09-04-at-16.23.01-5.jpeg 1200w" sizes="auto, (max-width: 768px) 100vw, 768px" /></a></figure>
</figure>

<p>L&#8217;estança groga hi ha infants de l&#8217;any als dos anys.</p>
<p>Té diversos racons de joc adequats a les seves necessitats de joc i moviment. També té una zona pel canvi de bolquer, un espai pels àpats i una zona adaptada per la higiene de mans i&hellip;  <a href="https://agora.xtec.cat/llar-elsginjols/nivells/mitjans/" title="Read Estança groga">Llegeix més»</a></p>
