{"id":781,"date":"2024-09-15T19:07:11","date_gmt":"2024-09-15T17:07:11","guid":{"rendered":"https:\/\/agora.xtec.cat\/llar-elsginjols\/?page_id=781"},"modified":"2026-03-07T11:12:08","modified_gmt":"2026-03-07T10:12:08","slug":"nadons","status":"publish","type":"page","link":"https:\/\/agora.xtec.cat\/llar-elsginjols\/nivells\/nadons\/","title":{"rendered":"Estan\u00e7a blava"},"content":{"rendered":"\n<p>A l&#8217;<strong>estan\u00e7a blava <\/strong>hi ha infants dels <strong>quatre mesos fins a l&#8217;any<\/strong>. <\/p>\n\n\n\n<p>\u00c9s un espai adaptat a les necessitats dels m\u00e9s petits i petites. Hi ha materials diferents (fusta, roba, metall, pl\u00e0stic, etc.) per poder explorar amb tots els sentits. Tamb\u00e9 t\u00e9 diferents racons destinats a les cures, a l&#8217;alimentaci\u00f3 i al descans. <\/p>\n\n\n\n<p><a href=\"https:\/\/agora.xtec.cat\/llar-elsginjols\/matricula\/\" data-type=\"link\" data-id=\"https:\/\/agora.xtec.cat\/llar-elsginjols\/matricula\/\"><mark style=\"background-color:#90ddda\" class=\"has-inline-color has-black-color\">Matricula&#8217;t<\/mark><\/a><\/p>\n\n\n\n<figure class=\"wp-block-gallery has-nested-images columns-default is-cropped wp-block-gallery-1 is-layout-flex wp-block-gallery-is-layout-flex\">\n<figure class=\"wp-block-image size-large\"><a href=\"https:\/\/agora.xtec.cat\/llar-elsginjols\/wp-content\/uploads\/usu3056\/2025\/10\/WhatsApp-Image-2025-09-04-at-16.23.04.jpeg\"><img loading=\"lazy\" decoding=\"async\" width=\"768\" height=\"1024\" data-id=\"1097\" src=\"https:\/\/agora.xtec.cat\/llar-elsginjols\/wp-content\/uploads\/usu3056\/2025\/10\/WhatsApp-Image-2025-09-04-at-16.23.04-768x1024.jpeg\" alt=\"\" class=\"wp-image-1097\" srcset=\"https:\/\/agora.xtec.cat\/llar-elsginjols\/wp-content\/uploads\/usu3056\/2025\/10\/WhatsApp-Image-2025-09-04-at-16.23.04-768x1024.jpeg 768w, https:\/\/agora.xtec.cat\/llar-elsginjols\/wp-content\/uploads\/usu3056\/2025\/10\/WhatsApp-Image-2025-09-04-at-16.23.04-225x300.jpeg 225w, https:\/\/agora.xtec.cat\/llar-elsginjols\/wp-content\/uploads\/usu3056\/2025\/10\/WhatsApp-Image-2025-09-04-at-16.23.04-1152x1536.jpeg 1152w, https:\/\/agora.xtec.cat\/llar-elsginjols\/wp-content\/uploads\/usu3056\/2025\/10\/WhatsApp-Image-2025-09-04-at-16.23.04.jpeg 1200w\" sizes=\"auto, (max-width: 768px) 100vw, 768px\" \/><\/a><\/figure>\n\n\n\n<figure class=\"wp-block-image size-large\"><a href=\"https:\/\/agora.xtec.cat\/llar-elsginjols\/wp-content\/uploads\/usu3056\/2025\/10\/WhatsApp-Image-2025-10-13-at-15.38.02-2.jpeg\"><img loading=\"lazy\" decoding=\"async\" width=\"768\" height=\"1024\" data-id=\"1103\" src=\"https:\/\/agora.xtec.cat\/llar-elsginjols\/wp-content\/uploads\/usu3056\/2025\/10\/WhatsApp-Image-2025-10-13-at-15.38.02-2-768x1024.jpeg\" alt=\"\" class=\"wp-image-1103\" srcset=\"https:\/\/agora.xtec.cat\/llar-elsginjols\/wp-content\/uploads\/usu3056\/2025\/10\/WhatsApp-Image-2025-10-13-at-15.38.02-2-768x1024.jpeg 768w, https:\/\/agora.xtec.cat\/llar-elsginjols\/wp-content\/uploads\/usu3056\/2025\/10\/WhatsApp-Image-2025-10-13-at-15.38.02-2-225x300.jpeg 225w, https:\/\/agora.xtec.cat\/llar-elsginjols\/wp-content\/uploads\/usu3056\/2025\/10\/WhatsApp-Image-2025-10-13-at-15.38.02-2-1152x1536.jpeg 1152w, https:\/\/agora.xtec.cat\/llar-elsginjols\/wp-content\/uploads\/usu3056\/2025\/10\/WhatsApp-Image-2025-10-13-at-15.38.02-2.jpeg 1200w\" sizes=\"auto, (max-width: 768px) 100vw, 768px\" \/><\/a><\/figure>\n\n\n\n<figure class=\"wp-block-image size-large\"><a href=\"https:\/\/agora.xtec.cat\/llar-elsginjols\/wp-content\/uploads\/usu3056\/2025\/10\/WhatsApp-Image-2025-09-04-at-16.23.04-1.jpeg\"><img loading=\"lazy\" decoding=\"async\" width=\"768\" height=\"1024\" data-id=\"1094\" src=\"https:\/\/agora.xtec.cat\/llar-elsginjols\/wp-content\/uploads\/usu3056\/2025\/10\/WhatsApp-Image-2025-09-04-at-16.23.04-1-768x1024.jpeg\" alt=\"\" class=\"wp-image-1094\" srcset=\"https:\/\/agora.xtec.cat\/llar-elsginjols\/wp-content\/uploads\/usu3056\/2025\/10\/WhatsApp-Image-2025-09-04-at-16.23.04-1-768x1024.jpeg 768w, https:\/\/agora.xtec.cat\/llar-elsginjols\/wp-content\/uploads\/usu3056\/2025\/10\/WhatsApp-Image-2025-09-04-at-16.23.04-1-225x300.jpeg 225w, https:\/\/agora.xtec.cat\/llar-elsginjols\/wp-content\/uploads\/usu3056\/2025\/10\/WhatsApp-Image-2025-09-04-at-16.23.04-1-1152x1536.jpeg 1152w, https:\/\/agora.xtec.cat\/llar-elsginjols\/wp-content\/uploads\/usu3056\/2025\/10\/WhatsApp-Image-2025-09-04-at-16.23.04-1.jpeg 1200w\" sizes=\"auto, (max-width: 768px) 100vw, 768px\" \/><\/a><\/figure>\n\n\n\n<figure class=\"wp-block-image size-large\"><a href=\"https:\/\/agora.xtec.cat\/llar-elsginjols\/wp-content\/uploads\/usu3056\/2024\/09\/Imatge-19-scaled.jpg\"><img loading=\"lazy\" decoding=\"async\" width=\"1024\" height=\"768\" data-id=\"793\" src=\"https:\/\/agora.xtec.cat\/llar-elsginjols\/wp-content\/uploads\/usu3056\/2024\/09\/Imatge-19-1024x768.jpg\" alt=\"\" class=\"wp-image-793\" srcset=\"https:\/\/agora.xtec.cat\/llar-elsginjols\/wp-content\/uploads\/usu3056\/2024\/09\/Imatge-19-1024x768.jpg 1024w, https:\/\/agora.xtec.cat\/llar-elsginjols\/wp-content\/uploads\/usu3056\/2024\/09\/Imatge-19-300x225.jpg 300w, https:\/\/agora.xtec.cat\/llar-elsginjols\/wp-content\/uploads\/usu3056\/2024\/09\/Imatge-19-768x576.jpg 768w, https:\/\/agora.xtec.cat\/llar-elsginjols\/wp-content\/uploads\/usu3056\/2024\/09\/Imatge-19-1536x1152.jpg 1536w, https:\/\/agora.xtec.cat\/llar-elsginjols\/wp-content\/uploads\/usu3056\/2024\/09\/Imatge-19-2048x1536.jpg 2048w, https:\/\/agora.xtec.cat\/llar-elsginjols\/wp-content\/uploads\/usu3056\/2024\/09\/Imatge-19-200x150.jpg 200w\" sizes=\"auto, (max-width: 1024px) 100vw, 1024px\" \/><\/a><\/figure>\n\n\n\n<figure class=\"wp-block-image size-large\"><a href=\"https:\/\/agora.xtec.cat\/llar-elsginjols\/wp-content\/uploads\/usu3056\/2025\/10\/WhatsApp-Image-2025-10-13-at-15.38.02-4.jpeg\"><img loading=\"lazy\" decoding=\"async\" width=\"1024\" height=\"768\" data-id=\"1087\" src=\"https:\/\/agora.xtec.cat\/llar-elsginjols\/wp-content\/uploads\/usu3056\/2025\/10\/WhatsApp-Image-2025-10-13-at-15.38.02-4-1024x768.jpeg\" alt=\"\" class=\"wp-image-1087\" srcset=\"https:\/\/agora.xtec.cat\/llar-elsginjols\/wp-content\/uploads\/usu3056\/2025\/10\/WhatsApp-Image-2025-10-13-at-15.38.02-4-1024x768.jpeg 1024w, https:\/\/agora.xtec.cat\/llar-elsginjols\/wp-content\/uploads\/usu3056\/2025\/10\/WhatsApp-Image-2025-10-13-at-15.38.02-4-300x225.jpeg 300w, https:\/\/agora.xtec.cat\/llar-elsginjols\/wp-content\/uploads\/usu3056\/2025\/10\/WhatsApp-Image-2025-10-13-at-15.38.02-4-768x576.jpeg 768w, https:\/\/agora.xtec.cat\/llar-elsginjols\/wp-content\/uploads\/usu3056\/2025\/10\/WhatsApp-Image-2025-10-13-at-15.38.02-4-1536x1152.jpeg 1536w, https:\/\/agora.xtec.cat\/llar-elsginjols\/wp-content\/uploads\/usu3056\/2025\/10\/WhatsApp-Image-2025-10-13-at-15.38.02-4-200x150.jpeg 200w, https:\/\/agora.xtec.cat\/llar-elsginjols\/wp-content\/uploads\/usu3056\/2025\/10\/WhatsApp-Image-2025-10-13-at-15.38.02-4.jpeg 1600w\" sizes=\"auto, (max-width: 1024px) 100vw, 1024px\" \/><\/a><\/figure>\n\n\n\n<figure class=\"wp-block-image size-large\"><a href=\"https:\/\/agora.xtec.cat\/llar-elsginjols\/wp-content\/uploads\/usu3056\/2025\/10\/WhatsApp-Image-2025-09-04-at-16.23.03-6-1.jpeg\"><img loading=\"lazy\" decoding=\"async\" width=\"768\" height=\"1024\" data-id=\"1091\" src=\"https:\/\/agora.xtec.cat\/llar-elsginjols\/wp-content\/uploads\/usu3056\/2025\/10\/WhatsApp-Image-2025-09-04-at-16.23.03-6-1-768x1024.jpeg\" alt=\"\" class=\"wp-image-1091\" srcset=\"https:\/\/agora.xtec.cat\/llar-elsginjols\/wp-content\/uploads\/usu3056\/2025\/10\/WhatsApp-Image-2025-09-04-at-16.23.03-6-1-768x1024.jpeg 768w, https:\/\/agora.xtec.cat\/llar-elsginjols\/wp-content\/uploads\/usu3056\/2025\/10\/WhatsApp-Image-2025-09-04-at-16.23.03-6-1-225x300.jpeg 225w, https:\/\/agora.xtec.cat\/llar-elsginjols\/wp-content\/uploads\/usu3056\/2025\/10\/WhatsApp-Image-2025-09-04-at-16.23.03-6-1-1152x1536.jpeg 1152w, https:\/\/agora.xtec.cat\/llar-elsginjols\/wp-content\/uploads\/usu3056\/2025\/10\/WhatsApp-Image-2025-09-04-at-16.23.03-6-1.jpeg 1200w\" sizes=\"auto, (max-width: 768px) 100vw, 768px\" \/><\/a><\/figure>\n<\/figure>\n\n\n\n<div style=\"height:52px\" aria-hidden=\"true\" class=\"wp-block-spacer\"><\/div>\n","protected":false},"excerpt":{"rendered":"<p>A l&#8217;estan\u00e7a blava hi ha infants dels quatre mesos fins a l&#8217;any. <\/p>\n<p>\u00c9s un espai adaptat a les necessitats dels m\u00e9s petits i petites. Hi ha materials diferents (fusta, roba, metall, pl\u00e0stic, etc.) per poder explorar amb tots els sentits. Tamb\u00e9 t\u00e9 diferents racons destinats&hellip;  <a href=\"https:\/\/agora.xtec.cat\/llar-elsginjols\/nivells\/nadons\/\" title=\"Read Estan\u00e7a blava\">Llegeix m\u00e9s\u00bb<\/a><\/p>\n","protected":false},"author":1,"featured_media":0,"parent":87,"menu_order":1,"comment_status":"closed","ping_status":"close","template":"page-templates\/side-menu.php","meta":{"footnotes":""},"class_list":["post-781","page","type-page","status-publish","hentry"],"post_mailing_queue_ids":[],"_links":{"self":[{"href":"https:\/\/agora.xtec.cat\/llar-elsginjols\/wp-json\/wp\/v2\/pages\/781","targetHints":{"allow":["GET"]}}],"collection":[{"href":"https:\/\/agora.xtec.cat\/llar-elsginjols\/wp-json\/wp\/v2\/pages"}],"about":[{"href":"https:\/\/agora.xtec.cat\/llar-elsginjols\/wp-json\/wp\/v2\/types\/page"}],"author":[{"embeddable":true,"href":"https:\/\/agora.xtec.cat\/llar-elsginjols\/wp-json\/wp\/v2\/users\/1"}],"replies":[{"embeddable":true,"href":"https:\/\/agora.xtec.cat\/llar-elsginjols\/wp-json\/wp\/v2\/comments?post=781"}],"version-history":[{"count":6,"href":"https:\/\/agora.xtec.cat\/llar-elsginjols\/wp-json\/wp\/v2\/pages\/781\/revisions"}],"predecessor-version":[{"id":1178,"href":"https:\/\/agora.xtec.cat\/llar-elsginjols\/wp-json\/wp\/v2\/pages\/781\/revisions\/1178"}],"up":[{"embeddable":true,"href":"https:\/\/agora.xtec.cat\/llar-elsginjols\/wp-json\/wp\/v2\/pages\/87"}],"wp:attachment":[{"href":"https:\/\/agora.xtec.cat\/llar-elsginjols\/wp-json\/wp\/v2\/media?parent=781"}],"curies":[{"name":"wp","href":"https:\/\/api.w.org\/{rel}","templated":true}]}}

Estança blava

<p>A l&#8217;<strong>estança blava </strong>hi ha infants dels <strong>quatre mesos fins a l&#8217;any</strong>. </p>



<p>És un espai adaptat a les necessitats dels més petits i petites. Hi ha materials diferents (fusta, roba, metall, plàstic, etc.) per poder explorar amb tots els sentits. També té diferents racons destinats a les cures, a l&#8217;alimentació i al descans. </p>



<p><a href="https://agora.xtec.cat/llar-elsginjols/matricula/" data-type="link" data-id="https://agora.xtec.cat/llar-elsginjols/matricula/"><mark style="background-color:#90ddda" class="has-inline-color has-black-color">Matricula&#8217;t</mark></a></p>



<figure class="wp-block-gallery has-nested-images columns-default is-cropped wp-block-gallery-1 is-layout-flex wp-block-gallery-is-layout-flex">
<figure class="wp-block-image size-large"><a href="https://agora.xtec.cat/llar-elsginjols/wp-content/uploads/usu3056/2025/10/WhatsApp-Image-2025-09-04-at-16.23.04.jpeg"><img loading="lazy" decoding="async" width="768" height="1024" data-id="1097" src="https://agora.xtec.cat/llar-elsginjols/wp-content/uploads/usu3056/2025/10/WhatsApp-Image-2025-09-04-at-16.23.04-768x1024.jpeg" alt="" class="wp-image-1097" srcset="https://agora.xtec.cat/llar-elsginjols/wp-content/uploads/usu3056/2025/10/WhatsApp-Image-2025-09-04-at-16.23.04-768x1024.jpeg 768w, https://agora.xtec.cat/llar-elsginjols/wp-content/uploads/usu3056/2025/10/WhatsApp-Image-2025-09-04-at-16.23.04-225x300.jpeg 225w, https://agora.xtec.cat/llar-elsginjols/wp-content/uploads/usu3056/2025/10/WhatsApp-Image-2025-09-04-at-16.23.04-1152x1536.jpeg 1152w, https://agora.xtec.cat/llar-elsginjols/wp-content/uploads/usu3056/2025/10/WhatsApp-Image-2025-09-04-at-16.23.04.jpeg 1200w" sizes="auto, (max-width: 768px) 100vw, 768px" /></a></figure>



<figure class="wp-block-image size-large"><a href="https://agora.xtec.cat/llar-elsginjols/wp-content/uploads/usu3056/2025/10/WhatsApp-Image-2025-10-13-at-15.38.02-2.jpeg"><img loading="lazy" decoding="async" width="768" height="1024" data-id="1103" src="https://agora.xtec.cat/llar-elsginjols/wp-content/uploads/usu3056/2025/10/WhatsApp-Image-2025-10-13-at-15.38.02-2-768x1024.jpeg" alt="" class="wp-image-1103" srcset="https://agora.xtec.cat/llar-elsginjols/wp-content/uploads/usu3056/2025/10/WhatsApp-Image-2025-10-13-at-15.38.02-2-768x1024.jpeg 768w, https://agora.xtec.cat/llar-elsginjols/wp-content/uploads/usu3056/2025/10/WhatsApp-Image-2025-10-13-at-15.38.02-2-225x300.jpeg 225w, https://agora.xtec.cat/llar-elsginjols/wp-content/uploads/usu3056/2025/10/WhatsApp-Image-2025-10-13-at-15.38.02-2-1152x1536.jpeg 1152w, https://agora.xtec.cat/llar-elsginjols/wp-content/uploads/usu3056/2025/10/WhatsApp-Image-2025-10-13-at-15.38.02-2.jpeg 1200w" sizes="auto, (max-width: 768px) 100vw, 768px" /></a></figure>



<figure class="wp-block-image size-large"><a href="https://agora.xtec.cat/llar-elsginjols/wp-content/uploads/usu3056/2025/10/WhatsApp-Image-2025-09-04-at-16.23.04-1.jpeg"><img loading="lazy" decoding="async" width="768" height="1024" data-id="1094" src="https://agora.xtec.cat/llar-elsginjols/wp-content/uploads/usu3056/2025/10/WhatsApp-Image-2025-09-04-at-16.23.04-1-768x1024.jpeg" alt="" class="wp-image-1094" srcset="https://agora.xtec.cat/llar-elsginjols/wp-content/uploads/usu3056/2025/10/WhatsApp-Image-2025-09-04-at-16.23.04-1-768x1024.jpeg 768w, https://agora.xtec.cat/llar-elsginjols/wp-content/uploads/usu3056/2025/10/WhatsApp-Image-2025-09-04-at-16.23.04-1-225x300.jpeg 225w, https://agora.xtec.cat/llar-elsginjols/wp-content/uploads/usu3056/2025/10/WhatsApp-Image-2025-09-04-at-16.23.04-1-1152x1536.jpeg 1152w, https://agora.xtec.cat/llar-elsginjols/wp-content/uploads/usu3056/2025/10/WhatsApp-Image-2025-09-04-at-16.23.04-1.jpeg 1200w" sizes="auto, (max-width: 768px) 100vw, 768px" /></a></figure>



<figure class="wp-block-image size-large"><a href="https://agora.xtec.cat/llar-elsginjols/wp-content/uploads/usu3056/2024/09/Imatge-19-scaled.jpg"><img loading="lazy" decoding="async" width="1024" height="768" data-id="793" src="https://agora.xtec.cat/llar-elsginjols/wp-content/uploads/usu3056/2024/09/Imatge-19-1024x768.jpg" alt="" class="wp-image-793" srcset="https://agora.xtec.cat/llar-elsginjols/wp-content/uploads/usu3056/2024/09/Imatge-19-1024x768.jpg 1024w, https://agora.xtec.cat/llar-elsginjols/wp-content/uploads/usu3056/2024/09/Imatge-19-300x225.jpg 300w, https://agora.xtec.cat/llar-elsginjols/wp-content/uploads/usu3056/2024/09/Imatge-19-768x576.jpg 768w, https://agora.xtec.cat/llar-elsginjols/wp-content/uploads/usu3056/2024/09/Imatge-19-1536x1152.jpg 1536w, https://agora.xtec.cat/llar-elsginjols/wp-content/uploads/usu3056/2024/09/Imatge-19-2048x1536.jpg 2048w, https://agora.xtec.cat/llar-elsginjols/wp-content/uploads/usu3056/2024/09/Imatge-19-200x150.jpg 200w" sizes="auto, (max-width: 1024px) 100vw, 1024px" /></a></figure>



<figure class="wp-block-image size-large"><a href="https://agora.xtec.cat/llar-elsginjols/wp-content/uploads/usu3056/2025/10/WhatsApp-Image-2025-10-13-at-15.38.02-4.jpeg"><img loading="lazy" decoding="async" width="1024" height="768" data-id="1087" src="https://agora.xtec.cat/llar-elsginjols/wp-content/uploads/usu3056/2025/10/WhatsApp-Image-2025-10-13-at-15.38.02-4-1024x768.jpeg" alt="" class="wp-image-1087" srcset="https://agora.xtec.cat/llar-elsginjols/wp-content/uploads/usu3056/2025/10/WhatsApp-Image-2025-10-13-at-15.38.02-4-1024x768.jpeg 1024w, https://agora.xtec.cat/llar-elsginjols/wp-content/uploads/usu3056/2025/10/WhatsApp-Image-2025-10-13-at-15.38.02-4-300x225.jpeg 300w, https://agora.xtec.cat/llar-elsginjols/wp-content/uploads/usu3056/2025/10/WhatsApp-Image-2025-10-13-at-15.38.02-4-768x576.jpeg 768w, https://agora.xtec.cat/llar-elsginjols/wp-content/uploads/usu3056/2025/10/WhatsApp-Image-2025-10-13-at-15.38.02-4-1536x1152.jpeg 1536w, https://agora.xtec.cat/llar-elsginjols/wp-content/uploads/usu3056/2025/10/WhatsApp-Image-2025-10-13-at-15.38.02-4-200x150.jpeg 200w, https://agora.xtec.cat/llar-elsginjols/wp-content/uploads/usu3056/2025/10/WhatsApp-Image-2025-10-13-at-15.38.02-4.jpeg 1600w" sizes="auto, (max-width: 1024px) 100vw, 1024px" /></a></figure>



<figure class="wp-block-image size-large"><a href="https://agora.xtec.cat/llar-elsginjols/wp-content/uploads/usu3056/2025/10/WhatsApp-Image-2025-09-04-at-16.23.03-6-1.jpeg"><img loading="lazy" decoding="async" width="768" height="1024" data-id="1091" src="https://agora.xtec.cat/llar-elsginjols/wp-content/uploads/usu3056/2025/10/WhatsApp-Image-2025-09-04-at-16.23.03-6-1-768x1024.jpeg" alt="" class="wp-image-1091" srcset="https://agora.xtec.cat/llar-elsginjols/wp-content/uploads/usu3056/2025/10/WhatsApp-Image-2025-09-04-at-16.23.03-6-1-768x1024.jpeg 768w, https://agora.xtec.cat/llar-elsginjols/wp-content/uploads/usu3056/2025/10/WhatsApp-Image-2025-09-04-at-16.23.03-6-1-225x300.jpeg 225w, https://agora.xtec.cat/llar-elsginjols/wp-content/uploads/usu3056/2025/10/WhatsApp-Image-2025-09-04-at-16.23.03-6-1-1152x1536.jpeg 1152w, https://agora.xtec.cat/llar-elsginjols/wp-content/uploads/usu3056/2025/10/WhatsApp-Image-2025-09-04-at-16.23.03-6-1.jpeg 1200w" sizes="auto, (max-width: 768px) 100vw, 768px" /></a></figure>
</figure>



<div style="height:52px" aria-hidden="true" class="wp-block-spacer"></div>

<p>A l&#8217;estança blava hi ha infants dels quatre mesos fins a l&#8217;any. </p>
<p>És un espai adaptat a les necessitats dels més petits i petites. Hi ha materials diferents (fusta, roba, metall, plàstic, etc.) per poder explorar amb tots els sentits. També té diferents racons destinats&hellip;  <a href="https://agora.xtec.cat/llar-elsginjols/nivells/nadons/" title="Read Estança blava">Llegeix més»</a></p>
