{"id":722,"date":"2024-09-15T11:01:13","date_gmt":"2024-09-15T09:01:13","guid":{"rendered":"https:\/\/agora.xtec.cat\/llar-elsginjols\/?page_id=722"},"modified":"2025-10-07T16:43:48","modified_gmt":"2025-10-07T14:43:48","slug":"afi","status":"publish","type":"page","link":"https:\/\/agora.xtec.cat\/llar-elsginjols\/afi\/","title":{"rendered":"AFI"},"content":{"rendered":"\n<p>L\u2019Associaci\u00f3 de Fam\u00edlies\u00a0d&#8217;Infants (AFI) de la Llar dels G\u00ednjols \u00e9s una associaci\u00f3 sense \u00e0nim de lucre formada per fam\u00edlies de la Llar d&#8217;infants els G\u00ednjols. Si voleu tenir una mica m\u00e9s d\u2019informaci\u00f3 podeu accedir al seg\u00fcent\u00a0<a href=\"https:\/\/agora.xtec.cat\/llar-elsginjols\/wp-content\/uploads\/usu3056\/2025\/10\/CARTA-INFORMATIVA-AFI-LLAR-25_26.pdf\" target=\"_blank\" rel=\"noreferrer noopener\"><strong>document \ud83d\udce5.<\/strong><\/a><\/p>\n\n\n\n<p>Les reunions de l&#8217;AFI es fan el segon dimarts de cada mes a les 9 hores del vespre a la llar d&#8217;infants. <\/p>\n\n\n\n<p>Si us voleu posar en contacte amb l&#8217;AFI es pot fer per correu <a href=\"mailto:afi@elsginjols.cat\">afi@elsginjols.cat<\/a><\/p>\n\n\n\n<p>Col\u00b7labora per tirar endavant una s\u00e8rie de serveis i activitats educatives que complementen la formaci\u00f3 dels vostres fills i filles: festes, activitats i aportacions de material al centre. <\/p>\n\n\n\n<p><strong>\ud83d\udce5 <a href=\"https:\/\/agora.xtec.cat\/llar-elsginjols\/wp-content\/uploads\/usu3056\/2025\/10\/Formulari-dinscripcio-AFI-2025-2026.pdf\" data-type=\"link\" data-id=\"https:\/\/agora.xtec.cat\/llar-elsginjols\/wp-content\/uploads\/usu3056\/2024\/09\/FORMULARI-INSCRIPCIO-AFI-24-25.pdf\" target=\"_blank\" rel=\"noreferrer noopener\">Document inscripci\u00f3<\/a><\/strong><\/p>\n\n\n\n<p>Us animem a col\u00b7laborar amb l&#8217;AFI!<\/p>\n","protected":false},"excerpt":{"rendered":"<p>L\u2019Associaci\u00f3 de Fam\u00edlies\u00a0d&#8217;Infants (AFI) de la Llar dels G\u00ednjols \u00e9s una associaci\u00f3 sense \u00e0nim de lucre formada per fam\u00edlies de la Llar d&#8217;infants els G\u00ednjols. Si voleu tenir una mica m\u00e9s d\u2019informaci\u00f3 podeu accedir al seg\u00fcent\u00a0<a href=\"https:\/\/agora.xtec.cat\/llar-elsginjols\/wp-content\/uploads\/usu3056\/2025\/10\/CARTA-INFORMATIVA-AFI-LLAR-25_26.pdf\" target=\"_blank\" rel=\"noreferrer noopener\">document \ud83d\udce5.<\/a><\/p>\n<p>Les reunions de l&#8217;AFI es&hellip;  <a href=\"https:\/\/agora.xtec.cat\/llar-elsginjols\/afi\/\" title=\"Read AFI\">Llegeix m\u00e9s\u00bb<\/a><\/p>\n","protected":false},"author":1,"featured_media":0,"parent":0,"menu_order":0,"comment_status":"closed","ping_status":"close","template":"","meta":{"footnotes":""},"class_list":["post-722","page","type-page","status-publish","hentry"],"post_mailing_queue_ids":[],"_links":{"self":[{"href":"https:\/\/agora.xtec.cat\/llar-elsginjols\/wp-json\/wp\/v2\/pages\/722","targetHints":{"allow":["GET"]}}],"collection":[{"href":"https:\/\/agora.xtec.cat\/llar-elsginjols\/wp-json\/wp\/v2\/pages"}],"about":[{"href":"https:\/\/agora.xtec.cat\/llar-elsginjols\/wp-json\/wp\/v2\/types\/page"}],"author":[{"embeddable":true,"href":"https:\/\/agora.xtec.cat\/llar-elsginjols\/wp-json\/wp\/v2\/users\/1"}],"replies":[{"embeddable":true,"href":"https:\/\/agora.xtec.cat\/llar-elsginjols\/wp-json\/wp\/v2\/comments?post=722"}],"version-history":[{"count":6,"href":"https:\/\/agora.xtec.cat\/llar-elsginjols\/wp-json\/wp\/v2\/pages\/722\/revisions"}],"predecessor-version":[{"id":1082,"href":"https:\/\/agora.xtec.cat\/llar-elsginjols\/wp-json\/wp\/v2\/pages\/722\/revisions\/1082"}],"wp:attachment":[{"href":"https:\/\/agora.xtec.cat\/llar-elsginjols\/wp-json\/wp\/v2\/media?parent=722"}],"curies":[{"name":"wp","href":"https:\/\/api.w.org\/{rel}","templated":true}]}}

<p>L’Associació de Famílies d&#8217;Infants (AFI) de la Llar dels Gínjols és una associació sense ànim de lucre formada per famílies de la Llar d&#8217;infants els Gínjols. Si voleu tenir una mica més d’informació podeu accedir al següent <a href="https://agora.xtec.cat/llar-elsginjols/wp-content/uploads/usu3056/2025/10/CARTA-INFORMATIVA-AFI-LLAR-25_26.pdf" target="_blank" rel="noreferrer noopener"><strong>document 📥.</strong></a></p>



<p>Les reunions de l&#8217;AFI es fan el segon dimarts de cada mes a les 9 hores del vespre a la llar d&#8217;infants. </p>



<p>Si us voleu posar en contacte amb l&#8217;AFI es pot fer per correu <a href="mailto:afi@elsginjols.cat">afi@elsginjols.cat</a></p>



<p>Col·labora per tirar endavant una sèrie de serveis i activitats educatives que complementen la formació dels vostres fills i filles: festes, activitats i aportacions de material al centre. </p>



<p><strong>📥 <a href="https://agora.xtec.cat/llar-elsginjols/wp-content/uploads/usu3056/2025/10/Formulari-dinscripcio-AFI-2025-2026.pdf" data-type="link" data-id="https://agora.xtec.cat/llar-elsginjols/wp-content/uploads/usu3056/2024/09/FORMULARI-INSCRIPCIO-AFI-24-25.pdf" target="_blank" rel="noreferrer noopener">Document inscripció</a></strong></p>



<p>Us animem a col·laborar amb l&#8217;AFI!</p>

<p>L’Associació de Famílies d&#8217;Infants (AFI) de la Llar dels Gínjols és una associació sense ànim de lucre formada per famílies de la Llar d&#8217;infants els Gínjols. Si voleu tenir una mica més d’informació podeu accedir al següent <a href="https://agora.xtec.cat/llar-elsginjols/wp-content/uploads/usu3056/2025/10/CARTA-INFORMATIVA-AFI-LLAR-25_26.pdf" target="_blank" rel="noreferrer noopener">document 📥.</a></p>
<p>Les reunions de l&#8217;AFI es&hellip;  <a href="https://agora.xtec.cat/llar-elsginjols/afi/" title="Read AFI">Llegeix més»</a></p>
