{"id":647,"date":"2024-09-13T18:15:52","date_gmt":"2024-09-13T16:15:52","guid":{"rendered":"https:\/\/agora.xtec.cat\/llar-elsginjols\/?page_id=647"},"modified":"2024-10-09T20:35:05","modified_gmt":"2024-10-09T18:35:05","slug":"preus","status":"publish","type":"page","link":"https:\/\/agora.xtec.cat\/llar-elsginjols\/preus\/","title":{"rendered":"Normativa"},"content":{"rendered":"\n<p>Des de l\u2019equip educatiu pensem que el m\u00e9s important pels infants \u00e9s que a la Llar d&#8217;Infants s\u2019hi respiri un ambient tranquil agradable i que convidi a passar-hi estones. \u00c9s per aix\u00f2 que us&nbsp; agra\u00efm que seguiu, tant com pugueu, aquestes petites recomanacions que, al nostre entendre, ajuden a teixir aquest objectiu compartit. Per tant, quan vingueu a l\u2019Escola\u2026<\/p>\n\n\n\n<ul class=\"wp-block-list\">\n<li>Procureu arribar sempre dins l\u2019horari d\u2019entrada i sortida.<\/li>\n\n\n\n<li>En els moments d\u2019acollida o de sortida, respectem entre totes l\u2019ambient de l\u2019espai.<\/li>\n\n\n\n<li>Aviseu sempre que no vingui a recollir a l\u2019infant la persona habitual indicant qui ser\u00e0 aquesta persona.\u200b<\/li>\n\n\n\n<li>Si es preveu la no assist\u00e8ncia, cal que aviseu a la direcci\u00f3 o a la tutora\u00a0sempre, aix\u00ed evitem malentesos&#8230;<\/li>\n\n\n\n<li>En cas que s\u2019hagi d\u2019administrar alguna medicaci\u00f3, \u00e9s imprescindible portar la recepta del metge.<\/li>\n<\/ul>\n\n\n\n<ul class=\"wp-block-list\">\n<li>Si t\u00e9 alguna malaltia que causi febre, a m\u00e9s de les recomanacions espec\u00edfiques per a cadascuna d&#8217;elles, cal que l&#8217;infant hagi estat 24 hores sense febre abans de tornar a l&#8217;escola (si marxa amb febre del centre NO podr\u00e0 assistir l&#8217;endem\u00e0).<\/li>\n<\/ul>\n\n\n\n<ul class=\"wp-block-list\">\n<li>Comuniqueu-vos amb les vostres educadores. Tot all\u00f2 que ens pogueu explicar sobre els vostres infants ens ajuda a fer millor la nostra feina. Tamb\u00e9 digueu-nos sempre, qualsevol cosa que veieu\u00a0que podr\u00edem millorar, pensem que establir relacions sanes i de confian\u00e7a entre l\u2019equip educatiu i les fam\u00edlies \u00e9s b\u00e0sic per ajudar en aquesta fase tant important de creixement dels infants.<\/li>\n<\/ul>\n","protected":false},"excerpt":{"rendered":"<p>Des de l\u2019equip educatiu pensem que el m\u00e9s important pels infants \u00e9s que a la Llar d&#8217;Infants s\u2019hi respiri un ambient tranquil agradable i que convidi a passar-hi estones. \u00c9s per aix\u00f2 que us&nbsp; agra\u00efm que seguiu, tant com pugueu, aquestes petites recomanacions que, al&hellip;  <a href=\"https:\/\/agora.xtec.cat\/llar-elsginjols\/preus\/\" title=\"Read Normativa\">Llegeix m\u00e9s\u00bb<\/a><\/p>\n","protected":false},"author":1,"featured_media":0,"parent":0,"menu_order":0,"comment_status":"closed","ping_status":"close","template":"page-templates\/side-menu.php","meta":{"footnotes":""},"class_list":["post-647","page","type-page","status-publish","hentry"],"post_mailing_queue_ids":[],"_links":{"self":[{"href":"https:\/\/agora.xtec.cat\/llar-elsginjols\/wp-json\/wp\/v2\/pages\/647","targetHints":{"allow":["GET"]}}],"collection":[{"href":"https:\/\/agora.xtec.cat\/llar-elsginjols\/wp-json\/wp\/v2\/pages"}],"about":[{"href":"https:\/\/agora.xtec.cat\/llar-elsginjols\/wp-json\/wp\/v2\/types\/page"}],"author":[{"embeddable":true,"href":"https:\/\/agora.xtec.cat\/llar-elsginjols\/wp-json\/wp\/v2\/users\/1"}],"replies":[{"embeddable":true,"href":"https:\/\/agora.xtec.cat\/llar-elsginjols\/wp-json\/wp\/v2\/comments?post=647"}],"version-history":[{"count":2,"href":"https:\/\/agora.xtec.cat\/llar-elsginjols\/wp-json\/wp\/v2\/pages\/647\/revisions"}],"predecessor-version":[{"id":675,"href":"https:\/\/agora.xtec.cat\/llar-elsginjols\/wp-json\/wp\/v2\/pages\/647\/revisions\/675"}],"wp:attachment":[{"href":"https:\/\/agora.xtec.cat\/llar-elsginjols\/wp-json\/wp\/v2\/media?parent=647"}],"curies":[{"name":"wp","href":"https:\/\/api.w.org\/{rel}","templated":true}]}}

<p>Des de l’equip educatiu pensem que el més important pels infants és que a la Llar d&#8217;Infants s’hi respiri un ambient tranquil agradable i que convidi a passar-hi estones. És per això que us&nbsp; agraïm que seguiu, tant com pugueu, aquestes petites recomanacions que, al nostre entendre, ajuden a teixir aquest objectiu compartit. Per tant, quan vingueu a l’Escola…</p>



<ul class="wp-block-list">
<li>Procureu arribar sempre dins l’horari d’entrada i sortida.</li>



<li>En els moments d’acollida o de sortida, respectem entre totes l’ambient de l’espai.</li>



<li>Aviseu sempre que no vingui a recollir a l’infant la persona habitual indicant qui serà aquesta persona.​</li>



<li>Si es preveu la no assistència, cal que aviseu a la direcció o a la tutora sempre, així evitem malentesos&#8230;</li>



<li>En cas que s’hagi d’administrar alguna medicació, és imprescindible portar la recepta del metge.</li>
</ul>



<ul class="wp-block-list">
<li>Si té alguna malaltia que causi febre, a més de les recomanacions específiques per a cadascuna d&#8217;elles, cal que l&#8217;infant hagi estat 24 hores sense febre abans de tornar a l&#8217;escola (si marxa amb febre del centre NO podrà assistir l&#8217;endemà).</li>
</ul>



<ul class="wp-block-list">
<li>Comuniqueu-vos amb les vostres educadores. Tot allò que ens pogueu explicar sobre els vostres infants ens ajuda a fer millor la nostra feina. També digueu-nos sempre, qualsevol cosa que veieu que podríem millorar, pensem que establir relacions sanes i de confiança entre l’equip educatiu i les famílies és bàsic per ajudar en aquesta fase tant important de creixement dels infants.</li>
</ul>

<p>Des de l’equip educatiu pensem que el més important pels infants és que a la Llar d&#8217;Infants s’hi respiri un ambient tranquil agradable i que convidi a passar-hi estones. És per això que us&nbsp; agraïm que seguiu, tant com pugueu, aquestes petites recomanacions que, al&hellip;  <a href="https://agora.xtec.cat/llar-elsginjols/preus/" title="Read Normativa">Llegeix més»</a></p>
