{"id":643,"date":"2024-09-13T18:14:16","date_gmt":"2024-09-13T16:14:16","guid":{"rendered":"https:\/\/agora.xtec.cat\/llar-elsginjols\/?page_id=643"},"modified":"2024-10-09T20:35:31","modified_gmt":"2024-10-09T18:35:31","slug":"articles","status":"publish","type":"page","link":"https:\/\/agora.xtec.cat\/llar-elsginjols\/articles\/","title":{"rendered":"Articles"},"content":{"rendered":"\n<h3 class=\"wp-block-heading\">Acompanyar la motricitat dels infants per cr\u00e9ixer millor, Anna Teixid\u00f3 Medina i Al\u00edcia Portella Serra<\/h3>\n\n\n\n<div data-wp-interactive=\"core\/file\" class=\"wp-block-file\"><object data-wp-bind--hidden=\"!state.hasPdfPreview\" hidden class=\"wp-block-file__embed\" data=\"https:\/\/agora.xtec.cat\/llar-elsginjols\/wp-content\/uploads\/usu3056\/2024\/09\/moviment_lliure-1.pdf\" type=\"application\/pdf\" style=\"width:100%;height:200px\" aria-label=\"Incrustaci\u00f3 del fitxer Moviment lliure.\"><\/object><a id=\"wp-block-file--media-fb6c63d1-0670-497d-ad13-e7b9bdf02e9d\" href=\"https:\/\/agora.xtec.cat\/llar-elsginjols\/wp-content\/uploads\/usu3056\/2024\/09\/moviment_lliure-1.pdf\">Moviment lliure<\/a><a href=\"https:\/\/agora.xtec.cat\/llar-elsginjols\/wp-content\/uploads\/usu3056\/2024\/09\/moviment_lliure-1.pdf\" class=\"wp-block-file__button wp-element-button\" download aria-describedby=\"wp-block-file--media-fb6c63d1-0670-497d-ad13-e7b9bdf02e9d\">Baixa<\/a><\/div>\n\n\n\n<div style=\"height:50px\" aria-hidden=\"true\" class=\"wp-block-spacer\"><\/div>\n\n\n\n<h3 class=\"wp-block-heading\">Petons i queixalades, Imma Riu<\/h3>\n\n\n\n<div data-wp-interactive=\"core\/file\" class=\"wp-block-file\"><object data-wp-bind--hidden=\"!state.hasPdfPreview\" hidden class=\"wp-block-file__embed\" data=\"https:\/\/agora.xtec.cat\/llar-elsginjols\/wp-content\/uploads\/usu3056\/2024\/09\/article_de_petons_i_queixalades.pdf\" type=\"application\/pdf\" style=\"width:100%;height:200px\" aria-label=\"Incrustaci\u00f3 del fitxer Petons i queixalades.\"><\/object><a id=\"wp-block-file--media-652272ce-c6c6-428b-aaea-59aaed4b10fb\" href=\"https:\/\/agora.xtec.cat\/llar-elsginjols\/wp-content\/uploads\/usu3056\/2024\/09\/article_de_petons_i_queixalades.pdf\">Petons i queixalades<\/a><a href=\"https:\/\/agora.xtec.cat\/llar-elsginjols\/wp-content\/uploads\/usu3056\/2024\/09\/article_de_petons_i_queixalades.pdf\" class=\"wp-block-file__button wp-element-button\" download aria-describedby=\"wp-block-file--media-652272ce-c6c6-428b-aaea-59aaed4b10fb\">Baixa<\/a><\/div>\n\n\n\n<div style=\"height:50px\" aria-hidden=\"true\" class=\"wp-block-spacer\"><\/div>\n\n\n\n<h3 class=\"wp-block-heading\">Regles i l\u00edmits a la llar d&#8217;infants, Adquisici\u00f3 de les actituds socials, Anna Tardos i Anne Vasseur-Paumelle<\/h3>\n\n\n\n<div data-wp-interactive=\"core\/file\" class=\"wp-block-file\"><object data-wp-bind--hidden=\"!state.hasPdfPreview\" hidden class=\"wp-block-file__embed\" data=\"https:\/\/agora.xtec.cat\/llar-elsginjols\/wp-content\/uploads\/usu3056\/2024\/09\/regles_i_limits_-_article.pdf\" type=\"application\/pdf\" style=\"width:100%;height:200px\" aria-label=\"Incrustaci\u00f3 del fitxer Regles i l\u00edmits.\"><\/object><a id=\"wp-block-file--media-229155d3-a82f-4c63-b640-ae606043ee66\" href=\"https:\/\/agora.xtec.cat\/llar-elsginjols\/wp-content\/uploads\/usu3056\/2024\/09\/regles_i_limits_-_article.pdf\">Regles i l\u00edmits<\/a><a href=\"https:\/\/agora.xtec.cat\/llar-elsginjols\/wp-content\/uploads\/usu3056\/2024\/09\/regles_i_limits_-_article.pdf\" class=\"wp-block-file__button wp-element-button\" download aria-describedby=\"wp-block-file--media-229155d3-a82f-4c63-b640-ae606043ee66\">Baixa<\/a><\/div>\n\n\n\n<div style=\"height:50px\" aria-hidden=\"true\" class=\"wp-block-spacer\"><\/div>\n\n\n\n<h3 class=\"wp-block-heading\">El control d&#8217;esf\u00ednters, Romina P\u00e9rez Toldi<\/h3>\n\n\n\n<div class=\"wp-block-group\"><div class=\"wp-block-group__inner-container is-layout-constrained wp-block-group-is-layout-constrained\">\n<div data-wp-interactive=\"core\/file\" class=\"wp-block-file\"><object data-wp-bind--hidden=\"!state.hasPdfPreview\" hidden class=\"wp-block-file__embed\" data=\"https:\/\/agora.xtec.cat\/llar-elsginjols\/wp-content\/uploads\/usu3056\/2024\/09\/el_control_desfinters.pdf\" type=\"application\/pdf\" style=\"width:100%;height:200px\" aria-label=\"Incrustaci\u00f3 del fitxer El control d&#039;esf\u00ednters.\"><\/object><a id=\"wp-block-file--media-48454482-1d76-4bf7-9378-a7a446864458\" href=\"https:\/\/agora.xtec.cat\/llar-elsginjols\/wp-content\/uploads\/usu3056\/2024\/09\/el_control_desfinters.pdf\">El control d&#8217;esf\u00ednters<\/a><a href=\"https:\/\/agora.xtec.cat\/llar-elsginjols\/wp-content\/uploads\/usu3056\/2024\/09\/el_control_desfinters.pdf\" class=\"wp-block-file__button wp-element-button\" download aria-describedby=\"wp-block-file--media-48454482-1d76-4bf7-9378-a7a446864458\">Baixa<\/a><\/div>\n<\/div><\/div>\n\n\n\n<div style=\"height:50px\" aria-hidden=\"true\" class=\"wp-block-spacer\"><\/div>\n\n\n\n<h3 class=\"wp-block-heading\">Acompa\u00f1ar el inicio de la escuela desde la familia, Romina P\u00e8rez Toldi<\/h3>\n\n\n\n<div data-wp-interactive=\"core\/file\" class=\"wp-block-file\"><object data-wp-bind--hidden=\"!state.hasPdfPreview\" hidden class=\"wp-block-file__embed\" data=\"https:\/\/agora.xtec.cat\/llar-elsginjols\/wp-content\/uploads\/usu3056\/2024\/09\/Acompanar_el_inicio_de_la_escuela_desde_la_familia__Romina_Perez.pdf\" type=\"application\/pdf\" style=\"width:100%;height:200px\" aria-label=\"Incrustaci\u00f3 del fitxer Acompa\u00f1ar el inicio de la escuela.\"><\/object><a id=\"wp-block-file--media-394da598-8738-4c56-b9d6-0e5e241c7514\" href=\"https:\/\/agora.xtec.cat\/llar-elsginjols\/wp-content\/uploads\/usu3056\/2024\/09\/Acompanar_el_inicio_de_la_escuela_desde_la_familia__Romina_Perez.pdf\">Acompa\u00f1ar el inicio de la escuela<\/a><a href=\"https:\/\/agora.xtec.cat\/llar-elsginjols\/wp-content\/uploads\/usu3056\/2024\/09\/Acompanar_el_inicio_de_la_escuela_desde_la_familia__Romina_Perez.pdf\" class=\"wp-block-file__button wp-element-button\" download aria-describedby=\"wp-block-file--media-394da598-8738-4c56-b9d6-0e5e241c7514\">Baixa<\/a><\/div>\n","protected":false},"excerpt":{"rendered":"<p>Acompanyar la motricitat dels infants per cr\u00e9ixer millor, Anna Teixid\u00f3 Medina i Al\u00edcia Portella Serra<\/p>\n<p><a id=\"wp-block-file--media-fb6c63d1-0670-497d-ad13-e7b9bdf02e9d\" href=\"https:\/\/agora.xtec.cat\/llar-elsginjols\/wp-content\/uploads\/usu3056\/2024\/09\/moviment_lliure-1.pdf\">Moviment lliure<\/a><a href=\"https:\/\/agora.xtec.cat\/llar-elsginjols\/wp-content\/uploads\/usu3056\/2024\/09\/moviment_lliure-1.pdf\" class=\"wp-block-file__button wp-element-button\" download aria-describedby=\"wp-block-file--media-fb6c63d1-0670-497d-ad13-e7b9bdf02e9d\">Baixa<\/a><\/p>\n<p>Petons i queixalades, Imma Riu<\/p>\n<p><a id=\"wp-block-file--media-652272ce-c6c6-428b-aaea-59aaed4b10fb\" href=\"https:\/\/agora.xtec.cat\/llar-elsginjols\/wp-content\/uploads\/usu3056\/2024\/09\/article_de_petons_i_queixalades.pdf\">Petons i queixalades<\/a><a href=\"https:\/\/agora.xtec.cat\/llar-elsginjols\/wp-content\/uploads\/usu3056\/2024\/09\/article_de_petons_i_queixalades.pdf\" class=\"wp-block-file__button wp-element-button\" download aria-describedby=\"wp-block-file--media-652272ce-c6c6-428b-aaea-59aaed4b10fb\">Baixa<\/a><\/p>\n<p>Regles i l\u00edmits a la llar d&#8217;infants, Adquisici\u00f3 de les&hellip;  <a href=\"https:\/\/agora.xtec.cat\/llar-elsginjols\/articles\/\" title=\"Read Articles\">Llegeix m\u00e9s\u00bb<\/a><\/p>\n","protected":false},"author":1,"featured_media":0,"parent":0,"menu_order":4,"comment_status":"closed","ping_status":"close","template":"page-templates\/side-menu.php","meta":{"footnotes":""},"class_list":["post-643","page","type-page","status-publish","hentry"],"post_mailing_queue_ids":[],"_links":{"self":[{"href":"https:\/\/agora.xtec.cat\/llar-elsginjols\/wp-json\/wp\/v2\/pages\/643","targetHints":{"allow":["GET"]}}],"collection":[{"href":"https:\/\/agora.xtec.cat\/llar-elsginjols\/wp-json\/wp\/v2\/pages"}],"about":[{"href":"https:\/\/agora.xtec.cat\/llar-elsginjols\/wp-json\/wp\/v2\/types\/page"}],"author":[{"embeddable":true,"href":"https:\/\/agora.xtec.cat\/llar-elsginjols\/wp-json\/wp\/v2\/users\/1"}],"replies":[{"embeddable":true,"href":"https:\/\/agora.xtec.cat\/llar-elsginjols\/wp-json\/wp\/v2\/comments?post=643"}],"version-history":[{"count":5,"href":"https:\/\/agora.xtec.cat\/llar-elsginjols\/wp-json\/wp\/v2\/pages\/643\/revisions"}],"predecessor-version":[{"id":721,"href":"https:\/\/agora.xtec.cat\/llar-elsginjols\/wp-json\/wp\/v2\/pages\/643\/revisions\/721"}],"wp:attachment":[{"href":"https:\/\/agora.xtec.cat\/llar-elsginjols\/wp-json\/wp\/v2\/media?parent=643"}],"curies":[{"name":"wp","href":"https:\/\/api.w.org\/{rel}","templated":true}]}}

<h3 class="wp-block-heading">Acompanyar la motricitat dels infants per créixer millor, Anna Teixidó Medina i Alícia Portella Serra</h3>



<div data-wp-interactive="core/file" class="wp-block-file"><object data-wp-bind--hidden="!state.hasPdfPreview" hidden class="wp-block-file__embed" data="https://agora.xtec.cat/llar-elsginjols/wp-content/uploads/usu3056/2024/09/moviment_lliure-1.pdf" type="application/pdf" style="width:100%;height:200px" aria-label="Incrustació del fitxer Moviment lliure."></object><a id="wp-block-file--media-fb6c63d1-0670-497d-ad13-e7b9bdf02e9d" href="https://agora.xtec.cat/llar-elsginjols/wp-content/uploads/usu3056/2024/09/moviment_lliure-1.pdf">Moviment lliure</a><a href="https://agora.xtec.cat/llar-elsginjols/wp-content/uploads/usu3056/2024/09/moviment_lliure-1.pdf" class="wp-block-file__button wp-element-button" download aria-describedby="wp-block-file--media-fb6c63d1-0670-497d-ad13-e7b9bdf02e9d">Baixa</a></div>



<div style="height:50px" aria-hidden="true" class="wp-block-spacer"></div>



<h3 class="wp-block-heading">Petons i queixalades, Imma Riu</h3>



<div data-wp-interactive="core/file" class="wp-block-file"><object data-wp-bind--hidden="!state.hasPdfPreview" hidden class="wp-block-file__embed" data="https://agora.xtec.cat/llar-elsginjols/wp-content/uploads/usu3056/2024/09/article_de_petons_i_queixalades.pdf" type="application/pdf" style="width:100%;height:200px" aria-label="Incrustació del fitxer Petons i queixalades."></object><a id="wp-block-file--media-652272ce-c6c6-428b-aaea-59aaed4b10fb" href="https://agora.xtec.cat/llar-elsginjols/wp-content/uploads/usu3056/2024/09/article_de_petons_i_queixalades.pdf">Petons i queixalades</a><a href="https://agora.xtec.cat/llar-elsginjols/wp-content/uploads/usu3056/2024/09/article_de_petons_i_queixalades.pdf" class="wp-block-file__button wp-element-button" download aria-describedby="wp-block-file--media-652272ce-c6c6-428b-aaea-59aaed4b10fb">Baixa</a></div>



<div style="height:50px" aria-hidden="true" class="wp-block-spacer"></div>



<h3 class="wp-block-heading">Regles i límits a la llar d&#8217;infants, Adquisició de les actituds socials, Anna Tardos i Anne Vasseur-Paumelle</h3>



<div data-wp-interactive="core/file" class="wp-block-file"><object data-wp-bind--hidden="!state.hasPdfPreview" hidden class="wp-block-file__embed" data="https://agora.xtec.cat/llar-elsginjols/wp-content/uploads/usu3056/2024/09/regles_i_limits_-_article.pdf" type="application/pdf" style="width:100%;height:200px" aria-label="Incrustació del fitxer Regles i límits."></object><a id="wp-block-file--media-229155d3-a82f-4c63-b640-ae606043ee66" href="https://agora.xtec.cat/llar-elsginjols/wp-content/uploads/usu3056/2024/09/regles_i_limits_-_article.pdf">Regles i límits</a><a href="https://agora.xtec.cat/llar-elsginjols/wp-content/uploads/usu3056/2024/09/regles_i_limits_-_article.pdf" class="wp-block-file__button wp-element-button" download aria-describedby="wp-block-file--media-229155d3-a82f-4c63-b640-ae606043ee66">Baixa</a></div>



<div style="height:50px" aria-hidden="true" class="wp-block-spacer"></div>



<h3 class="wp-block-heading">El control d&#8217;esfínters, Romina Pérez Toldi</h3>



<div class="wp-block-group"><div class="wp-block-group__inner-container is-layout-constrained wp-block-group-is-layout-constrained">
<div data-wp-interactive="core/file" class="wp-block-file"><object data-wp-bind--hidden="!state.hasPdfPreview" hidden class="wp-block-file__embed" data="https://agora.xtec.cat/llar-elsginjols/wp-content/uploads/usu3056/2024/09/el_control_desfinters.pdf" type="application/pdf" style="width:100%;height:200px" aria-label="Incrustació del fitxer El control d&#039;esfínters."></object><a id="wp-block-file--media-48454482-1d76-4bf7-9378-a7a446864458" href="https://agora.xtec.cat/llar-elsginjols/wp-content/uploads/usu3056/2024/09/el_control_desfinters.pdf">El control d&#8217;esfínters</a><a href="https://agora.xtec.cat/llar-elsginjols/wp-content/uploads/usu3056/2024/09/el_control_desfinters.pdf" class="wp-block-file__button wp-element-button" download aria-describedby="wp-block-file--media-48454482-1d76-4bf7-9378-a7a446864458">Baixa</a></div>
</div></div>



<div style="height:50px" aria-hidden="true" class="wp-block-spacer"></div>



<h3 class="wp-block-heading">Acompañar el inicio de la escuela desde la familia, Romina Pèrez Toldi</h3>



<div data-wp-interactive="core/file" class="wp-block-file"><object data-wp-bind--hidden="!state.hasPdfPreview" hidden class="wp-block-file__embed" data="https://agora.xtec.cat/llar-elsginjols/wp-content/uploads/usu3056/2024/09/Acompanar_el_inicio_de_la_escuela_desde_la_familia__Romina_Perez.pdf" type="application/pdf" style="width:100%;height:200px" aria-label="Incrustació del fitxer Acompañar el inicio de la escuela."></object><a id="wp-block-file--media-394da598-8738-4c56-b9d6-0e5e241c7514" href="https://agora.xtec.cat/llar-elsginjols/wp-content/uploads/usu3056/2024/09/Acompanar_el_inicio_de_la_escuela_desde_la_familia__Romina_Perez.pdf">Acompañar el inicio de la escuela</a><a href="https://agora.xtec.cat/llar-elsginjols/wp-content/uploads/usu3056/2024/09/Acompanar_el_inicio_de_la_escuela_desde_la_familia__Romina_Perez.pdf" class="wp-block-file__button wp-element-button" download aria-describedby="wp-block-file--media-394da598-8738-4c56-b9d6-0e5e241c7514">Baixa</a></div>

<p>Acompanyar la motricitat dels infants per créixer millor, Anna Teixidó Medina i Alícia Portella Serra</p>
<p><a id="wp-block-file--media-fb6c63d1-0670-497d-ad13-e7b9bdf02e9d" href="https://agora.xtec.cat/llar-elsginjols/wp-content/uploads/usu3056/2024/09/moviment_lliure-1.pdf">Moviment lliure</a><a href="https://agora.xtec.cat/llar-elsginjols/wp-content/uploads/usu3056/2024/09/moviment_lliure-1.pdf" class="wp-block-file__button wp-element-button" download aria-describedby="wp-block-file--media-fb6c63d1-0670-497d-ad13-e7b9bdf02e9d">Baixa</a></p>
<p>Petons i queixalades, Imma Riu</p>
<p><a id="wp-block-file--media-652272ce-c6c6-428b-aaea-59aaed4b10fb" href="https://agora.xtec.cat/llar-elsginjols/wp-content/uploads/usu3056/2024/09/article_de_petons_i_queixalades.pdf">Petons i queixalades</a><a href="https://agora.xtec.cat/llar-elsginjols/wp-content/uploads/usu3056/2024/09/article_de_petons_i_queixalades.pdf" class="wp-block-file__button wp-element-button" download aria-describedby="wp-block-file--media-652272ce-c6c6-428b-aaea-59aaed4b10fb">Baixa</a></p>
<p>Regles i límits a la llar d&#8217;infants, Adquisició de les&hellip;  <a href="https://agora.xtec.cat/llar-elsginjols/articles/" title="Read Articles">Llegeix més»</a></p>
