{"id":609,"date":"2024-09-05T12:42:02","date_gmt":"2024-09-05T10:42:02","guid":{"rendered":"https:\/\/agora.xtec.cat\/llar-elsginjols\/?page_id=609"},"modified":"2025-09-04T11:27:58","modified_gmt":"2025-09-04T09:27:58","slug":"equip-educatiu","status":"publish","type":"page","link":"https:\/\/agora.xtec.cat\/llar-elsginjols\/equip-educatiu\/","title":{"rendered":"Equip educatiu"},"content":{"rendered":"\n<p>L&#8217;equip educatiu de la llar d&#8217;infants est\u00e0 format per mestres d&#8217;educaci\u00f3 infantil i t\u00e8cniques en educaci\u00f3 infantil:<\/p>\n\n\n\n<figure class=\"wp-block-image size-large\"><a href=\"https:\/\/agora.xtec.cat\/llar-elsginjols\/wp-content\/uploads\/usu3056\/2025\/09\/WhatsApp-Image-2025-09-04-at-11.21.30.jpeg\"><img loading=\"lazy\" decoding=\"async\" width=\"1024\" height=\"704\" src=\"https:\/\/agora.xtec.cat\/llar-elsginjols\/wp-content\/uploads\/usu3056\/2025\/09\/WhatsApp-Image-2025-09-04-at-11.21.30-1024x704.jpeg\" alt=\"\" class=\"wp-image-1060\" srcset=\"https:\/\/agora.xtec.cat\/llar-elsginjols\/wp-content\/uploads\/usu3056\/2025\/09\/WhatsApp-Image-2025-09-04-at-11.21.30-1024x704.jpeg 1024w, https:\/\/agora.xtec.cat\/llar-elsginjols\/wp-content\/uploads\/usu3056\/2025\/09\/WhatsApp-Image-2025-09-04-at-11.21.30-300x206.jpeg 300w, https:\/\/agora.xtec.cat\/llar-elsginjols\/wp-content\/uploads\/usu3056\/2025\/09\/WhatsApp-Image-2025-09-04-at-11.21.30-768x528.jpeg 768w, https:\/\/agora.xtec.cat\/llar-elsginjols\/wp-content\/uploads\/usu3056\/2025\/09\/WhatsApp-Image-2025-09-04-at-11.21.30-1536x1056.jpeg 1536w, https:\/\/agora.xtec.cat\/llar-elsginjols\/wp-content\/uploads\/usu3056\/2025\/09\/WhatsApp-Image-2025-09-04-at-11.21.30.jpeg 1600w\" sizes=\"auto, (max-width: 1024px) 100vw, 1024px\" \/><\/a><\/figure>\n\n\n\n<div style=\"height:53px\" aria-hidden=\"true\" class=\"wp-block-spacer\"><\/div>\n\n\n\n<p class=\"has-text-align-center\"><strong>Sandra\u00a0<\/strong>(tutora del grup de 2 a 3 anys)<\/p>\n\n\n\n<p class=\"has-text-align-center\"><strong>Anna G.<\/strong>\u00a0(tutora del grup de 0 a 1 any)<\/p>\n\n\n\n<p class=\"has-text-align-center\"><strong>J\u00falia&nbsp;<\/strong>(directora i tutora del grup de 0 a 1 any)<\/p>\n\n\n\n<p class=\"has-text-align-center\"><strong>X\u00e8nia<\/strong>\u00a0(educadora de suport)<\/p>\n\n\n\n<p class=\"has-text-align-center\"><strong>Anna R.<\/strong>\u00a0(tutora del grup de 2 a 3 anys)<\/p>\n\n\n\n<p class=\"has-text-align-center\"><strong>Maria<\/strong>\u00a0(tutora del grup de 1 a 2 anys)<\/p>\n","protected":false},"excerpt":{"rendered":"<p>L&#8217;equip educatiu de la llar d&#8217;infants est\u00e0 format per mestres d&#8217;educaci\u00f3 infantil i t\u00e8cniques en educaci\u00f3 infantil:<\/p>\n<p><a href=\"https:\/\/agora.xtec.cat\/llar-elsginjols\/wp-content\/uploads\/usu3056\/2025\/09\/WhatsApp-Image-2025-09-04-at-11.21.30.jpeg\"><\/a><\/p>\n<p>Sandra\u00a0(tutora del grup de 2 a 3 anys)<\/p>\n<p>Anna G.\u00a0(tutora del grup de 0 a 1 any)<\/p>\n<p>J\u00falia&nbsp;(directora i tutora del grup de 0 a 1 any)<\/p>\n<p>X\u00e8nia\u00a0(educadora de suport)<\/p>\n<p>Anna R.\u00a0(tutora&hellip;  <a href=\"https:\/\/agora.xtec.cat\/llar-elsginjols\/equip-educatiu\/\" title=\"Read Equip educatiu\">Llegeix m\u00e9s\u00bb<\/a><\/p>\n","protected":false},"author":1,"featured_media":0,"parent":0,"menu_order":0,"comment_status":"closed","ping_status":"close","template":"","meta":{"footnotes":""},"class_list":["post-609","page","type-page","status-publish","hentry"],"post_mailing_queue_ids":[],"_links":{"self":[{"href":"https:\/\/agora.xtec.cat\/llar-elsginjols\/wp-json\/wp\/v2\/pages\/609","targetHints":{"allow":["GET"]}}],"collection":[{"href":"https:\/\/agora.xtec.cat\/llar-elsginjols\/wp-json\/wp\/v2\/pages"}],"about":[{"href":"https:\/\/agora.xtec.cat\/llar-elsginjols\/wp-json\/wp\/v2\/types\/page"}],"author":[{"embeddable":true,"href":"https:\/\/agora.xtec.cat\/llar-elsginjols\/wp-json\/wp\/v2\/users\/1"}],"replies":[{"embeddable":true,"href":"https:\/\/agora.xtec.cat\/llar-elsginjols\/wp-json\/wp\/v2\/comments?post=609"}],"version-history":[{"count":5,"href":"https:\/\/agora.xtec.cat\/llar-elsginjols\/wp-json\/wp\/v2\/pages\/609\/revisions"}],"predecessor-version":[{"id":1061,"href":"https:\/\/agora.xtec.cat\/llar-elsginjols\/wp-json\/wp\/v2\/pages\/609\/revisions\/1061"}],"wp:attachment":[{"href":"https:\/\/agora.xtec.cat\/llar-elsginjols\/wp-json\/wp\/v2\/media?parent=609"}],"curies":[{"name":"wp","href":"https:\/\/api.w.org\/{rel}","templated":true}]}}

<p>L&#8217;equip educatiu de la llar d&#8217;infants està format per mestres d&#8217;educació infantil i tècniques en educació infantil:</p>



<figure class="wp-block-image size-large"><a href="https://agora.xtec.cat/llar-elsginjols/wp-content/uploads/usu3056/2025/09/WhatsApp-Image-2025-09-04-at-11.21.30.jpeg"><img loading="lazy" decoding="async" width="1024" height="704" src="https://agora.xtec.cat/llar-elsginjols/wp-content/uploads/usu3056/2025/09/WhatsApp-Image-2025-09-04-at-11.21.30-1024x704.jpeg" alt="" class="wp-image-1060" srcset="https://agora.xtec.cat/llar-elsginjols/wp-content/uploads/usu3056/2025/09/WhatsApp-Image-2025-09-04-at-11.21.30-1024x704.jpeg 1024w, https://agora.xtec.cat/llar-elsginjols/wp-content/uploads/usu3056/2025/09/WhatsApp-Image-2025-09-04-at-11.21.30-300x206.jpeg 300w, https://agora.xtec.cat/llar-elsginjols/wp-content/uploads/usu3056/2025/09/WhatsApp-Image-2025-09-04-at-11.21.30-768x528.jpeg 768w, https://agora.xtec.cat/llar-elsginjols/wp-content/uploads/usu3056/2025/09/WhatsApp-Image-2025-09-04-at-11.21.30-1536x1056.jpeg 1536w, https://agora.xtec.cat/llar-elsginjols/wp-content/uploads/usu3056/2025/09/WhatsApp-Image-2025-09-04-at-11.21.30.jpeg 1600w" sizes="auto, (max-width: 1024px) 100vw, 1024px" /></a></figure>



<div style="height:53px" aria-hidden="true" class="wp-block-spacer"></div>



<p class="has-text-align-center"><strong>Sandra </strong>(tutora del grup de 2 a 3 anys)</p>



<p class="has-text-align-center"><strong>Anna G.</strong> (tutora del grup de 0 a 1 any)</p>



<p class="has-text-align-center"><strong>Júlia&nbsp;</strong>(directora i tutora del grup de 0 a 1 any)</p>



<p class="has-text-align-center"><strong>Xènia</strong> (educadora de suport)</p>



<p class="has-text-align-center"><strong>Anna R.</strong> (tutora del grup de 2 a 3 anys)</p>



<p class="has-text-align-center"><strong>Maria</strong> (tutora del grup de 1 a 2 anys)</p>

<p>L&#8217;equip educatiu de la llar d&#8217;infants està format per mestres d&#8217;educació infantil i tècniques en educació infantil:</p>
<p><a href="https://agora.xtec.cat/llar-elsginjols/wp-content/uploads/usu3056/2025/09/WhatsApp-Image-2025-09-04-at-11.21.30.jpeg"></a></p>
<p>Sandra (tutora del grup de 2 a 3 anys)</p>
<p>Anna G. (tutora del grup de 0 a 1 any)</p>
<p>Júlia&nbsp;(directora i tutora del grup de 0 a 1 any)</p>
<p>Xènia (educadora de suport)</p>
<p>Anna R. (tutora&hellip;  <a href="https://agora.xtec.cat/llar-elsginjols/equip-educatiu/" title="Read Equip educatiu">Llegeix més»</a></p>
