{"id":26,"date":"2014-09-18T12:24:32","date_gmt":"2014-09-18T11:24:32","guid":{"rendered":"http:\/\/agora.xtec.cat\/llar-elsginjols\/?page_id=26"},"modified":"2024-10-13T09:53:23","modified_gmt":"2024-10-13T07:53:23","slug":"historia","status":"publish","type":"page","link":"https:\/\/agora.xtec.cat\/llar-elsginjols\/lescola\/historia\/","title":{"rendered":"Hist\u00f2ria"},"content":{"rendered":"<p>Va ser a finals de l&#8217;any 1988 quan un grup de pares preocupats per a l&#8217;educaci\u00f3 dels seus fills, van manifestar el desig que al poble de Sant Esteve d&#8217;en Bas hi hagu\u00e9s una llar d&#8217;infants. Per aix\u00f2 van demanar a l&#8217;Ajuntament que desitjaven realitzar, sense cap \u00e0nim de lucre, l&#8217;activitat &#8220;de llar d&#8217;infants'&#8221; de forma privada i per a la qual cosa es demanava al consistori de poder fer \u00fas d&#8217;un local del poble. L&#8217;Ajuntament del moment va considerar que era molt positiu facilitar als pares els instruments necessaris per a poder\u00a0 realitzar l&#8217;activitat que es proposaven les fam\u00edlies tot i que com a consistori es limitaven a cedir el local i eren els propis pares els encarregats de gestionar l&#8217;activitat.<\/p>\n<p>Fou a partir d&#8217;aquest moment, quan al poble de Sant Esteve d&#8217;en Bas va a comen\u00e7ar a tenir una\u00a0llar d&#8217;infants.<br \/>\n\u200b<br \/>\nDes d&#8217;aquell any, el que s&#8217;anomenava &#8220;llar d&#8217;infants&#8221; va anar patint diferents entrebancs, que s&#8217;anaven superant poc a poc. El m\u00e9s gran \u00e9s que calia trobar un local m\u00e9s adequat per a l&#8217;activitat ja que les instal.lacions del moment no complien els m\u00ednims que exigia la llei per legalitzar el servei i aix\u00f2 suposava perdre subvencions p\u00fabliques. Des de l&#8217;equip de govern es proposava l&#8217;antiga estaci\u00f3 del carrilet.<\/p>\n<p>Finalment l&#8217;octubre de l&#8217;any 1999, es feia realitat el somni de moltes fam\u00edlies\u00a0 i s&#8217;inaugurava la nova llar d&#8217;infants del poble a l&#8217;edifici de l&#8217;antiga estaci\u00f3 del tren.<strong><em>\u00a0<\/em><\/strong>Al llarg dels anys s&#8217;ha anat ampliant l&#8217;edifici i ara comptem amb 4 grups.<\/p>\n","protected":false},"excerpt":{"rendered":"<p>Va ser a finals de l&#8217;any 1988 quan un grup de pares preocupats per a l&#8217;educaci\u00f3 dels seus fills, van manifestar el desig que al poble de Sant Esteve d&#8217;en Bas hi hagu\u00e9s una llar d&#8217;infants. Per aix\u00f2 van demanar a l&#8217;Ajuntament que desitjaven realitzar,&hellip;  <a href=\"https:\/\/agora.xtec.cat\/llar-elsginjols\/lescola\/historia\/\" title=\"Read Hist\u00f2ria\">Llegeix m\u00e9s\u00bb<\/a><\/p>\n","protected":false},"author":1,"featured_media":0,"parent":22,"menu_order":2,"comment_status":"closed","ping_status":"closed","template":"page-templates\/side-menu.php","meta":{"footnotes":""},"class_list":["post-26","page","type-page","status-publish","hentry"],"post_mailing_queue_ids":[],"_links":{"self":[{"href":"https:\/\/agora.xtec.cat\/llar-elsginjols\/wp-json\/wp\/v2\/pages\/26","targetHints":{"allow":["GET"]}}],"collection":[{"href":"https:\/\/agora.xtec.cat\/llar-elsginjols\/wp-json\/wp\/v2\/pages"}],"about":[{"href":"https:\/\/agora.xtec.cat\/llar-elsginjols\/wp-json\/wp\/v2\/types\/page"}],"author":[{"embeddable":true,"href":"https:\/\/agora.xtec.cat\/llar-elsginjols\/wp-json\/wp\/v2\/users\/1"}],"replies":[{"embeddable":true,"href":"https:\/\/agora.xtec.cat\/llar-elsginjols\/wp-json\/wp\/v2\/comments?post=26"}],"version-history":[{"count":2,"href":"https:\/\/agora.xtec.cat\/llar-elsginjols\/wp-json\/wp\/v2\/pages\/26\/revisions"}],"predecessor-version":[{"id":519,"href":"https:\/\/agora.xtec.cat\/llar-elsginjols\/wp-json\/wp\/v2\/pages\/26\/revisions\/519"}],"up":[{"embeddable":true,"href":"https:\/\/agora.xtec.cat\/llar-elsginjols\/wp-json\/wp\/v2\/pages\/22"}],"wp:attachment":[{"href":"https:\/\/agora.xtec.cat\/llar-elsginjols\/wp-json\/wp\/v2\/media?parent=26"}],"curies":[{"name":"wp","href":"https:\/\/api.w.org\/{rel}","templated":true}]}}

Història

<p>Va ser a finals de l&#8217;any 1988 quan un grup de pares preocupats per a l&#8217;educació dels seus fills, van manifestar el desig que al poble de Sant Esteve d&#8217;en Bas hi hagués una llar d&#8217;infants. Per això van demanar a l&#8217;Ajuntament que desitjaven realitzar, sense cap ànim de lucre, l&#8217;activitat &#8220;de llar d&#8217;infants'&#8221; de forma privada i per a la qual cosa es demanava al consistori de poder fer ús d&#8217;un local del poble. L&#8217;Ajuntament del moment va considerar que era molt positiu facilitar als pares els instruments necessaris per a poder  realitzar l&#8217;activitat que es proposaven les famílies tot i que com a consistori es limitaven a cedir el local i eren els propis pares els encarregats de gestionar l&#8217;activitat.</p>
<p>Fou a partir d&#8217;aquest moment, quan al poble de Sant Esteve d&#8217;en Bas va a començar a tenir una llar d&#8217;infants.<br />
​<br />
Des d&#8217;aquell any, el que s&#8217;anomenava &#8220;llar d&#8217;infants&#8221; va anar patint diferents entrebancs, que s&#8217;anaven superant poc a poc. El més gran és que calia trobar un local més adequat per a l&#8217;activitat ja que les instal.lacions del moment no complien els mínims que exigia la llei per legalitzar el servei i això suposava perdre subvencions públiques. Des de l&#8217;equip de govern es proposava l&#8217;antiga estació del carrilet.</p>
<p>Finalment l&#8217;octubre de l&#8217;any 1999, es feia realitat el somni de moltes famílies  i s&#8217;inaugurava la nova llar d&#8217;infants del poble a l&#8217;edifici de l&#8217;antiga estació del tren.<strong><em> </em></strong>Al llarg dels anys s&#8217;ha anat ampliant l&#8217;edifici i ara comptem amb 4 grups.</p>

<p>Va ser a finals de l&#8217;any 1988 quan un grup de pares preocupats per a l&#8217;educació dels seus fills, van manifestar el desig que al poble de Sant Esteve d&#8217;en Bas hi hagués una llar d&#8217;infants. Per això van demanar a l&#8217;Ajuntament que desitjaven realitzar,&hellip;  <a href="https://agora.xtec.cat/llar-elsginjols/lescola/historia/" title="Read Història">Llegeix més»</a></p>
