{"id":64,"date":"2014-09-18T12:39:08","date_gmt":"2014-09-18T11:39:08","guid":{"rendered":"http:\/\/agora.xtec.cat\/llar-elmar-bcn\/?page_id=64"},"modified":"2024-02-08T12:27:39","modified_gmt":"2024-02-08T11:27:39","slug":"projecte-educatiu","status":"publish","type":"page","link":"https:\/\/agora.xtec.cat\/llar-elmar-bcn\/lescola\/projecte-educatiu\/","title":{"rendered":"Projecte educatiu"},"content":{"rendered":"<p><span class=\"C9DxTc \">E<\/span><span class=\"C9DxTc \">l nostre projecte educatiu e<\/span><span class=\"C9DxTc \">st\u00e0 fonamentat en els aspectes seg\u00fcents:<\/span><\/p>\n<p>\u2022 La confian\u00e7a plena en les capacitats de tots i cadascun dels infants i en les seves possibilitats de desenvolupament.<\/p>\n<p>\u2022 Uns adults que acompanyen des del respecte a la singularitat i l\u2019elecci\u00f3 de cada infant, en un marc on hi ha l\u00edmits clars, raonables i flexibles.<\/p>\n<p>\u2022 Una organitzaci\u00f3 que ofereix un marc estable i regulat per\u00f2, alhora, obert i flexible per ajustar-se tant com sigui possible a les necessitats de cada infant i de cada fam\u00edlia.<\/p>\n<p>\u2022 Una distribuci\u00f3 d\u2019espais, selecci\u00f3 de materials i organitzaci\u00f3 del temps per facilitar el joc de cadascun dels infants de manera natural i espont\u00e0nia.<\/p>\n<p>\u2022 Un servei educatiu que convida les fam\u00edlies a compartir la cura i l\u2019educaci\u00f3 dels seus fills i filles de manera quotidiana, des de la confian\u00e7a en les seves compet\u00e8ncies i apoderant-los en el seu rol de mares i pares.<\/p>\n<p>\u2022 L\u2019enfortiment del car\u00e0cter inclusiu d\u2019aquests serveis, des d\u2019una mirada i intervenci\u00f3 socioeducativa.<\/p>\n","protected":false},"excerpt":{"rendered":"<p>El nostre projecte educatiu est\u00e0 fonamentat en els aspectes seg\u00fcents:<br \/>\n\u2022 La confian\u00e7a plena en les capacitats de tots i cadascun dels infants i en les seves possibilitats de desenvolupament.<br \/>\n\u2022 Uns adults que acompanyen des del respecte a la singularitat i l\u2019elecci\u00f3 de cada infant, en&hellip;  <a href=\"https:\/\/agora.xtec.cat\/llar-elmar-bcn\/lescola\/projecte-educatiu\/\" title=\"Read Projecte educatiu\">Llegeix m\u00e9s\u00bb<\/a><\/p>\n","protected":false},"author":1,"featured_media":0,"parent":22,"menu_order":0,"comment_status":"closed","ping_status":"closed","template":"page-templates\/side-menu.php","meta":{"_bbp_topic_count":0,"_bbp_reply_count":0,"_bbp_total_topic_count":0,"_bbp_total_reply_count":0,"_bbp_voice_count":0,"_bbp_anonymous_reply_count":0,"_bbp_topic_count_hidden":0,"_bbp_reply_count_hidden":0,"_bbp_forum_subforum_count":0,"footnotes":""},"class_list":["post-64","page","type-page","status-publish","hentry"],"post_mailing_queue_ids":[],"_links":{"self":[{"href":"https:\/\/agora.xtec.cat\/llar-elmar-bcn\/wp-json\/wp\/v2\/pages\/64","targetHints":{"allow":["GET"]}}],"collection":[{"href":"https:\/\/agora.xtec.cat\/llar-elmar-bcn\/wp-json\/wp\/v2\/pages"}],"about":[{"href":"https:\/\/agora.xtec.cat\/llar-elmar-bcn\/wp-json\/wp\/v2\/types\/page"}],"author":[{"embeddable":true,"href":"https:\/\/agora.xtec.cat\/llar-elmar-bcn\/wp-json\/wp\/v2\/users\/1"}],"replies":[{"embeddable":true,"href":"https:\/\/agora.xtec.cat\/llar-elmar-bcn\/wp-json\/wp\/v2\/comments?post=64"}],"version-history":[{"count":3,"href":"https:\/\/agora.xtec.cat\/llar-elmar-bcn\/wp-json\/wp\/v2\/pages\/64\/revisions"}],"predecessor-version":[{"id":742,"href":"https:\/\/agora.xtec.cat\/llar-elmar-bcn\/wp-json\/wp\/v2\/pages\/64\/revisions\/742"}],"up":[{"embeddable":true,"href":"https:\/\/agora.xtec.cat\/llar-elmar-bcn\/wp-json\/wp\/v2\/pages\/22"}],"wp:attachment":[{"href":"https:\/\/agora.xtec.cat\/llar-elmar-bcn\/wp-json\/wp\/v2\/media?parent=64"}],"curies":[{"name":"wp","href":"https:\/\/api.w.org\/{rel}","templated":true}]}}