{"id":28,"date":"2014-09-18T12:29:35","date_gmt":"2014-09-18T10:29:35","guid":{"rendered":"http:\/\/agora.xtec.cat\/llar-elmar-bcn\/?page_id=28"},"modified":"2025-03-21T10:27:25","modified_gmt":"2025-03-21T09:27:25","slug":"consell-escolar","status":"publish","type":"page","link":"https:\/\/agora.xtec.cat\/llar-elmar-bcn\/comunitat-educativa\/consell-escolar\/","title":{"rendered":"Consell escolar"},"content":{"rendered":"<p>La llar d\u2019infants El Mar t\u00e9 un \u00f2rgan col\u00b7legiat anomenat Consell Escolar, el qual estar\u00e0 integrat per les persones seg\u00fcents:<\/p>\n<p>&nbsp;<\/p>\n<ol>\n<li>Un representant de l\u2019Ajuntament<\/li>\n<li>El\/la director\/a del centre<\/li>\n<li>Dos representants de les fam\u00edlies, una escollida pel total de fam\u00edlies de l\u2019escola i l\u2019altre per l\u2019AFA.<\/li>\n<li>Dues educadores del centre, escollits per l\u2019equip docent. Una fa de secretaria.<\/li>\n<li>Una representant del personal de serveis<\/li>\n<\/ol>\n<p>Les funcions del Consell Escolar seran decis\u00f2ries en relaci\u00f3 amb el aspectes seg\u00fcents:<\/p>\n<ol>\n<li>Definici\u00f3 del projecte educatiu<\/li>\n<li>Mem\u00f2ria anual d\u2019activitats del curs escolar.<\/li>\n<li>Calendari i horari escolar<\/li>\n<li>Proc\u00e9s de preinscripci\u00f3 i matriculaci\u00f3 per al curs seg\u00fcent, segons la normativa vigent.<\/li>\n<li>Reglament de r\u00e8gim intern<\/li>\n<li>Aprovaci\u00f3 i revisi\u00f3 dels pressupostos econ\u00f2mics de l\u2019any escolar.<\/li>\n<li>En general, qualsevol tema que sigui important i afecti algun membre de la comunitat educativa<\/li>\n<\/ol>\n<p>El Consell Escolar es reunir\u00e0 un cop cada tres mesos i tamb\u00e9 quan ho demanin la meitat m\u00e9s un dels seus membres.<\/p>\n<p>Es procurar\u00e0 que les decisions que s\u2019adoptin al Consell Escolar es prenguin per unanimitat. Si no \u00e9s possible, es determinaran per majoria dels membres presents que, en cap cas, no podr\u00e0 ser inferior a la meitat m\u00e9s un.<\/p>\n<p>La renovaci\u00f3 dels membres del Consell Escolar de la llar d\u2019infants, ser\u00e0 bianual.<\/p>\n<p>&nbsp;<\/p>\n","protected":false},"excerpt":{"rendered":"<p>La llar d\u2019infants El Mar t\u00e9 un \u00f2rgan col\u00b7legiat anomenat Consell Escolar, el qual estar\u00e0 integrat per les persones seg\u00fcents:<br \/>\n&nbsp;<\/p>\n<ol>\n<li>Un representant de l\u2019Ajuntament<\/li>\n<li>El\/la director\/a del centre<\/li>\n<li>Dos representants de les fam\u00edlies, una escollida pel total de fam\u00edlies de l\u2019escola i l\u2019altre per l\u2019AFA.<\/li>\n<li>Dues educadores del centre,&hellip;  <a href=\"https:\/\/agora.xtec.cat\/llar-elmar-bcn\/comunitat-educativa\/consell-escolar\/\" title=\"Read Consell escolar\">Llegeix m\u00e9s\u00bb<\/a><br \/>\n","protected":false},"author":1,"featured_media":0,"parent":710,"menu_order":2,"comment_status":"closed","ping_status":"closed","template":"page-templates\/side-menu.php","meta":{"_bbp_topic_count":0,"_bbp_reply_count":0,"_bbp_total_topic_count":0,"_bbp_total_reply_count":0,"_bbp_voice_count":0,"_bbp_anonymous_reply_count":0,"_bbp_topic_count_hidden":0,"_bbp_reply_count_hidden":0,"_bbp_forum_subforum_count":0,"footnotes":""},"class_list":["post-28","page","type-page","status-publish","hentry"],"post_mailing_queue_ids":[],"_links":{"self":[{"href":"https:\/\/agora.xtec.cat\/llar-elmar-bcn\/wp-json\/wp\/v2\/pages\/28","targetHints":{"allow":["GET"]}}],"collection":[{"href":"https:\/\/agora.xtec.cat\/llar-elmar-bcn\/wp-json\/wp\/v2\/pages"}],"about":[{"href":"https:\/\/agora.xtec.cat\/llar-elmar-bcn\/wp-json\/wp\/v2\/types\/page"}],"author":[{"embeddable":true,"href":"https:\/\/agora.xtec.cat\/llar-elmar-bcn\/wp-json\/wp\/v2\/users\/1"}],"replies":[{"embeddable":true,"href":"https:\/\/agora.xtec.cat\/llar-elmar-bcn\/wp-json\/wp\/v2\/comments?post=28"}],"version-history":[{"count":5,"href":"https:\/\/agora.xtec.cat\/llar-elmar-bcn\/wp-json\/wp\/v2\/pages\/28\/revisions"}],"predecessor-version":[{"id":1086,"href":"https:\/\/agora.xtec.cat\/llar-elmar-bcn\/wp-json\/wp\/v2\/pages\/28\/revisions\/1086"}],"up":[{"embeddable":true,"href":"https:\/\/agora.xtec.cat\/llar-elmar-bcn\/wp-json\/wp\/v2\/pages\/710"}],"wp:attachment":[{"href":"https:\/\/agora.xtec.cat\/llar-elmar-bcn\/wp-json\/wp\/v2\/media?parent=28"}],"curies":[{"name":"wp","href":"https:\/\/api.w.org\/{rel}","templated":true}]}}