{"id":4205,"date":"2024-10-14T16:46:40","date_gmt":"2024-10-14T14:46:40","guid":{"rendered":"https:\/\/agora.xtec.cat\/llar-drac\/?page_id=4205"},"modified":"2024-10-14T16:46:40","modified_gmt":"2024-10-14T14:46:40","slug":"estona-del-dinar","status":"publish","type":"page","link":"https:\/\/agora.xtec.cat\/llar-drac\/estona-del-dinar\/","title":{"rendered":"ESTONA DEL DINAR"},"content":{"rendered":"<ul>\n<li>L\u2019estona del dinar \u00e9s un moment educatiu on es treballen els h\u00e0bits d\u2019ordre, d\u2019higiene, d\u2019alimentaci\u00f3 i de conviv\u00e8ncia.<\/li>\n<li>Tots els infants mengen el mateix men\u00fa. Nom\u00e9s es faran dietes especials\u00a0 per motius de salut que s\u2019haur\u00e0 d\u2019acreditar amb un informe del pediatra.<\/li>\n<li>La utilitzaci\u00f3 del servei de menjador \u00e9s volunt\u00e0ria i implica l\u2019acceptaci\u00f3 de les condicions especificades en el projecte educatiu de la llar d\u2019infants.<\/li>\n<li>Els primers dies els infants marxaran a casa despr\u00e9s de l&#8217;\u00e0pat. Quan ja estiguin adaptats al menjador podran allargar l\u2019horari fent la migdiada.<\/li>\n<\/ul>\n","protected":false},"excerpt":{"rendered":"<ul>\n<li>L\u2019estona del dinar \u00e9s un moment educatiu on es treballen els h\u00e0bits d\u2019ordre, d\u2019higiene, d\u2019alimentaci\u00f3 i de conviv\u00e8ncia.<\/li>\n<li>Tots els infants mengen el mateix men\u00fa. Nom\u00e9s es faran dietes especials\u00a0 per motius de salut que s\u2019haur\u00e0 d\u2019acreditar amb un informe del pediatra.<\/li>\n<li>La utilitzaci\u00f3 del servei de&hellip;  <a href=\"https:\/\/agora.xtec.cat\/llar-drac\/estona-del-dinar\/\" title=\"Read ESTONA DEL DINAR\">Llegeix m\u00e9s\u00bb<\/a><br \/>\n","protected":false},"author":1,"featured_media":0,"parent":0,"menu_order":0,"comment_status":"closed","ping_status":"closed","template":"","meta":{"_bbp_topic_count":0,"_bbp_reply_count":0,"_bbp_total_topic_count":0,"_bbp_total_reply_count":0,"_bbp_voice_count":0,"_bbp_anonymous_reply_count":0,"_bbp_topic_count_hidden":0,"_bbp_reply_count_hidden":0,"_bbp_forum_subforum_count":0,"footnotes":""},"class_list":["post-4205","page","type-page","status-publish","hentry"],"post_mailing_queue_ids":[],"_links":{"self":[{"href":"https:\/\/agora.xtec.cat\/llar-drac\/wp-json\/wp\/v2\/pages\/4205","targetHints":{"allow":["GET"]}}],"collection":[{"href":"https:\/\/agora.xtec.cat\/llar-drac\/wp-json\/wp\/v2\/pages"}],"about":[{"href":"https:\/\/agora.xtec.cat\/llar-drac\/wp-json\/wp\/v2\/types\/page"}],"author":[{"embeddable":true,"href":"https:\/\/agora.xtec.cat\/llar-drac\/wp-json\/wp\/v2\/users\/1"}],"replies":[{"embeddable":true,"href":"https:\/\/agora.xtec.cat\/llar-drac\/wp-json\/wp\/v2\/comments?post=4205"}],"version-history":[{"count":1,"href":"https:\/\/agora.xtec.cat\/llar-drac\/wp-json\/wp\/v2\/pages\/4205\/revisions"}],"predecessor-version":[{"id":4207,"href":"https:\/\/agora.xtec.cat\/llar-drac\/wp-json\/wp\/v2\/pages\/4205\/revisions\/4207"}],"wp:attachment":[{"href":"https:\/\/agora.xtec.cat\/llar-drac\/wp-json\/wp\/v2\/media?parent=4205"}],"curies":[{"name":"wp","href":"https:\/\/api.w.org\/{rel}","templated":true}]}}

<ul>
<li>L’estona del dinar és un moment educatiu on es treballen els hàbits d’ordre, d’higiene, d’alimentació i de convivència.</li>
<li>Tots els infants mengen el mateix menú. Només es faran dietes especials  per motius de salut que s’haurà d’acreditar amb un informe del pediatra.</li>
<li>La utilització del servei de menjador és voluntària i implica l’acceptació de les condicions especificades en el projecte educatiu de la llar d’infants.</li>
<li>Els primers dies els infants marxaran a casa després de l&#8217;àpat. Quan ja estiguin adaptats al menjador podran allargar l’horari fent la migdiada.</li>
</ul>

<ul>
<li>L’estona del dinar és un moment educatiu on es treballen els hàbits d’ordre, d’higiene, d’alimentació i de convivència.</li>
<li>Tots els infants mengen el mateix menú. Només es faran dietes especials  per motius de salut que s’haurà d’acreditar amb un informe del pediatra.</li>
<li>La utilització del servei de&hellip;  <a href="https://agora.xtec.cat/llar-drac/estona-del-dinar/" title="Read ESTONA DEL DINAR">Llegeix més»</a><br />
