{"id":28,"date":"2014-09-18T12:29:35","date_gmt":"2014-09-18T11:29:35","guid":{"rendered":"http:\/\/agora.xtec.cat\/llar-drac\/?page_id=28"},"modified":"2026-04-07T13:09:52","modified_gmt":"2026-04-07T11:09:52","slug":"consell-escolar","status":"publish","type":"page","link":"https:\/\/agora.xtec.cat\/llar-drac\/consell-escolar\/","title":{"rendered":"CONSELL ESCOLAR"},"content":{"rendered":"<p>FUNCIONS DEL CONSELL ESCOLAR:<\/p>\n<p>L&#8217;\u00f2rgan de participaci\u00f3 de la comunitat educativa en el govern de les llars d&#8217;infants o escoles bressol sostingudes amb fons p\u00fablics, o consell de participaci\u00f3, ha passat a denominar-se consell escolar.<\/p>\n<p>COMPOSICI\u00d3 EN LES LLARS D\u2019INFANTS P\u00daBLIQUES:<\/p>\n<p>La composici\u00f3 del consell escolar de les llars d&#8217;infants de titularitat p\u00fablica ha de ser la seg\u00fcent:<\/p>\n<ul>\n<li>La directora de la llar d&#8217;infants, que el presideix.<\/li>\n<li>Un o una representant de l&#8217;ajuntament del municipi on s&#8217;ubica la llar d&#8217;infants.<\/li>\n<li>Un o una representant del personal educador de llar d&#8217;infants, elegit per i entre el mateix personal.<\/li>\n<li>Un o una representant del sector de mares i pares de la llar d&#8217;infants, elegit respectivament per ells i entre ells.<\/li>\n<li>Un o una representant del personal d&#8217;administraci\u00f3 i serveis.<\/li>\n<\/ul>\n<p>Les llars d&#8217;infants de m\u00e9s de tres grups afegeixen a la composici\u00f3 anterior un segon representant del personal educador i un segon representant dels pares i mares dels infants.<\/p>\n<p>Els ajuntaments poden determinar la composici\u00f3 del consell escolar, que ha de garantir l&#8217;equilibri entre la representaci\u00f3 del personal educador i la representaci\u00f3 de pares i mares, quan tinguin delegades les compet\u00e8ncies relatives als \u00f2rgans de participaci\u00f3 de la comunitat escolar en el control i gesti\u00f3 de les llars d&#8217;infants o escoles bressol d&#8217;acord amb el Decret 282\/2006, de 4 de juliol, pel qual es regulen el primer cicle de l&#8217;educaci\u00f3 infantil i els requisits dels centres<\/p>\n<p>El consell escolar ha d&#8217;aprovar les seves normes de funcionament. En all\u00f2 que no estigui previst s&#8217;han d&#8217;aplicar les normes reguladores dels \u00f2rgans col\u00b7legiats de l&#8217;Administraci\u00f3 de la Generalitat.<\/p>\n<p>El consell escolar del centre es reuneix preceptivament una vegada al trimestre i sempre que el convoca el director o directora del centre o ho sol\u00b7licita al menys un ter\u00e7 de les seves persones membres. A m\u00e9s, s&#8217;ha de fer una reuni\u00f3 a principi de curs i una altra a la seva finalitzaci\u00f3.<\/p>\n<p>El consell escolar actua normalment en ple. Es poden constituir comissions espec\u00edfiques d\u2019estudi i informaci\u00f3, a les quals, en tot cas, s\u2019hi ha d\u2019incorporar la direcci\u00f3 del centre, o en la seva representaci\u00f3, un altre \u00f2rgan\u00a0unipersonal de direcci\u00f3,\u00a0un professor o professora, i un alumne o alumna o un representant o una representant de les mares i els pares. Els centres de titularitat p\u00fablica, a m\u00e9s, hi ha d&#8217;haver preceptivament\u00a0una <strong>comissi\u00f3 econ\u00f2mica<\/strong> que supervisa la gesti\u00f3 econ\u00f2mica del centre.<\/p>\n<p>RENOVACI\u00d3 DELS MEMBRES:<\/p>\n<p>Les persones del consell escolar s\u00f3n elegides per <strong>un per\u00edode de 4 anys<\/strong> i es renoven per meitats cada dos anys.<\/p>\n<p>Les eleccions per a la constituci\u00f3 o renovaci\u00f3 de membres del consell escolar, les convoca el director o directora del centre p\u00fablic, amb quinze dies d&#8217;antelaci\u00f3, dintre del per\u00edode que fixa el Departament d&#8217;Ensenyament.<\/p>\n<p>Les <strong>vacants<\/strong> del consell escolar s&#8217;han d&#8217;ocupar pel procediment establert a les normes d&#8217;organitzaci\u00f3 i funcionament del centre; si aquestes no ho preveuen, les ha d&#8217;ocupar la seg\u00fcent candidatura m\u00e9s votada en les darreres eleccions. Si no hi ha m\u00e9s candidats o candidates per cobrir-les, romanen sense cobrir fins a la propera renovaci\u00f3 del consell escolar.<\/p>\n<p>La condici\u00f3 de membre del consell escolar es perd quan es deixa el c\u00e0rrec que comporta ser-ne membre, quan es deixa de complir algun dels requisits per ser elegible o quan l&#8217;\u00f2rgan que l&#8217;ha designat en revoca la designaci\u00f3.<\/p>\n<p><strong>* El darrer consell escolar de la llar d&#8217;infants el Drac es va constituir el 12 desembre de 2025<\/strong><\/p>\n","protected":false},"excerpt":{"rendered":"<p>FUNCIONS DEL CONSELL ESCOLAR:<br \/>\nL&#8217;\u00f2rgan de participaci\u00f3 de la comunitat educativa en el govern de les llars d&#8217;infants o escoles bressol sostingudes amb fons p\u00fablics, o consell de participaci\u00f3, ha passat a denominar-se consell escolar.<br \/>\nCOMPOSICI\u00d3 EN LES LLARS D\u2019INFANTS P\u00daBLIQUES:<br \/>\nLa composici\u00f3 del consell escolar de les&hellip;  <a href=\"https:\/\/agora.xtec.cat\/llar-drac\/consell-escolar\/\" title=\"Read CONSELL ESCOLAR\">Llegeix m\u00e9s\u00bb<\/a><\/p>\n","protected":false},"author":1,"featured_media":0,"parent":0,"menu_order":30,"comment_status":"closed","ping_status":"closed","template":"page-templates\/side-menu.php","meta":{"_bbp_topic_count":0,"_bbp_reply_count":0,"_bbp_total_topic_count":0,"_bbp_total_reply_count":0,"_bbp_voice_count":0,"_bbp_anonymous_reply_count":0,"_bbp_topic_count_hidden":0,"_bbp_reply_count_hidden":0,"_bbp_forum_subforum_count":0,"footnotes":""},"class_list":["post-28","page","type-page","status-publish","hentry"],"post_mailing_queue_ids":[],"_links":{"self":[{"href":"https:\/\/agora.xtec.cat\/llar-drac\/wp-json\/wp\/v2\/pages\/28","targetHints":{"allow":["GET"]}}],"collection":[{"href":"https:\/\/agora.xtec.cat\/llar-drac\/wp-json\/wp\/v2\/pages"}],"about":[{"href":"https:\/\/agora.xtec.cat\/llar-drac\/wp-json\/wp\/v2\/types\/page"}],"author":[{"embeddable":true,"href":"https:\/\/agora.xtec.cat\/llar-drac\/wp-json\/wp\/v2\/users\/1"}],"replies":[{"embeddable":true,"href":"https:\/\/agora.xtec.cat\/llar-drac\/wp-json\/wp\/v2\/comments?post=28"}],"version-history":[{"count":6,"href":"https:\/\/agora.xtec.cat\/llar-drac\/wp-json\/wp\/v2\/pages\/28\/revisions"}],"predecessor-version":[{"id":4466,"href":"https:\/\/agora.xtec.cat\/llar-drac\/wp-json\/wp\/v2\/pages\/28\/revisions\/4466"}],"wp:attachment":[{"href":"https:\/\/agora.xtec.cat\/llar-drac\/wp-json\/wp\/v2\/media?parent=28"}],"curies":[{"name":"wp","href":"https:\/\/api.w.org\/{rel}","templated":true}]}}

<p>FUNCIONS DEL CONSELL ESCOLAR:</p>
<p>L&#8217;òrgan de participació de la comunitat educativa en el govern de les llars d&#8217;infants o escoles bressol sostingudes amb fons públics, o consell de participació, ha passat a denominar-se consell escolar.</p>
<p>COMPOSICIÓ EN LES LLARS D’INFANTS PÚBLIQUES:</p>
<p>La composició del consell escolar de les llars d&#8217;infants de titularitat pública ha de ser la següent:</p>
<ul>
<li>La directora de la llar d&#8217;infants, que el presideix.</li>
<li>Un o una representant de l&#8217;ajuntament del municipi on s&#8217;ubica la llar d&#8217;infants.</li>
<li>Un o una representant del personal educador de llar d&#8217;infants, elegit per i entre el mateix personal.</li>
<li>Un o una representant del sector de mares i pares de la llar d&#8217;infants, elegit respectivament per ells i entre ells.</li>
<li>Un o una representant del personal d&#8217;administració i serveis.</li>
</ul>
<p>Les llars d&#8217;infants de més de tres grups afegeixen a la composició anterior un segon representant del personal educador i un segon representant dels pares i mares dels infants.</p>
<p>Els ajuntaments poden determinar la composició del consell escolar, que ha de garantir l&#8217;equilibri entre la representació del personal educador i la representació de pares i mares, quan tinguin delegades les competències relatives als òrgans de participació de la comunitat escolar en el control i gestió de les llars d&#8217;infants o escoles bressol d&#8217;acord amb el Decret 282/2006, de 4 de juliol, pel qual es regulen el primer cicle de l&#8217;educació infantil i els requisits dels centres</p>
<p>El consell escolar ha d&#8217;aprovar les seves normes de funcionament. En allò que no estigui previst s&#8217;han d&#8217;aplicar les normes reguladores dels òrgans col·legiats de l&#8217;Administració de la Generalitat.</p>
<p>El consell escolar del centre es reuneix preceptivament una vegada al trimestre i sempre que el convoca el director o directora del centre o ho sol·licita al menys un terç de les seves persones membres. A més, s&#8217;ha de fer una reunió a principi de curs i una altra a la seva finalització.</p>
<p>El consell escolar actua normalment en ple. Es poden constituir comissions específiques d’estudi i informació, a les quals, en tot cas, s’hi ha d’incorporar la direcció del centre, o en la seva representació, un altre òrgan unipersonal de direcció, un professor o professora, i un alumne o alumna o un representant o una representant de les mares i els pares. Els centres de titularitat pública, a més, hi ha d&#8217;haver preceptivament una <strong>comissió econòmica</strong> que supervisa la gestió econòmica del centre.</p>
<p>RENOVACIÓ DELS MEMBRES:</p>
<p>Les persones del consell escolar són elegides per <strong>un període de 4 anys</strong> i es renoven per meitats cada dos anys.</p>
<p>Les eleccions per a la constitució o renovació de membres del consell escolar, les convoca el director o directora del centre públic, amb quinze dies d&#8217;antelació, dintre del període que fixa el Departament d&#8217;Ensenyament.</p>
<p>Les <strong>vacants</strong> del consell escolar s&#8217;han d&#8217;ocupar pel procediment establert a les normes d&#8217;organització i funcionament del centre; si aquestes no ho preveuen, les ha d&#8217;ocupar la següent candidatura més votada en les darreres eleccions. Si no hi ha més candidats o candidates per cobrir-les, romanen sense cobrir fins a la propera renovació del consell escolar.</p>
<p>La condició de membre del consell escolar es perd quan es deixa el càrrec que comporta ser-ne membre, quan es deixa de complir algun dels requisits per ser elegible o quan l&#8217;òrgan que l&#8217;ha designat en revoca la designació.</p>
<p><strong>* El darrer consell escolar de la llar d&#8217;infants el Drac es va constituir el 12 desembre de 2025</strong></p>

<p>FUNCIONS DEL CONSELL ESCOLAR:<br />
L&#8217;òrgan de participació de la comunitat educativa en el govern de les llars d&#8217;infants o escoles bressol sostingudes amb fons públics, o consell de participació, ha passat a denominar-se consell escolar.<br />
COMPOSICIÓ EN LES LLARS D’INFANTS PÚBLIQUES:<br />
La composició del consell escolar de les&hellip;  <a href="https://agora.xtec.cat/llar-drac/consell-escolar/" title="Read CONSELL ESCOLAR">Llegeix més»</a></p>
