{"id":888,"date":"2020-09-28T09:07:16","date_gmt":"2020-09-28T07:07:16","guid":{"rendered":"http:\/\/agora.xtec.cat\/llar-barrufets\/?page_id=888"},"modified":"2025-04-24T10:46:32","modified_gmt":"2025-04-24T08:46:32","slug":"maternals","status":"publish","type":"page","link":"https:\/\/agora.xtec.cat\/llar-barrufets\/nivells\/maternals\/","title":{"rendered":"Maternals I2 (2 a 3 anys)"},"content":{"rendered":"<p>A la Llar d&#8217;infants Barrufets tenim 3 aules de maternals (i2):<\/p>\n<p><strong>Espai de Maternals<\/strong><\/p>\n<p>Al nivell de maternals, els infants viuen una etapa de grans aven\u00e7os en l\u2019autonomia, el joc, el llenguatge i les relacions socials. Ens centrem a oferir un entorn segur, estimulant i respectu\u00f3s amb els seus ritmes, per acompanyar-los en aquest moment tan ric de creixement.<\/p>\n<ul>\n<li><strong>El joc simb\u00f2lic, protagonista del dia a dia: <\/strong>El <strong>joc simb\u00f2lic<\/strong> t\u00e9 un pes molt important en aquesta etapa. A trav\u00e9s del \u201cfer veure\u201d, els infants reprodueixen i interpreten situacions del m\u00f3n que els envolta: juguen a cuinar, anar al metge, cuidar ninos o construir escenaris imaginaris.<\/li>\n<\/ul>\n<p>Aquest joc fomenta la <strong>creativitat, el desenvolupament emocional i les habilitats socials<\/strong>, i el potenciem amb materials adequats i espais vers\u00e0tils.<\/p>\n<ul>\n<li><strong>Experimentaci\u00f3 i manipulaci\u00f3: <\/strong>Els infants continuen descobrint a trav\u00e9s de l\u2019experimentaci\u00f3 amb materials diversos: farines, colors, aigua, llums&#8230; Les <strong>taules de manipulaci\u00f3<\/strong> i les propostes sensorials ofereixen oportunitats per explorar, fer hip\u00f2tesis i descobrir el m\u00f3n amb les mans i tots els sentits.<\/li>\n<li><strong>Expressi\u00f3 art\u00edstica i creativitat:<\/strong> La <strong>pintura<\/strong>, els <strong>gomets<\/strong>, els <strong>retalls<\/strong> o les <strong>ceres<\/strong> s\u00f3n eines que afavoreixen l\u2019expressi\u00f3 i la concentraci\u00f3. No cerquem el resultat est\u00e8tic, sin\u00f3 <strong>l\u2019expressi\u00f3 lliure i el plaer de crear<\/strong>.<\/li>\n<li><strong>Pensament l\u00f2gic i estructuraci\u00f3 del pensament: <\/strong>Mitjan\u00e7ant jocs de <strong>construcci\u00f3<\/strong>, <strong>trencaclosques<\/strong>, <strong>encaixos<\/strong> i <strong>classificacions<\/strong>, els infants desenvolupen la l\u00f2gica, la mem\u00f2ria, l\u2019atenci\u00f3 i la capacitat per resoldre problemes de manera aut\u00f2noma.<\/li>\n<li><strong>Els contes com a font de llenguatge i cultura:<\/strong> Els <strong>contes<\/strong> s\u00f3n una eina fonamental en el nostre dia a dia. Els oferim tant per a la <strong>lectura lliure i la descoberta aut\u00f2noma<\/strong> com per a <strong>moments de lectura compartida amb l\u2019adult<\/strong>, creant espais de calma, atenci\u00f3 i connexi\u00f3 emocional.<\/li>\n<\/ul>\n<p>Els contes ens ajuden a enriquir el <strong>llenguatge oral<\/strong>, a ampliar el vocabulari, a estimular la imaginaci\u00f3 i tamb\u00e9 a <strong>transmetre valors, emocions i elements de la cultura<\/strong> que formen part del nostre entorn i del m\u00f3n.<\/p>\n<ul>\n<li><strong>Moviment i joc exterior: <\/strong>El moviment \u00e9s essencial en aquesta etapa. Utilitzem l\u2019espai exterior per oferir oportunitats de joc lliure i estructurat amb <strong>tricicles, motos, pilotes i material psicomotriu<\/strong>.<\/li>\n<\/ul>\n<p>A m\u00e9s, es duen a terme <strong>sessions espec\u00edfiques de psicomotricitat<\/strong>, que afavoreixen el coneixement del propi cos, la coordinaci\u00f3, l\u2019equilibri, l\u2019orientaci\u00f3 i l\u2019expressi\u00f3 corporal.<\/p>\n<ul>\n<li><strong>H\u00e0bits d\u2019autonomia: alimentaci\u00f3, higiene i descans: <\/strong>Acompanyem els infants en la <strong>construcci\u00f3 dels seus h\u00e0bits d\u2019autonomia<\/strong>:\n<ul>\n<li><strong>A l\u2019hora de dinar<\/strong>, potenciem que participin activament: que utilitzin coberts, que decideixin la quantitat i que comparteixin aquest moment amb els companys.<\/li>\n<li>En relaci\u00f3 amb la <strong>higiene<\/strong>, els ajudem a rentar-se les mans de forma aut\u00f2noma, a fer servir el mocador, a descal\u00e7ar-se i tornar-se a cal\u00e7ar&#8230;<\/li>\n<li>Tamb\u00e9 respectem les seves necessitats de <strong>descans<\/strong>, oferint un ambient tranquil i relaxat on cada infant pugui dormir o reposar segons el seu ritme.<\/li>\n<\/ul>\n<\/li>\n<li><strong>Control d\u2019esf\u00ednters: <\/strong>Acompanyem amb molta cura i respecte el <strong>proc\u00e9s de control d\u2019esf\u00ednters<\/strong>, que es fa nom\u00e9s quan l\u2019infant est\u00e0 preparat i en coordinaci\u00f3 amb les fam\u00edlies. \u00c9s un proc\u00e9s natural que requereix paci\u00e8ncia, confian\u00e7a i una mirada individualitzada.<\/li>\n<li><strong>Conviv\u00e8ncia i relacions socials:<\/strong> En aquesta etapa, les relacions entre iguals es fan m\u00e9s intenses. Ajudem els infants a <strong>expressar emocions, resoldre conflictes i establir vincles saludables<\/strong>, sempre amb l\u2019acompanyament i la pres\u00e8ncia de l\u2019adult.<\/li>\n<\/ul>\n<p><a href=\"https:\/\/agora.xtec.cat\/llar-barrufets\/wp-content\/uploads\/usu1017\/2025\/04\/PRESENTACIO-PORTES-OBERTES-2.jpg\"><img loading=\"lazy\" decoding=\"async\" class=\"alignnone size-large wp-image-1270\" src=\"https:\/\/agora.xtec.cat\/llar-barrufets\/wp-content\/uploads\/usu1017\/2025\/04\/PRESENTACIO-PORTES-OBERTES-2-1024x576.jpg\" alt=\"\" width=\"1024\" height=\"576\" srcset=\"https:\/\/agora.xtec.cat\/llar-barrufets\/wp-content\/uploads\/usu1017\/2025\/04\/PRESENTACIO-PORTES-OBERTES-2-1024x576.jpg 1024w, https:\/\/agora.xtec.cat\/llar-barrufets\/wp-content\/uploads\/usu1017\/2025\/04\/PRESENTACIO-PORTES-OBERTES-2-300x169.jpg 300w, https:\/\/agora.xtec.cat\/llar-barrufets\/wp-content\/uploads\/usu1017\/2025\/04\/PRESENTACIO-PORTES-OBERTES-2-768x432.jpg 768w, https:\/\/agora.xtec.cat\/llar-barrufets\/wp-content\/uploads\/usu1017\/2025\/04\/PRESENTACIO-PORTES-OBERTES-2-1536x864.jpg 1536w, https:\/\/agora.xtec.cat\/llar-barrufets\/wp-content\/uploads\/usu1017\/2025\/04\/PRESENTACIO-PORTES-OBERTES-2.jpg 1920w\" sizes=\"auto, (max-width: 1024px) 100vw, 1024px\" \/><\/a><\/p>\n<p style=\"text-align: center;\">\n","protected":false},"excerpt":{"rendered":"<p>A la Llar d&#8217;infants Barrufets tenim 3 aules de maternals (i2):<br \/>\nEspai de Maternals<br \/>\nAl nivell de maternals, els infants viuen una etapa de grans aven\u00e7os en l\u2019autonomia, el joc, el llenguatge i les relacions socials. Ens centrem a oferir un entorn segur, estimulant i respectu\u00f3s amb&hellip;  <a href=\"https:\/\/agora.xtec.cat\/llar-barrufets\/nivells\/maternals\/\" title=\"Read Maternals I2 (2 a 3 anys)\">Llegeix m\u00e9s\u00bb<\/a><\/p>\n","protected":false},"author":1,"featured_media":0,"parent":87,"menu_order":0,"comment_status":"closed","ping_status":"closed","template":"","meta":{"_bbp_topic_count":0,"_bbp_reply_count":0,"_bbp_total_topic_count":0,"_bbp_total_reply_count":0,"_bbp_voice_count":0,"_bbp_anonymous_reply_count":0,"_bbp_topic_count_hidden":0,"_bbp_reply_count_hidden":0,"_bbp_forum_subforum_count":0,"footnotes":""},"class_list":["post-888","page","type-page","status-publish","hentry"],"post_mailing_queue_ids":[],"_links":{"self":[{"href":"https:\/\/agora.xtec.cat\/llar-barrufets\/wp-json\/wp\/v2\/pages\/888","targetHints":{"allow":["GET"]}}],"collection":[{"href":"https:\/\/agora.xtec.cat\/llar-barrufets\/wp-json\/wp\/v2\/pages"}],"about":[{"href":"https:\/\/agora.xtec.cat\/llar-barrufets\/wp-json\/wp\/v2\/types\/page"}],"author":[{"embeddable":true,"href":"https:\/\/agora.xtec.cat\/llar-barrufets\/wp-json\/wp\/v2\/users\/1"}],"replies":[{"embeddable":true,"href":"https:\/\/agora.xtec.cat\/llar-barrufets\/wp-json\/wp\/v2\/comments?post=888"}],"version-history":[{"count":6,"href":"https:\/\/agora.xtec.cat\/llar-barrufets\/wp-json\/wp\/v2\/pages\/888\/revisions"}],"predecessor-version":[{"id":1271,"href":"https:\/\/agora.xtec.cat\/llar-barrufets\/wp-json\/wp\/v2\/pages\/888\/revisions\/1271"}],"up":[{"embeddable":true,"href":"https:\/\/agora.xtec.cat\/llar-barrufets\/wp-json\/wp\/v2\/pages\/87"}],"wp:attachment":[{"href":"https:\/\/agora.xtec.cat\/llar-barrufets\/wp-json\/wp\/v2\/media?parent=888"}],"curies":[{"name":"wp","href":"https:\/\/api.w.org\/{rel}","templated":true}]}}