{"id":77,"date":"2014-09-18T14:05:08","date_gmt":"2014-09-18T13:05:08","guid":{"rendered":"http:\/\/agora.xtec.cat\/llar-arrel-cervera\/?page_id=77"},"modified":"2025-09-16T19:52:55","modified_gmt":"2025-09-16T17:52:55","slug":"acollida","status":"publish","type":"page","link":"https:\/\/agora.xtec.cat\/llar-arrel-cervera\/serveis\/acollida\/","title":{"rendered":"Acollida Matinal"},"content":{"rendered":"<hr \/>\n<p>&nbsp;<\/p>\n<ul>\n<li>El servei d&#8217;Acollida Matinal es realitza tots els dies de dilluns a divendres de 08:00 a 09:00 hores.<\/li>\n<\/ul>\n<p class=\"cvGsUA direction-ltr align-justify para-style-body\"><span class=\"a_GcMg font-feature-liga-off font-feature-clig-off font-feature-calt-off text-decoration-none text-strikethrough-none\">Aquest servei, gestionat per l\u2019AFA de la llar, est\u00e0 obert tant per a fam\u00edlies s\u00f2cies com no s\u00f2cies.<\/span><\/p>\n<p class=\"cvGsUA direction-ltr align-justify para-style-body\"><span class=\"a_GcMg font-feature-liga-off font-feature-clig-off font-feature-calt-off text-decoration-none text-strikethrough-none\">Si hi esteu interessats, podeu contactar amb l\u2019AFA enviant un correu a: <em><strong><span style=\"color: #3366ff;\">afaarrel@gmail.com<\/span><\/strong><\/em><\/span><\/p>\n<p class=\"cvGsUA direction-ltr align-justify para-style-body\"><span class=\"a_GcMg font-feature-liga-off font-feature-clig-off font-feature-calt-off text-decoration-none text-strikethrough-none\">L\u2019acollida est\u00e0 a c\u00e0rrec de monitors externs que treballen en col\u00b7laboraci\u00f3 amb l\u2019equip educatiu del centre.<\/span><\/p>\n","protected":false},"excerpt":{"rendered":"<p>&nbsp;<\/p>\n<ul>\n<li>El servei d&#8217;Acollida Matinal es realitza tots els dies de dilluns a divendres de 08:00 a 09:00 hores.<\/li>\n<\/ul>\n<p>Aquest servei, gestionat per l\u2019AFA de la llar, est\u00e0 obert tant per a fam\u00edlies s\u00f2cies com no s\u00f2cies.<br \/>\nSi hi esteu interessats, podeu contactar amb l\u2019AFA enviant un correu&hellip;  <a href=\"https:\/\/agora.xtec.cat\/llar-arrel-cervera\/serveis\/acollida\/\" title=\"Read Acollida Matinal\">Llegeix m\u00e9s\u00bb<\/a><\/p>\n","protected":false},"author":1,"featured_media":0,"parent":66,"menu_order":20,"comment_status":"closed","ping_status":"closed","template":"page-templates\/side-menu.php","meta":{"_bbp_topic_count":0,"_bbp_reply_count":0,"_bbp_total_topic_count":0,"_bbp_total_reply_count":0,"_bbp_voice_count":0,"_bbp_anonymous_reply_count":0,"_bbp_topic_count_hidden":0,"_bbp_reply_count_hidden":0,"_bbp_forum_subforum_count":0,"footnotes":""},"class_list":["post-77","page","type-page","status-publish","hentry"],"post_mailing_queue_ids":[],"_links":{"self":[{"href":"https:\/\/agora.xtec.cat\/llar-arrel-cervera\/wp-json\/wp\/v2\/pages\/77","targetHints":{"allow":["GET"]}}],"collection":[{"href":"https:\/\/agora.xtec.cat\/llar-arrel-cervera\/wp-json\/wp\/v2\/pages"}],"about":[{"href":"https:\/\/agora.xtec.cat\/llar-arrel-cervera\/wp-json\/wp\/v2\/types\/page"}],"author":[{"embeddable":true,"href":"https:\/\/agora.xtec.cat\/llar-arrel-cervera\/wp-json\/wp\/v2\/users\/1"}],"replies":[{"embeddable":true,"href":"https:\/\/agora.xtec.cat\/llar-arrel-cervera\/wp-json\/wp\/v2\/comments?post=77"}],"version-history":[{"count":6,"href":"https:\/\/agora.xtec.cat\/llar-arrel-cervera\/wp-json\/wp\/v2\/pages\/77\/revisions"}],"predecessor-version":[{"id":800,"href":"https:\/\/agora.xtec.cat\/llar-arrel-cervera\/wp-json\/wp\/v2\/pages\/77\/revisions\/800"}],"up":[{"embeddable":true,"href":"https:\/\/agora.xtec.cat\/llar-arrel-cervera\/wp-json\/wp\/v2\/pages\/66"}],"wp:attachment":[{"href":"https:\/\/agora.xtec.cat\/llar-arrel-cervera\/wp-json\/wp\/v2\/media?parent=77"}],"curies":[{"name":"wp","href":"https:\/\/api.w.org\/{rel}","templated":true}]}}