{"id":66,"date":"2014-09-18T12:40:47","date_gmt":"2014-09-18T11:40:47","guid":{"rendered":"http:\/\/agora.xtec.cat\/llar-arrel-cervera\/?page_id=66"},"modified":"2025-09-18T15:54:13","modified_gmt":"2025-09-18T13:54:13","slug":"serveis","status":"publish","type":"page","link":"https:\/\/agora.xtec.cat\/llar-arrel-cervera\/serveis\/","title":{"rendered":"SERVEIS"},"content":{"rendered":"<hr \/>\n<p><strong>ACOLLIDA MATINAL: <\/strong>Tots els dies de dilluns a divendres de 08:00 a 09:00 hores<\/p>\n<p class=\"cvGsUA direction-ltr align-justify para-style-body\"><span class=\"a_GcMg font-feature-liga-off font-feature-clig-off font-feature-calt-off text-decoration-none text-strikethrough-none\">Aquest servei, \u00e9s gestionat per l\u2019AFA de la llar i est\u00e0 obert tant per a fam\u00edlies s\u00f2cies com no s\u00f2cies.<\/span><\/p>\n<p class=\"cvGsUA direction-ltr align-justify para-style-body\"><span class=\"a_GcMg font-feature-liga-off font-feature-clig-off font-feature-calt-off text-decoration-none text-strikethrough-none\">Si hi esteu interessats, podeu contactar amb l\u2019AFA enviant un correu a: <span style=\"color: #0000ff;\">afaarrel<span class=\"\">@gmail.co<\/span>m<\/span><\/span><\/p>\n<p class=\"cvGsUA direction-ltr align-justify para-style-body\"><span class=\"a_GcMg font-feature-liga-off font-feature-clig-off font-feature-calt-off text-decoration-none text-strikethrough-none\">L\u2019acollida est\u00e0 a c\u00e0rrec de monitors externs que treballen en col\u00b7laboraci\u00f3 amb l\u2019equip educatiu del centre.<\/span><\/p>\n<p>Enlla\u00e7 per inscriure &#8216;us a l&#8217;Acollida Matinal: <a href=\"https:\/\/drive.google.com\/file\/d\/1DZeQExSI0dMN6B_DJUdHQ2ptG-eq7s8n\/view?usp=drive_link\">https:\/\/drive.google.com\/file\/d\/1DZeQExSI0dMN6B_DJUdHQ2ptG-eq7s8n\/view?usp=drive_link<\/a><\/p>\n<hr \/>\n<p><strong style=\"font-family: inherit; font-size: 1em;\">SERVEI de MENJADOR i DORMITORI: <\/strong><br \/>\n<span style=\"font-family: inherit; font-size: 1em;\">Tots els dies de dilluns a divendres de 12:00 a 15:00 hores.<\/span><\/p>\n<hr \/>\n<p><strong>CASAL d&#8217;ESTIU:<\/strong><br \/>\nAquest servei, \u00e9s gestionat pel Consell Esportiu de la Segarra<\/p>\n<p><span class=\"a_GcMg font-feature-liga-off font-feature-clig-off font-feature-calt-off text-decoration-none text-strikethrough-none\">Si hi esteu interessats, podeu contactar enviant un correu a: <\/span><span style=\"color: #0000ff;\">infoces@ccsegarra.cat<\/span><\/p>\n<hr \/>\n<p>&nbsp;<\/p>\n","protected":false},"excerpt":{"rendered":"<p>ACOLLIDA MATINAL: Tots els dies de dilluns a divendres de 08:00 a 09:00 hores<br \/>\nAquest servei, \u00e9s gestionat per l\u2019AFA de la llar i est\u00e0 obert tant per a fam\u00edlies s\u00f2cies com no s\u00f2cies.<br \/>\nSi hi esteu interessats, podeu contactar amb l\u2019AFA enviant un correu a: afaarrel@gmail.com<br \/>\nL\u2019acollida&hellip;  <a href=\"https:\/\/agora.xtec.cat\/llar-arrel-cervera\/serveis\/\" title=\"Read SERVEIS\">Llegeix m\u00e9s\u00bb<\/a><\/p>\n","protected":false},"author":1,"featured_media":0,"parent":0,"menu_order":0,"comment_status":"closed","ping_status":"closed","template":"page-templates\/side-menu.php","meta":{"_bbp_topic_count":0,"_bbp_reply_count":0,"_bbp_total_topic_count":0,"_bbp_total_reply_count":0,"_bbp_voice_count":0,"_bbp_anonymous_reply_count":0,"_bbp_topic_count_hidden":0,"_bbp_reply_count_hidden":0,"_bbp_forum_subforum_count":0,"footnotes":""},"class_list":["post-66","page","type-page","status-publish","hentry"],"post_mailing_queue_ids":[],"_links":{"self":[{"href":"https:\/\/agora.xtec.cat\/llar-arrel-cervera\/wp-json\/wp\/v2\/pages\/66","targetHints":{"allow":["GET"]}}],"collection":[{"href":"https:\/\/agora.xtec.cat\/llar-arrel-cervera\/wp-json\/wp\/v2\/pages"}],"about":[{"href":"https:\/\/agora.xtec.cat\/llar-arrel-cervera\/wp-json\/wp\/v2\/types\/page"}],"author":[{"embeddable":true,"href":"https:\/\/agora.xtec.cat\/llar-arrel-cervera\/wp-json\/wp\/v2\/users\/1"}],"replies":[{"embeddable":true,"href":"https:\/\/agora.xtec.cat\/llar-arrel-cervera\/wp-json\/wp\/v2\/comments?post=66"}],"version-history":[{"count":6,"href":"https:\/\/agora.xtec.cat\/llar-arrel-cervera\/wp-json\/wp\/v2\/pages\/66\/revisions"}],"predecessor-version":[{"id":813,"href":"https:\/\/agora.xtec.cat\/llar-arrel-cervera\/wp-json\/wp\/v2\/pages\/66\/revisions\/813"}],"wp:attachment":[{"href":"https:\/\/agora.xtec.cat\/llar-arrel-cervera\/wp-json\/wp\/v2\/media?parent=66"}],"curies":[{"name":"wp","href":"https:\/\/api.w.org\/{rel}","templated":true}]}}