{"id":64,"date":"2014-09-18T12:39:08","date_gmt":"2014-09-18T11:39:08","guid":{"rendered":"http:\/\/agora.xtec.cat\/llar-arrel-cervera\/?page_id=64"},"modified":"2025-09-16T19:14:44","modified_gmt":"2025-09-16T17:14:44","slug":"projecte-educatiu","status":"publish","type":"page","link":"https:\/\/agora.xtec.cat\/llar-arrel-cervera\/projecte-educatiu\/","title":{"rendered":"PROJECTE EDUCATIU de CENTRE"},"content":{"rendered":"<hr \/>\n<h1 style=\"text-align: center;\"><span style=\"text-decoration: underline; color: #000000;\">IDENTIFICACI\u00d3 DEL CENTRE<\/span><\/h1>\n<h2 style=\"text-align: left;\"><span style=\"color: #000000;\"><strong>\u00a0<\/strong><\/span><a name=\"_Toc156469716\"><\/a><span style=\"color: #000000;\">DADES GENERALS<\/span><\/h2>\n<table class=\" aligncenter\" style=\"font-weight: 400; width: 72.5479%; height: 588px;\">\n<tbody>\n<tr>\n<td style=\"width: 47.4962%; text-align: right;\" width=\"255\"><span style=\"color: #000000;\"><strong>Nom del Centre:<\/strong><\/span><\/td>\n<td style=\"width: 199.868%;\" width=\"350\"><span style=\"color: #000000;\">Arrel<\/span><\/td>\n<\/tr>\n<tr>\n<td style=\"width: 47.4962%; text-align: right;\" width=\"255\"><span style=\"color: #000000;\"><strong>Codi de Centre:<\/strong><\/span><\/td>\n<td style=\"width: 199.868%;\" width=\"350\"><span style=\"color: #000000;\">25007190<\/span><\/td>\n<\/tr>\n<tr>\n<td style=\"width: 47.4962%; text-align: right;\" width=\"255\"><span style=\"color: #000000;\"><strong>Domicili:<\/strong><\/span><\/td>\n<td style=\"width: 199.868%;\" width=\"350\"><span style=\"color: #000000;\">Cam\u00ed dels Pagesos s\/n<\/span><\/td>\n<\/tr>\n<tr>\n<td style=\"width: 47.4962%; text-align: right;\" width=\"255\"><span style=\"color: #000000;\"><strong>Tel\u00e8fon fix i m\u00f2bil:<\/strong><\/span><\/td>\n<td style=\"width: 199.868%;\" width=\"350\"><span style=\"color: #000000;\">973 53 12 24 \/ 634770245<\/span><\/td>\n<\/tr>\n<tr>\n<td style=\"width: 47.4962%; text-align: right;\" width=\"255\"><span style=\"color: #000000;\"><strong>Correu Electr\u00f2nic:<\/strong><\/span><\/td>\n<td style=\"width: 199.868%;\" width=\"350\"><span style=\"color: #000000;\">c5007190@xtec.cat<\/span><\/td>\n<\/tr>\n<tr>\n<td style=\"width: 47.4962%; text-align: right;\" width=\"255\"><span style=\"color: #000000;\"><strong>Municipi:<\/strong><\/span><\/td>\n<td style=\"width: 199.868%;\" width=\"350\"><span style=\"color: #000000;\">Cervera\u00a0\u00a0(La Segarra)<\/span><\/td>\n<\/tr>\n<tr>\n<td style=\"width: 47.4962%; text-align: right;\" width=\"255\"><span style=\"color: #000000;\"><strong>Situaci\u00f3 Geogr\u00e0fica:<\/strong><\/span><\/td>\n<td style=\"width: 199.868%;\" width=\"350\"><span style=\"color: #000000;\">La Segarra (Lleida)<\/span><\/td>\n<\/tr>\n<tr>\n<td style=\"width: 47.4962%; text-align: right;\" width=\"255\"><span style=\"color: #000000;\"><strong>Tipus de Centre:<\/strong><\/span><\/td>\n<td style=\"width: 199.868%;\" width=\"350\"><span style=\"color: #000000;\">Llar d\u2019infants<\/span><\/td>\n<\/tr>\n<tr>\n<td style=\"width: 47.4962%; text-align: right;\" width=\"255\"><span style=\"color: #000000;\"><strong>Titularitat:<\/strong><\/span><\/td>\n<td style=\"width: 199.868%;\" width=\"350\"><span style=\"color: #000000;\">Departament d\u2019Educaci\u00f3 i Formaci\u00f3 Professional de la Generalitat de Catalunya<\/span><\/td>\n<\/tr>\n<tr>\n<td style=\"width: 47.4962%; text-align: right;\" width=\"255\"><span style=\"color: #000000;\"><strong>Personal Educador:<\/strong><\/span><\/td>\n<td style=\"width: 199.868%;\" width=\"350\">\n<p class=\"cvGsUA direction-ltr align-start para-style-body\"><span class=\"a_GcMg font-feature-liga-off font-feature-clig-off font-feature-calt-off text-decoration-none text-strikethrough-none\">1 directora<\/span><\/p>\n<p class=\"cvGsUA direction-ltr align-start para-style-body\"><span class=\"a_GcMg font-feature-liga-off font-feature-clig-off font-feature-calt-off text-decoration-none text-strikethrough-none\">2 educadors\/es de suport<\/span><\/p>\n<p class=\"cvGsUA direction-ltr align-start para-style-body\"><span class=\"a_GcMg font-feature-liga-off font-feature-clig-off font-feature-calt-off text-decoration-none text-strikethrough-none\">11 educadors\/es (tutors\/es d\u2019aula)<\/span><\/p>\n<\/td>\n<\/tr>\n<tr>\n<td style=\"width: 47.4962%; text-align: right;\" width=\"255\"><span style=\"color: #000000;\"><strong>Personal de Serveis (PAS):<\/strong><\/span><\/td>\n<td style=\"width: 199.868%;\" width=\"350\">\n<p class=\"cvGsUA direction-ltr align-start para-style-body\"><span class=\"a_GcMg font-feature-liga-off font-feature-clig-off font-feature-calt-off text-decoration-none text-strikethrough-none\">1 oficial de manteniment<\/span><\/p>\n<p class=\"cvGsUA direction-ltr align-start para-style-body\"><span class=\"a_GcMg font-feature-liga-off font-feature-clig-off font-feature-calt-off text-decoration-none text-strikethrough-none\">1 cuinera<\/span><\/p>\n<p class=\"cvGsUA direction-ltr align-start para-style-body\"><span class=\"a_GcMg font-feature-liga-off font-feature-clig-off font-feature-calt-off text-decoration-none text-strikethrough-none\">5 feiners\/eres<\/span><\/p>\n<\/td>\n<\/tr>\n<tr>\n<td style=\"width: 47.4962%; text-align: right;\" width=\"255\"><span style=\"color: #000000;\"><strong>Nombre d\u2019Estances (aules):<\/strong><\/span><\/td>\n<td style=\"width: 199.868%;\" width=\"350\"><span style=\"color: #000000;\">11<\/span><\/td>\n<\/tr>\n<\/tbody>\n<\/table>\n<h2><\/h2>\n<h2><\/h2>\n<h2><span style=\"color: #000000;\">REFER\u00c8NCIA HIST\u00d2RICA<\/span><\/h2>\n<p style=\"font-weight: 400;\"><span style=\"color: #000000;\">La llar d\u2019infants es va iniciar a l\u2019any 1978 quan es va construir l\u2019edifici que ara ocupa, en uns terrenys municipals per part de l\u2019INASS (Instituto Nacional de Asistencia y Servicios Sociales). El curs 1980\/1981, amb les obres acabades, la llar comen\u00e7a a funcionar, de manera provisional, a c\u00e0rrec de l\u2019Ajuntament de la ciutat. L\u2019any 1981, amb els canvis pol\u00edtics, la Generalitat de Catalunya i m\u00e9s concretament, l\u2019ICASS (Institut Catal\u00e0 d\u2019Assist\u00e8ncia i Serveis Socials), es fa c\u00e0rrec del centre i el posa en ple funcionament. El centre, va ser pensat i equipat per acollir nens i nenes de 0-6 anys, per\u00f2 l\u2019any 1985, el Departament d\u2019Ensenyament i l\u2019ICASS, acorden passar els infants de 4-6 anys a l\u2019escola p\u00fablica. \u00c9s aix\u00ed com el curs 1985\/1986, la llar passa a ser un centre que acull infants de 0-4 anys.<\/span><\/p>\n<p style=\"font-weight: 400;\"><span style=\"color: #000000;\">L\u2019any 1989, es produeix un canvi significatiu pel que fa refer\u00e8ncia al reconeixement social del cicle 0-3 com a etapa educativa i el Departament d\u2019Ensenyament es fa c\u00e0rrec de les 42 llars p\u00fabliques que hi ha a Catalunya. Amb l\u2019arribada de la LOGSE, tamb\u00e9 es compleix una vella reivindicaci\u00f3, els infants de 0-3 anys passen a formar part del primer cicle d\u2019Educaci\u00f3 Infantil. A partir del curs 2002\/2003, els infants de 3 anys passen a l\u2019escola p\u00fablica, per\u00f2 no \u00e9s fins el curs 2004\/2005 que deixen els espais de la llar que ocupaven provisionalment.<\/span><\/p>\n<h2><\/h2>\n<h1 style=\"text-align: center;\"><span style=\"text-decoration: underline; color: #000000;\">AN\u00c0LISI DE L\u2019ENTORN<\/span><\/h1>\n<p style=\"font-weight: 400;\"><span style=\"color: #000000;\">\u00a0La Llar d\u2019infants ARREL est\u00e0 situada a la part vella de la ciutat, fora del nucli urb\u00e0, adossada a la part posterior de l\u2019escola p\u00fablica Jaume Balmes, per\u00f2 comunicada amb el centre de la poblaci\u00f3.<\/span><\/p>\n<p style=\"font-weight: 400;\"><span style=\"color: #000000;\">El centre acull infants de Cervera i d\u2019arreu de la comarca provinents de diferents \u00e0mbits socioecon\u00f2mics i culturals.<\/span><\/p>\n<h2><\/h2>\n<h1 style=\"text-align: center;\"><span style=\"text-decoration: underline; color: #000000;\">NOTES D\u2019IDENTITAT<\/span><\/h1>\n<h2><span style=\"color: #000000;\">\u00a0L\u00cdNIA METODOL\u00d2GICA<\/span><\/h2>\n<p style=\"font-weight: 400;\"><span style=\"color: #000000;\">Oferim a cada infant un acolliment afectiu i personalitzat que el dugui a sentir-se a gust i acceptat a l\u2019escola, aix\u00f2 l\u2019ajudar\u00e0 a adaptar-se no solament a l\u2019espai, sin\u00f3 tamb\u00e9 als companys\/es i els educadors\/es.<\/span><\/p>\n<p style=\"font-weight: 400;\"><span style=\"color: #000000;\">Respectem l\u2019evoluci\u00f3 de cada infant i l\u2019acompanyem perqu\u00e8 pugui aconseguir un desenvolupament integral de les seves capacitats, oferint-li un espai adequat a la seva edat i amb el m\u00e0xim d\u2019elements possibles per afavorir l\u2019experimentaci\u00f3 i la creaci\u00f3.<\/span><\/p>\n<p style=\"font-weight: 400;\"><span style=\"color: #000000;\">L\u2019infant \u00e9s el protagonista de l\u2019aprenentatge el qual est\u00e0 basat en el joc i l\u2019educadora, a trav\u00e9s d\u2019una observaci\u00f3 sistem\u00e0tica, l\u2019acompanya oferint-li situacions d\u2019aprenentatge, que li permetran\u00a0\u00a0avan\u00e7ar en el coneixement de la realitat que l\u2019envolta.<\/span><\/p>\n<h2><span style=\"color: #000000;\">LLENGUA DE COMUNICACI\u00d3<\/span><\/h2>\n<p style=\"font-weight: 400;\"><span style=\"color: #000000;\">La llengua que utilitzem a l\u2019escola \u00e9s el catal\u00e0.<\/span><\/p>\n<h2><span style=\"color: #000000;\">MODALITAT DE GESTI\u00d3 INSTITUCIONAL<\/span><\/h2>\n<p style=\"font-weight: 400;\"><span style=\"color: #000000;\">La relaci\u00f3 que s\u2019establir\u00e0 entre els educadors\/es i els pares i mares, ser\u00e0 la de potenciar al m\u00e0xim el di\u00e0leg, per col\u00b7laborar de forma conjunta i activa en l\u2019educaci\u00f3 dels infants. Per aix\u00f2 mantindrem a nivell individual, entrevistes inicials, entrevistes peri\u00f2diques i tutories i a nivell col\u00b7lectiu, reunions del grup-classe.<\/span><\/p>\n<h2><\/h2>\n<h1 style=\"text-align: center;\"><span style=\"text-decoration: underline; color: #000000;\">OBJECTIUS<\/span><\/h1>\n<p style=\"font-weight: 400;\"><span style=\"color: #000000;\">&#8211;\u00a0Afavorir el desenvolupament integral i l\u2019aprenentatge de l\u2019infant atenent a les seves necessitats b\u00e0siques tant a nivell biol\u00f2gic, psicol\u00f2gic, afectiu, l\u00fadic i social.<\/span><\/p>\n<p style=\"font-weight: 400;\"><span style=\"color: #000000;\">&#8211; Ajudar a l\u2019infant a integrar-se al grup classe, a l\u2019escola i a la societat per tal que pugui assolir el grau de seguretat afectiva i emocional que correspon al seu moment maduratiu.<\/span><\/p>\n<p style=\"font-weight: 400;\"><span style=\"color: #000000;\">&#8211; Acompanyar a cada infant perqu\u00e8 pugui arribar a realitzar, segons les seves possibilitats, qualsevol de les activitats quotidianes.<\/span><\/p>\n<p style=\"font-weight: 400;\"><span style=\"color: #000000;\">&#8211; Comunicar-se i expressar-se de forma ajustada als diferents contextos i situacions de comunicaci\u00f3 habituals per mitj\u00e0 dels diversos llenguatges: corporal, verbal, gr\u00e0fic, pl\u00e0stic, musical i matem\u00e0tic.<\/span><\/p>\n<h2><span style=\"color: #000000;\">OBJECTIUS DE GESTI\u00d3 INSTITUCIONAL<\/span><\/h2>\n<p style=\"font-weight: 400;\"><span style=\"color: #000000;\">&#8211; Potenciar el di\u00e0leg entre els educadors\/es i les fam\u00edlies, per col\u00b7laborar de forma conjunta i activa en\u00a0la formaci\u00f3 dels infants, mantenint entrevistes peri\u00f2diques individuals, aix\u00ed com amb el grup-classe.<\/span><\/p>\n<p style=\"font-weight: 400;\"><span style=\"color: #000000;\">&#8211; Establir una bona relaci\u00f3 entre els educadors\/es de l\u2019escola i unificar pautes de conducta davant els infants.<\/span><\/p>\n<h2><\/h2>\n<h1 style=\"text-align: center;\"><span style=\"text-decoration: underline; color: #000000;\">CONSELL ESCOLAR<\/span><\/h1>\n<p style=\"font-weight: 400;\"><span style=\"color: #000000;\">El Consell Escolar \u00e9s un \u00f2rgan de participaci\u00f3 de la comunitat educativa amb funcions en l\u2019\u00e0mbit de la programaci\u00f3 general i en el seguiment i avaluaci\u00f3 de les seves activitats.<\/span><\/p>\n<p style=\"font-weight: 400;\"><span style=\"color: #000000;\">Est\u00e0 constitu\u00eft pels diferents sectors de la comunitat educativa.<\/span><\/p>\n<h2><\/h2>\n<h1 style=\"text-align: center;\"><span style=\"text-decoration: underline; color: #000000;\">AFA (Associaci\u00f3 de Fam\u00edlies d\u2019Alumnes)<\/span><\/h1>\n<p style=\"font-weight: 400;\"><span style=\"color: #000000;\">Constitu\u00efda el curs 2008\/2009. Aquesta associaci\u00f3 col\u00b7labora en l&#8217;educaci\u00f3 dels seus fills\/es i ho fa proposant tallers per tots els infants, participant en activitats i festes de la llar.<\/span><\/p>\n<h2 style=\"font-weight: 400;\"><span style=\"color: #000000;\"><strong>\u00a0<\/strong><\/span><\/h2>\n<h1 style=\"text-align: center;\"><span style=\"text-decoration: underline; color: #000000;\">CDIAP (Centre de Desenvolupament Infantil i Atenci\u00f3 Preco\u00e7)<\/span><\/h1>\n<p style=\"font-weight: 400;\"><span style=\"color: #000000;\">Estem en contacte per poder atendre qualsevol necessitat que pugui sorgir amb els infants.<\/span><\/p>\n<hr \/>\n<p>&nbsp;<\/p>\n","protected":false},"excerpt":{"rendered":"<p>IDENTIFICACI\u00d3 DEL CENTRE<br \/>\n\u00a0<a name=\"_Toc156469716\"><\/a>DADES GENERALS<\/p>\n<p>Nom del Centre:<br \/>\nArrel<\/p>\n<p>Codi de Centre:<br \/>\n25007190<\/p>\n<p>Domicili:<br \/>\nCam\u00ed dels Pagesos s\/n<\/p>\n<p>Tel\u00e8fon fix i m\u00f2bil:<br \/>\n973 53 12 24 \/ 634770245<\/p>\n<p>Correu Electr\u00f2nic:<br \/>\nc5007190@xtec.cat<\/p>\n<p>Municipi:<br \/>\nCervera\u00a0\u00a0(La Segarra)<\/p>\n<p>Situaci\u00f3 Geogr\u00e0fica:<br \/>\nLa Segarra (Lleida)<\/p>\n<p>Tipus de Centre:<br \/>\nLlar d\u2019infants<\/p>\n<p>Titularitat:<br \/>\nDepartament d\u2019Educaci\u00f3 i Formaci\u00f3 Professional de la Generalitat de Catalunya<\/p>\n<p>Personal Educador:<\/p>\n<p>1 directora<br \/>\n2 educadors\/es de suport<br \/>\n11 educadors\/es (tutors\/es d\u2019aula)<\/p>\n<p>Personal&hellip;  <a href=\"https:\/\/agora.xtec.cat\/llar-arrel-cervera\/projecte-educatiu\/\" title=\"Read PROJECTE EDUCATIU de CENTRE\">Llegeix m\u00e9s\u00bb<\/a><\/p>\n","protected":false},"author":1,"featured_media":0,"parent":0,"menu_order":0,"comment_status":"closed","ping_status":"closed","template":"page-templates\/side-menu.php","meta":{"_bbp_topic_count":0,"_bbp_reply_count":0,"_bbp_total_topic_count":0,"_bbp_total_reply_count":0,"_bbp_voice_count":0,"_bbp_anonymous_reply_count":0,"_bbp_topic_count_hidden":0,"_bbp_reply_count_hidden":0,"_bbp_forum_subforum_count":0,"footnotes":""},"class_list":["post-64","page","type-page","status-publish","hentry"],"post_mailing_queue_ids":[],"_links":{"self":[{"href":"https:\/\/agora.xtec.cat\/llar-arrel-cervera\/wp-json\/wp\/v2\/pages\/64","targetHints":{"allow":["GET"]}}],"collection":[{"href":"https:\/\/agora.xtec.cat\/llar-arrel-cervera\/wp-json\/wp\/v2\/pages"}],"about":[{"href":"https:\/\/agora.xtec.cat\/llar-arrel-cervera\/wp-json\/wp\/v2\/types\/page"}],"author":[{"embeddable":true,"href":"https:\/\/agora.xtec.cat\/llar-arrel-cervera\/wp-json\/wp\/v2\/users\/1"}],"replies":[{"embeddable":true,"href":"https:\/\/agora.xtec.cat\/llar-arrel-cervera\/wp-json\/wp\/v2\/comments?post=64"}],"version-history":[{"count":6,"href":"https:\/\/agora.xtec.cat\/llar-arrel-cervera\/wp-json\/wp\/v2\/pages\/64\/revisions"}],"predecessor-version":[{"id":792,"href":"https:\/\/agora.xtec.cat\/llar-arrel-cervera\/wp-json\/wp\/v2\/pages\/64\/revisions\/792"}],"wp:attachment":[{"href":"https:\/\/agora.xtec.cat\/llar-arrel-cervera\/wp-json\/wp\/v2\/media?parent=64"}],"curies":[{"name":"wp","href":"https:\/\/api.w.org\/{rel}","templated":true}]}}