{"id":28,"date":"2014-09-18T12:29:35","date_gmt":"2014-09-18T11:29:35","guid":{"rendered":"http:\/\/agora.xtec.cat\/llar-arrel-cervera\/?page_id=28"},"modified":"2026-03-19T14:17:27","modified_gmt":"2026-03-19T13:17:27","slug":"consell-escolar","status":"publish","type":"page","link":"https:\/\/agora.xtec.cat\/llar-arrel-cervera\/lescola\/consell-escolar\/","title":{"rendered":"Consell Escolar"},"content":{"rendered":"<hr \/>\n<p>El Consell Escolar de la llar d\u2019infants est\u00e0 format per:<\/p>\n<p><strong>Directora<\/strong>: Immaculada Miranda Traus.<\/p>\n<p><strong>Representants de les educadores<\/strong>: Marta Segura Mar\u00edn i Ver\u00f3nica Vallv\u00e8 Vill\u00e9n.<\/p>\n<p><strong>Representants PAS<\/strong>: Maribel Requena Barranco.<\/p>\n<p><strong>Representant de les fam\u00edlies<\/strong>: Marina Codina Vila i Sara Palou Camps.<\/p>\n<p><strong>Representant Ajuntament:<\/strong> Carolina Garc\u00eda Segarra.<\/p>\n<div class=\"addtoany_share_save_container addtoany_content addtoany_content_bottom\"><\/div>\n<p>&nbsp;<\/p>\n<p>&nbsp;<\/p>\n<p>&nbsp;<\/p>\n<hr \/>\n<p>&nbsp;<\/p>\n","protected":false},"excerpt":{"rendered":"<p>El Consell Escolar de la llar d\u2019infants est\u00e0 format per:<br \/>\nDirectora: Immaculada Miranda Traus.<br \/>\nRepresentants de les educadores: Marta Segura Mar\u00edn i Ver\u00f3nica Vallv\u00e8 Vill\u00e9n.<br \/>\nRepresentants PAS: Maribel Requena Barranco.<br \/>\nRepresentant de les fam\u00edlies: Marina Codina Vila i Sara Palou Camps.<br \/>\nRepresentant Ajuntament: Carolina Garc\u00eda Segarra.<\/p>\n<p>&nbsp;<br \/>\n&nbsp;<br \/>\n&nbsp;<\/p>\n<p>&nbsp;<\/p>\n","protected":false},"author":1,"featured_media":0,"parent":22,"menu_order":30,"comment_status":"closed","ping_status":"closed","template":"page-templates\/side-menu.php","meta":{"_bbp_topic_count":0,"_bbp_reply_count":0,"_bbp_total_topic_count":0,"_bbp_total_reply_count":0,"_bbp_voice_count":0,"_bbp_anonymous_reply_count":0,"_bbp_topic_count_hidden":0,"_bbp_reply_count_hidden":0,"_bbp_forum_subforum_count":0,"footnotes":""},"class_list":["post-28","page","type-page","status-publish","hentry"],"post_mailing_queue_ids":[],"_links":{"self":[{"href":"https:\/\/agora.xtec.cat\/llar-arrel-cervera\/wp-json\/wp\/v2\/pages\/28","targetHints":{"allow":["GET"]}}],"collection":[{"href":"https:\/\/agora.xtec.cat\/llar-arrel-cervera\/wp-json\/wp\/v2\/pages"}],"about":[{"href":"https:\/\/agora.xtec.cat\/llar-arrel-cervera\/wp-json\/wp\/v2\/types\/page"}],"author":[{"embeddable":true,"href":"https:\/\/agora.xtec.cat\/llar-arrel-cervera\/wp-json\/wp\/v2\/users\/1"}],"replies":[{"embeddable":true,"href":"https:\/\/agora.xtec.cat\/llar-arrel-cervera\/wp-json\/wp\/v2\/comments?post=28"}],"version-history":[{"count":4,"href":"https:\/\/agora.xtec.cat\/llar-arrel-cervera\/wp-json\/wp\/v2\/pages\/28\/revisions"}],"predecessor-version":[{"id":834,"href":"https:\/\/agora.xtec.cat\/llar-arrel-cervera\/wp-json\/wp\/v2\/pages\/28\/revisions\/834"}],"up":[{"embeddable":true,"href":"https:\/\/agora.xtec.cat\/llar-arrel-cervera\/wp-json\/wp\/v2\/pages\/22"}],"wp:attachment":[{"href":"https:\/\/agora.xtec.cat\/llar-arrel-cervera\/wp-json\/wp\/v2\/media?parent=28"}],"curies":[{"name":"wp","href":"https:\/\/api.w.org\/{rel}","templated":true}]}}