{"id":82,"date":"2014-09-18T14:10:51","date_gmt":"2014-09-18T13:10:51","guid":{"rendered":"http:\/\/agora.xtec.cat\/ll-airet-bcn\/?page_id=82"},"modified":"2025-07-09T21:19:34","modified_gmt":"2025-07-09T19:19:34","slug":"casal-destiu","status":"publish","type":"page","link":"https:\/\/agora.xtec.cat\/ll-airet-bcn\/serveis\/casal-destiu\/","title":{"rendered":"Casal d&#8217;estiu"},"content":{"rendered":"<p>El servei de Casal d&#8217;Estiu \u00e9s un servei que el gestiona i el contracte l&#8217;AMPA de la llar.<\/p>\n<p>La llar ofereix les seves instal\u00b7lacions, materials i recursos necessaris per tal de poder dur a terme el servei.<\/p>\n<p>Aquest estiu l&#8217;empresa encarregada de gestiona el Casal d&#8217;Estiu ser\u00e0 <strong>M\u00e9s temps lliure <\/strong>(<a href=\"https:\/\/www.mestempslliure.cat\/\">https:\/\/www.mestempslliure.cat\/<\/a>).<\/p>\n<p>Per tenir m\u00e9s informaci\u00f3 us podeu adre\u00e7ar pels seg\u00fcents canals:<\/p>\n<ul>\n<li class=\"font_8\">Tel\u00e8fon: 931 05 60 06<\/li>\n<li>Correu electr\u00f2nic:<a href=\"info@mestempslliure.cat\" data-auto-recognition=\"true\"> lairetcasaldestiu@gmail.com<\/a><\/li>\n<\/ul>\n","protected":false},"excerpt":{"rendered":"<p>El servei de Casal d&#8217;Estiu \u00e9s un servei que el gestiona i el contracte l&#8217;AMPA de la llar.<br \/>\nLa llar ofereix les seves instal\u00b7lacions, materials i recursos necessaris per tal de poder dur a terme el servei.<br \/>\nAquest estiu l&#8217;empresa encarregada de gestiona el Casal d&#8217;Estiu ser\u00e0&hellip;  <a href=\"https:\/\/agora.xtec.cat\/ll-airet-bcn\/serveis\/casal-destiu\/\" title=\"Read Casal d&#8217;estiu\">Llegeix m\u00e9s\u00bb<\/a><\/p>\n","protected":false},"author":1,"featured_media":0,"parent":66,"menu_order":50,"comment_status":"closed","ping_status":"closed","template":"page-templates\/side-menu.php","meta":{"_bbp_topic_count":0,"_bbp_reply_count":0,"_bbp_total_topic_count":0,"_bbp_total_reply_count":0,"_bbp_voice_count":0,"_bbp_anonymous_reply_count":0,"_bbp_topic_count_hidden":0,"_bbp_reply_count_hidden":0,"_bbp_forum_subforum_count":0,"footnotes":""},"class_list":["post-82","page","type-page","status-publish","hentry"],"post_mailing_queue_ids":[],"_links":{"self":[{"href":"https:\/\/agora.xtec.cat\/ll-airet-bcn\/wp-json\/wp\/v2\/pages\/82","targetHints":{"allow":["GET"]}}],"collection":[{"href":"https:\/\/agora.xtec.cat\/ll-airet-bcn\/wp-json\/wp\/v2\/pages"}],"about":[{"href":"https:\/\/agora.xtec.cat\/ll-airet-bcn\/wp-json\/wp\/v2\/types\/page"}],"author":[{"embeddable":true,"href":"https:\/\/agora.xtec.cat\/ll-airet-bcn\/wp-json\/wp\/v2\/users\/1"}],"replies":[{"embeddable":true,"href":"https:\/\/agora.xtec.cat\/ll-airet-bcn\/wp-json\/wp\/v2\/comments?post=82"}],"version-history":[{"count":4,"href":"https:\/\/agora.xtec.cat\/ll-airet-bcn\/wp-json\/wp\/v2\/pages\/82\/revisions"}],"predecessor-version":[{"id":984,"href":"https:\/\/agora.xtec.cat\/ll-airet-bcn\/wp-json\/wp\/v2\/pages\/82\/revisions\/984"}],"up":[{"embeddable":true,"href":"https:\/\/agora.xtec.cat\/ll-airet-bcn\/wp-json\/wp\/v2\/pages\/66"}],"wp:attachment":[{"href":"https:\/\/agora.xtec.cat\/ll-airet-bcn\/wp-json\/wp\/v2\/media?parent=82"}],"curies":[{"name":"wp","href":"https:\/\/api.w.org\/{rel}","templated":true}]}}