{"id":6561,"date":"2021-10-14T12:42:34","date_gmt":"2021-10-14T10:42:34","guid":{"rendered":"https:\/\/agora.xtec.cat\/lesaigues\/?page_id=6561"},"modified":"2025-02-27T11:10:30","modified_gmt":"2025-02-27T10:10:30","slug":"projecte-de-direccio","status":"publish","type":"page","link":"https:\/\/agora.xtec.cat\/lesaigues\/informacio-general\/projecte-de-direccio\/","title":{"rendered":"Projecte de Direcci\u00f3"},"content":{"rendered":"<p style=\"text-align: justify;\">Atenent l\u2019article 91.8 de la Llei d\u2019educacio\u0301, el projecte de direccio\u0301 dels centres pu\u0301blics ha de desenvolupar el projecte educatiu.<\/p>\n<p style=\"text-align: justify;\">Aquest projecte de direccio\u0301 (art. 144 de la LEC), l\u2019han de presentar els candidats a la direccio\u0301 del centre en formalitzar la candidatura, i ha d\u2019ordenar el desplegament i l\u2019aplicacio\u0301 del projecte educatiu per al peri\u0301ode de mandat i concretar l\u2019estructura organitzativa del centre. Correspon, per tant, a les persones membres de l\u2019equip directiu la gestio\u0301 del projecte de direccio\u0301.<\/p>\n<p style=\"text-align: justify;\">L\u2019equip directiu e\u0301s l\u2019o\u0300rgan executiu de govern del centre pu\u0301blic i les persones membres han de treballar coordinadament en l\u2019exercici de les seves funcions. Esta\u0300 format pel director o directora, que el presideix, el cap d\u2019es- tudis o la cap d\u2019estudis, el secretari o secreta\u0300ria i els o\u0300rgans unipersonals de direccio\u0301 addicionals.<\/p>\n<p style=\"text-align: justify;\">Els centres educatius pu\u0301blics disposen d\u2019autonomia en l\u2019a\u0300mbit de gestio\u0301 de recursos humans en els termes que recull la Llei d\u2019educacio\u0301 i altra legislacio\u0301 vigent. En exercici d\u2019aquesta autonomia, correspon a la direccio\u0301 del cen- tre formular propostes sobre la definicio\u0301 dels llocs de treball docent, sempre que compleixin les prescripcions i els criteris generals sobre plantilles fixats pel Departament d\u2019Educaci\u00f3.<\/p>\n<p style=\"text-align: justify;\">L&#8217;acutal Projecte de Direcci\u00f3 de l&#8217;Escola Les Aig\u00fces est\u00e0 en vigor des de l&#8217;1 de juliol de 2023 i finalitzar\u00e0 el 30 de juny de 2027. Si voleu consultar-lo podeu clicar <a href=\"https:\/\/agora.xtec.cat\/lesaigues\/wp-content\/uploads\/usu985\/2025\/02\/PdD-23-27-Escola-Les-Aigues.pdf\">aqu\u00ed<\/a>.<\/p>\n<p style=\"text-align: justify;\">\n","protected":false},"excerpt":{"rendered":"<p>Atenent l\u2019article 91.8 de la Llei d\u2019educacio\u0301, el projecte de direccio\u0301 dels centres pu\u0301blics ha de desenvolupar el projecte educatiu. Aquest projecte de direccio\u0301 (art. 144 de la LEC), l\u2019han de presentar els candidats a la direccio\u0301 del centre en formalitzar la candidatura, i ha d\u2019ordenar el desplegament i l\u2019aplicacio\u0301 del projecte educatiu per al [&hellip;]<\/p>\n","protected":false},"author":1,"featured_media":0,"parent":1485,"menu_order":2,"comment_status":"closed","ping_status":"closed","template":"","meta":{"_bbp_topic_count":0,"_bbp_reply_count":0,"_bbp_total_topic_count":0,"_bbp_total_reply_count":0,"_bbp_voice_count":0,"_bbp_anonymous_reply_count":0,"_bbp_topic_count_hidden":0,"_bbp_reply_count_hidden":0,"_bbp_forum_subforum_count":0,"site-sidebar-layout":"default","site-content-layout":"","ast-site-content-layout":"","site-content-style":"default","site-sidebar-style":"default","ast-global-header-display":"","ast-banner-title-visibility":"","ast-main-header-display":"","ast-hfb-above-header-display":"","ast-hfb-below-header-display":"","ast-hfb-mobile-header-display":"","site-post-title":"","ast-breadcrumbs-content":"","ast-featured-img":"","footer-sml-layout":"","theme-transparent-header-meta":"","adv-header-id-meta":"","stick-header-meta":"","header-above-stick-meta":"","header-main-stick-meta":"","header-below-stick-meta":"","astra-migrate-meta-layouts":"default","ast-page-background-enabled":"default","ast-page-background-meta":{"desktop":{"background-color":"var(--ast-global-color-4)","background-image":"","background-repeat":"repeat","background-position":"center center","background-size":"auto","background-attachment":"scroll","background-type":"","background-media":"","overlay-type":"","overlay-color":"","overlay-opacity":"","overlay-gradient":""},"tablet":{"background-color":"","background-image":"","background-repeat":"repeat","background-position":"center center","background-size":"auto","background-attachment":"scroll","background-type":"","background-media":"","overlay-type":"","overlay-color":"","overlay-opacity":"","overlay-gradient":""},"mobile":{"background-color":"","background-image":"","background-repeat":"repeat","background-position":"center center","background-size":"auto","background-attachment":"scroll","background-type":"","background-media":"","overlay-type":"","overlay-color":"","overlay-opacity":"","overlay-gradient":""}},"ast-content-background-meta":{"desktop":{"background-color":"var(--ast-global-color-5)","background-image":"","background-repeat":"repeat","background-position":"center center","background-size":"auto","background-attachment":"scroll","background-type":"","background-media":"","overlay-type":"","overlay-color":"","overlay-opacity":"","overlay-gradient":""},"tablet":{"background-color":"var(--ast-global-color-5)","background-image":"","background-repeat":"repeat","background-position":"center center","background-size":"auto","background-attachment":"scroll","background-type":"","background-media":"","overlay-type":"","overlay-color":"","overlay-opacity":"","overlay-gradient":""},"mobile":{"background-color":"var(--ast-global-color-5)","background-image":"","background-repeat":"repeat","background-position":"center center","background-size":"auto","background-attachment":"scroll","background-type":"","background-media":"","overlay-type":"","overlay-color":"","overlay-opacity":"","overlay-gradient":""}},"footnotes":""},"class_list":["post-6561","page","type-page","status-publish","hentry"],"post_mailing_queue_ids":[],"_links":{"self":[{"href":"https:\/\/agora.xtec.cat\/lesaigues\/wp-json\/wp\/v2\/pages\/6561","targetHints":{"allow":["GET"]}}],"collection":[{"href":"https:\/\/agora.xtec.cat\/lesaigues\/wp-json\/wp\/v2\/pages"}],"about":[{"href":"https:\/\/agora.xtec.cat\/lesaigues\/wp-json\/wp\/v2\/types\/page"}],"author":[{"embeddable":true,"href":"https:\/\/agora.xtec.cat\/lesaigues\/wp-json\/wp\/v2\/users\/1"}],"replies":[{"embeddable":true,"href":"https:\/\/agora.xtec.cat\/lesaigues\/wp-json\/wp\/v2\/comments?post=6561"}],"version-history":[{"count":5,"href":"https:\/\/agora.xtec.cat\/lesaigues\/wp-json\/wp\/v2\/pages\/6561\/revisions"}],"predecessor-version":[{"id":13654,"href":"https:\/\/agora.xtec.cat\/lesaigues\/wp-json\/wp\/v2\/pages\/6561\/revisions\/13654"}],"up":[{"embeddable":true,"href":"https:\/\/agora.xtec.cat\/lesaigues\/wp-json\/wp\/v2\/pages\/1485"}],"wp:attachment":[{"href":"https:\/\/agora.xtec.cat\/lesaigues\/wp-json\/wp\/v2\/media?parent=6561"}],"curies":[{"name":"wp","href":"https:\/\/api.w.org\/{rel}","templated":true}]}}