{"id":4646,"date":"2020-12-14T13:00:48","date_gmt":"2020-12-14T12:00:48","guid":{"rendered":"http:\/\/agora.xtec.cat\/lesaigues\/?page_id=4646"},"modified":"2024-01-28T12:42:30","modified_gmt":"2024-01-28T11:42:30","slug":"juguem-amb-valors","status":"publish","type":"page","link":"https:\/\/agora.xtec.cat\/lesaigues\/projectes\/juguem-amb-valors\/","title":{"rendered":"Juguem amb valors"},"content":{"rendered":"<p style=\"text-align: justify; text-justify: inter-ideograph;\"><strong>Des de l\u2019escola, amb el suport de l\u2019\u00e0rea d\u2019Esports de l\u2019Ajuntament de Cardedeu, treballant en el programa de formaci\u00f3 esportiva:\u00a0 \u201cJUGUEM AMB VALORS\u201d.<\/strong><\/p>\n<p style=\"text-align: justify; text-justify: inter-ideograph;\"><strong>\u00c9s un programa que pret\u00e9n fomentar i consolidar el sistema de valors dels infants a trav\u00e9s dels principis pedag\u00f2gics de l\u2019esport i del joc i de la participaci\u00f3 activa i inclusiva.<\/strong><\/p>\n<p style=\"text-align: justify; text-justify: inter-ideograph;\"><strong>Per tal de portar-ho a terme utilitzem metodologies actives, vivencials i participatives, donant molta import\u00e0ncia al di\u00e0leg i a la comunicaci\u00f3 entre els infants i afavorint els processos de reflexi\u00f3 sobre les pr\u00f2pies emocions i les emocions dels altres.<\/strong><\/p>\n<p style=\"text-align: justify; text-justify: inter-ideograph;\"><strong>Aquest programa est\u00e0 adre\u00e7at a tots els nens i nenes de 1r a 6\u00e8 de les escoles p\u00fabliques de Cardedeu i consta d\u20191 sessi\u00f3\u00a0 anual que es desenvolupar\u00e0 a les instal\u00b7lacions esportives municipals o per l\u2019entorn m\u00e9s proper del nostre municipi, en horari escolar.<\/strong><\/p>\n\r\n\t<div class=\"slideshow_container slideshow_container_style-light\" style=\" \" data-slideshow-id=\"4842\" data-style-name=\"style-light\" data-style-version=\"2.3.1\" >\r\n\r\n\t\t\t\t\t<div class=\"slideshow_loading_icon\"><\/div>\r\n\t\t\r\n\t\t<div class=\"slideshow_content\" style=\"display: none;\">\r\n\r\n\t\t\t<div class=\"slideshow_view\">\r\n\t\t\t\t<div class=\"slideshow_slide slideshow_slide_image\">\r\n\t\t\t\t\t\t\t\t\t\t\t<img src=\"https:\/\/agora.xtec.cat\/lesaigues\/wp-content\/uploads\/usu985\/2021\/01\/WhatsApp-Image-2021-01-21-at-10.49.45.jpeg\" alt=\"WhatsApp Image 2021-01-21 at 10.49.45\" width=\"1600\" height=\"1200\" \/>\r\n\t\t\t\t\t\t\t\t\t\t<div class=\"slideshow_description_box slideshow_transparent\">\r\n\t\t\t\t\t\t<div class=\"slideshow_title\">WhatsApp Image 2021-01-21 at 10.49.45<\/div>\t\t\t\t\t\t\t\t\t\t\t<\/div>\r\n\t\t\t\t<\/div>\r\n\r\n\t\t\t\t\t\t<div style=\"clear: both;\"><\/div><\/div><div class=\"slideshow_view\">\r\n\t\t\t\t<div class=\"slideshow_slide slideshow_slide_image\">\r\n\t\t\t\t\t\t\t\t\t\t\t<img src=\"https:\/\/agora.xtec.cat\/lesaigues\/wp-content\/uploads\/usu985\/2021\/01\/WhatsApp-Image-2021-01-21-at-10.46.07.jpeg\" alt=\"WhatsApp Image 2021-01-21 at 10.46.07\" width=\"1600\" height=\"1200\" \/>\r\n\t\t\t\t\t\t\t\t\t\t<div class=\"slideshow_description_box slideshow_transparent\">\r\n\t\t\t\t\t\t<div class=\"slideshow_title\">WhatsApp Image 2021-01-21 at 10.46.07<\/div>\t\t\t\t\t\t\t\t\t\t\t<\/div>\r\n\t\t\t\t<\/div>\r\n\r\n\t\t\t\t\t\t<div style=\"clear: both;\"><\/div><\/div><div class=\"slideshow_view\">\r\n\t\t\t\t<div class=\"slideshow_slide slideshow_slide_image\">\r\n\t\t\t\t\t\t\t\t\t\t\t<img src=\"https:\/\/agora.xtec.cat\/lesaigues\/wp-content\/uploads\/usu985\/2021\/01\/WhatsApp-Image-2021-01-21-at-10.46.07-1.jpeg\" alt=\"WhatsApp Image 2021-01-21 at 10.46.07 (1)\" width=\"1600\" height=\"1200\" \/>\r\n\t\t\t\t\t\t\t\t\t\t<div class=\"slideshow_description_box slideshow_transparent\">\r\n\t\t\t\t\t\t<div class=\"slideshow_title\">WhatsApp Image 2021-01-21 at 10.46.07 (1)<\/div>\t\t\t\t\t\t\t\t\t\t\t<\/div>\r\n\t\t\t\t<\/div>\r\n\r\n\t\t\t\t\t\t<div style=\"clear: both;\"><\/div><\/div><div class=\"slideshow_view\">\r\n\t\t\t\t<div class=\"slideshow_slide slideshow_slide_image\">\r\n\t\t\t\t\t\t\t\t\t\t\t<img src=\"https:\/\/agora.xtec.cat\/lesaigues\/wp-content\/uploads\/usu985\/2021\/01\/WhatsApp-Image-2021-01-21-at-10.37.25.jpeg\" alt=\"WhatsApp Image 2021-01-21 at 10.37.25\" width=\"1600\" height=\"720\" \/>\r\n\t\t\t\t\t\t\t\t\t\t<div class=\"slideshow_description_box slideshow_transparent\">\r\n\t\t\t\t\t\t\t\t\t\t\t\t\t\t\t\t\t<\/div>\r\n\t\t\t\t<\/div>\r\n\r\n\t\t\t\t\t\t<div style=\"clear: both;\"><\/div><\/div><div class=\"slideshow_view\">\r\n\t\t\t\t<div class=\"slideshow_slide slideshow_slide_image\">\r\n\t\t\t\t\t\t\t\t\t\t\t<img src=\"https:\/\/agora.xtec.cat\/lesaigues\/wp-content\/uploads\/usu985\/2021\/01\/WhatsApp-Image-2021-01-21-at-10.37.25-1.jpeg\" alt=\"WhatsApp Image 2021-01-21 at 10.37.25 (1)\" width=\"1600\" height=\"720\" \/>\r\n\t\t\t\t\t\t\t\t\t\t<div class=\"slideshow_description_box slideshow_transparent\">\r\n\t\t\t\t\t\t\t\t\t\t\t\t\t\t\t\t\t<\/div>\r\n\t\t\t\t<\/div>\r\n\r\n\t\t\t\t\t\t<div style=\"clear: both;\"><\/div><\/div><div class=\"slideshow_view\">\r\n\t\t\t\t<div class=\"slideshow_slide slideshow_slide_image\">\r\n\t\t\t\t\t\t\t\t\t\t\t<img src=\"https:\/\/agora.xtec.cat\/lesaigues\/wp-content\/uploads\/usu985\/2021\/01\/WhatsApp-Image-2021-01-21-at-10.37.25-2.jpeg\" alt=\"WhatsApp Image 2021-01-21 at 10.37.25 (2)\" width=\"1600\" height=\"899\" \/>\r\n\t\t\t\t\t\t\t\t\t\t<div class=\"slideshow_description_box slideshow_transparent\">\r\n\t\t\t\t\t\t\t\t\t\t\t\t\t\t\t\t\t<\/div>\r\n\t\t\t\t<\/div>\r\n\r\n\t\t\t\t\t\t<div style=\"clear: both;\"><\/div><\/div><div class=\"slideshow_view\">\r\n\t\t\t\t<div class=\"slideshow_slide slideshow_slide_image\">\r\n\t\t\t\t\t\t\t\t\t\t\t<img src=\"https:\/\/agora.xtec.cat\/lesaigues\/wp-content\/uploads\/usu985\/2021\/01\/WhatsApp-Image-2021-01-21-at-10.37.25-3.jpeg\" alt=\"WhatsApp Image 2021-01-21 at 10.37.25 (3)\" width=\"1600\" height=\"899\" \/>\r\n\t\t\t\t\t\t\t\t\t\t<div class=\"slideshow_description_box slideshow_transparent\">\r\n\t\t\t\t\t\t\t\t\t\t\t\t\t\t\t\t\t<\/div>\r\n\t\t\t\t<\/div>\r\n\r\n\t\t\t\t\t\t<div style=\"clear: both;\"><\/div><\/div><div class=\"slideshow_view\">\r\n\t\t\t\t<div class=\"slideshow_slide slideshow_slide_image\">\r\n\t\t\t\t\t\t\t\t\t\t\t<img src=\"https:\/\/agora.xtec.cat\/lesaigues\/wp-content\/uploads\/usu985\/2021\/01\/WhatsApp-Image-2021-01-21-at-10.37.24.jpeg\" alt=\"WhatsApp Image 2021-01-21 at 10.37.24\" width=\"1600\" height=\"899\" \/>\r\n\t\t\t\t\t\t\t\t\t\t<div class=\"slideshow_description_box slideshow_transparent\">\r\n\t\t\t\t\t\t\t\t\t\t\t\t\t\t\t\t\t<\/div>\r\n\t\t\t\t<\/div>\r\n\r\n\t\t\t\t\t\t<div style=\"clear: both;\"><\/div><\/div><div class=\"slideshow_view\">\r\n\t\t\t\t<div class=\"slideshow_slide slideshow_slide_image\">\r\n\t\t\t\t\t\t\t\t\t\t\t<img src=\"https:\/\/agora.xtec.cat\/lesaigues\/wp-content\/uploads\/usu985\/2021\/01\/WhatsApp-Image-2021-01-21-at-10.37.24-1.jpeg\" alt=\"WhatsApp Image 2021-01-21 at 10.37.24 (1)\" width=\"1600\" height=\"1196\" \/>\r\n\t\t\t\t\t\t\t\t\t\t<div class=\"slideshow_description_box slideshow_transparent\">\r\n\t\t\t\t\t\t\t\t\t\t\t\t\t\t\t\t\t<\/div>\r\n\t\t\t\t<\/div>\r\n\r\n\t\t\t\t\t\t<div style=\"clear: both;\"><\/div><\/div><div class=\"slideshow_view\">\r\n\t\t\t\t<div class=\"slideshow_slide slideshow_slide_image\">\r\n\t\t\t\t\t\t\t\t\t\t\t<img src=\"https:\/\/agora.xtec.cat\/lesaigues\/wp-content\/uploads\/usu985\/2021\/01\/WhatsApp-Image-2021-01-21-at-10.36.45.jpeg\" alt=\"WhatsApp Image 2021-01-21 at 10.36.45\" width=\"1600\" height=\"899\" \/>\r\n\t\t\t\t\t\t\t\t\t\t<div class=\"slideshow_description_box slideshow_transparent\">\r\n\t\t\t\t\t\t\t\t\t\t\t\t\t\t\t\t\t<\/div>\r\n\t\t\t\t<\/div>\r\n\r\n\t\t\t\t\t\t<div style=\"clear: both;\"><\/div><\/div><div class=\"slideshow_view\">\r\n\t\t\t\t<div class=\"slideshow_slide slideshow_slide_image\">\r\n\t\t\t\t\t\t\t\t\t\t\t<img src=\"https:\/\/agora.xtec.cat\/lesaigues\/wp-content\/uploads\/usu985\/2021\/01\/WhatsApp-Image-2021-01-21-at-10.35.11.jpeg\" alt=\"WhatsApp Image 2021-01-21 at 10.35.11\" width=\"1600\" height=\"720\" \/>\r\n\t\t\t\t\t\t\t\t\t\t<div class=\"slideshow_description_box slideshow_transparent\">\r\n\t\t\t\t\t\t\t\t\t\t\t\t\t\t\t\t\t<\/div>\r\n\t\t\t\t<\/div>\r\n\r\n\t\t\t\t\t\t<div style=\"clear: both;\"><\/div><\/div><div class=\"slideshow_view\">\r\n\t\t\t\t<div class=\"slideshow_slide slideshow_slide_image\">\r\n\t\t\t\t\t\t\t\t\t\t\t<img src=\"https:\/\/agora.xtec.cat\/lesaigues\/wp-content\/uploads\/usu985\/2021\/01\/WhatsApp-Image-2021-01-21-at-10.35.11-1.jpeg\" alt=\"WhatsApp Image 2021-01-21 at 10.35.11 (1)\" width=\"1600\" height=\"720\" \/>\r\n\t\t\t\t\t\t\t\t\t\t<div class=\"slideshow_description_box slideshow_transparent\">\r\n\t\t\t\t\t\t\t\t\t\t\t\t\t\t\t\t\t<\/div>\r\n\t\t\t\t<\/div>\r\n\r\n\t\t\t\t\t\t<div style=\"clear: both;\"><\/div><\/div><div class=\"slideshow_view\">\r\n\t\t\t\t<div class=\"slideshow_slide slideshow_slide_image\">\r\n\t\t\t\t\t\t\t\t\t\t\t<img src=\"https:\/\/agora.xtec.cat\/lesaigues\/wp-content\/uploads\/usu985\/2021\/01\/WhatsApp-Image-2021-01-21-at-10.35.11-2.jpeg\" alt=\"WhatsApp Image 2021-01-21 at 10.35.11 (2)\" width=\"1600\" height=\"899\" \/>\r\n\t\t\t\t\t\t\t\t\t\t<div class=\"slideshow_description_box slideshow_transparent\">\r\n\t\t\t\t\t\t\t\t\t\t\t\t\t\t\t\t\t<\/div>\r\n\t\t\t\t<\/div>\r\n\r\n\t\t\t\t\t\t<div style=\"clear: both;\"><\/div><\/div>\r\n\t\t<\/div>\r\n\r\n\t\t<div class=\"slideshow_controlPanel slideshow_transparent\" style=\"display: none;\"><ul><li class=\"slideshow_togglePlay\" data-play-text=\"Visualitza\" data-pause-text=\"Pausa\"><\/li><\/ul><\/div>\r\n\r\n\t\t<div class=\"slideshow_button slideshow_previous slideshow_transparent\" role=\"button\" data-previous-text=\"Anterior\" style=\"display: none;\"><\/div>\r\n\t\t<div class=\"slideshow_button slideshow_next slideshow_transparent\" role=\"button\" data-next-text=\"Seg\u00fcent\" style=\"display: none;\"><\/div>\r\n\r\n\t\t<div class=\"slideshow_pagination\" style=\"display: none;\" data-go-to-text=\"V\u00e9s a la diapositiva\"><div class=\"slideshow_pagination_center\"><\/div><\/div>\r\n\r\n\t\t<!-- WordPress Slideshow Version 2.3.1 -->\r\n\r\n\t\t\t<\/div>\r\n\r\n\n<h3 style=\"text-align: justify; text-justify: inter-ideograph;\"><strong>Activitats de 1r: PETITS GRANS ATLETES i CONEGUEM NOUS ESPORTS DE XARXA.\u00a0\u00a0<\/strong><\/h3>\n<p style=\"text-align: justify; text-justify: inter-ideograph;\"><strong>S\u2019utilitzen les capacitats m\u00e9s elementals del cos hum\u00e0, com c\u00f3rrer, saltar o llan\u00e7ar perqu\u00e8 els nens i les nenes aprenguin a utilitzar i dominar el seu cos tot jugant i divertint-se, a trav\u00e9s de proves de jocs atl\u00e8tiques.<\/strong><\/p>\n<p style=\"text-align: justify; text-justify: inter-ideograph;\"><strong>Aprenen a superar els reptes proposats i a acceptar les pr\u00f2pies limitacions i les dels nostres companys.\u00a0<\/strong><strong>Fem pr\u00e0ctica de diferents esports fent servir una xarxa amb una diversitat de\u00a0 material.\u00a0<\/strong><strong>Valors com la cooperaci\u00f3 i la diversi\u00f3 estaran per sobre la competitivitat i el rendiment esportiu.<\/strong><\/p>\n<h3 style=\"text-align: justify; text-justify: inter-ideograph;\"><strong>Activitats de 2n: DESCOBERTA DE L\u2019ENTORN.<\/strong><\/h3>\n<p style=\"text-align: justify; text-justify: inter-ideograph;\"><strong>Ens apropem a la natura per gaudir-la, estimar-la i respectar-la. Ajudem els infants a fer una reflexi\u00f3 sobre, el que veuen, el que viuen i el que comparteixen.<\/strong><\/p>\n<p style=\"text-align: justify; text-justify: inter-ideograph;\"><strong>Com a objectius grupals ens hem plantejat, millorar les relacions personals i\/o ajudar a crear lligams i referents comuns.<\/strong><\/p>\n<p style=\"text-align: justify; text-justify: inter-ideograph;\"><strong>Com a objectius individuals volem, millorar les experi\u00e8ncies vitals que exigeixen la autosuperaci\u00f3 del cansament, l\u2019esfor\u00e7. Facilitem un espai d\u2019autoconeixement de les pr\u00f2pies limitacions i possibilitats.<\/strong><\/p>\n<h3 style=\"text-align: justify; text-justify: inter-ideograph;\"><strong>Activitats de 3r: FES UNA BONA JUGADA i MOVEM L\u2019ESQUELET.<\/strong><\/h3>\n<p style=\"text-align: justify; text-justify: inter-ideograph;\"><strong>Practiquem el beisbol: un esport d\u2019equip en qu\u00e8 tots els components de l\u2019equip han d\u2019estar molt coordinats.\u00a0 Per tant la comunicaci\u00f3 i la col\u00b7laboraci\u00f3 seran fonamentals per aconseguir l\u2019objectiu proposat. Amb el beisbol, millorarem les relacions personals i\/o ajudarem a crear lligams i companyerisme.<\/strong><\/p>\n<p style=\"text-align: justify; text-justify: inter-ideograph;\"><strong>Mitjan\u00e7ant la dansa treballem l\u2019expressi\u00f3 corporal, la coordinaci\u00f3 i el ritme com a llenguatge no verbal. Fem servir el temps, l\u2019espai i la m\u00fasica com a elements fonamentals per realitzar una activitat per a prendre consciencia del propi cos i un treball psicomotriu i envers els altres, fomentar la relaci\u00f3 entre iguals.<\/strong><\/p>\n<h3 style=\"text-align: justify; text-justify: inter-ideograph;\"><strong>Activitats de 4t: SOM UN EQUIP i JUGUEM UN BON MATCH.<\/strong><\/h3>\n<p style=\"text-align: justify; text-justify: inter-ideograph;\"><strong>Treballem l\u2019esport del ma\u00e7aball, un\u00a0 esport alternatiu amb un enfocament de coeducaci\u00f3 que permet ser practicat en qualsevol nivell i que posa \u00e8mfasi dins d\u2019un car\u00e0cter l\u00fadic i recreatiu. La coordinaci\u00f3 i la organitzaci\u00f3 dels components de l\u2019equip, abans del joc per\u00a0 la posici\u00f3 en que juguin els membres, far\u00e0 que es potenci\u00efn la comunicaci\u00f3, aix\u00ed com el respecte.<\/strong><\/p>\n<p style=\"text-align: justify; text-justify: inter-ideograph;\"><strong>Practiquem el tennis. s\u00f3n els mateixos infants qui controlaran els punts del joc. Per aquest motiu, valors com la comunicaci\u00f3 i el respecte seran presents per aconseguir un joc net.<\/strong><\/p>\n<h3 style=\"text-align: justify; text-justify: inter-ideograph;\"><strong>Activitats de 5\u00e8: FEM UN BON SET.<\/strong><\/h3>\n<p style=\"text-align: justify; text-justify: inter-ideograph;\"><strong>Practiquem el b\u00e0dminton, un dels millors esports per a treballar la coeducaci\u00f3 a l\u2019esport.\u00a0<\/strong><strong>Ens marquem una s\u00e8rie d\u2019objectius com son la responsabilitat, la participaci\u00f3 i la igualtat de manera individual i grupal.\u00a0<\/strong><strong>Quan es fan els petits partits, s\u00f3n els mateixos infants els que controlen els punts del joc. Valors com la comunicaci\u00f3, posar-se d\u2019acord i el respecte, estaran presents per aconseguir un joc net.<\/strong><\/p>\n<h3 style=\"text-align: justify; text-justify: inter-ideograph;\"><strong>Activitats de 6\u00e8: MARXA N\u00d2RDICA.<\/strong><\/h3>\n<p style=\"text-align: justify; text-justify: inter-ideograph;\"><strong>Fem una passejada a l\u2019aire lliure. Factors com el en contacte amb la natura, la proximitat de l\u2019entorn i l\u2019esport hi s\u00f3n presents.\u00a0<\/strong><strong>La marxa n\u00f2rdica inclou un treball de cames i part superior del cos. Ens ajudem de dos bastons dissenyats per a aquesta modalitat esportiva, simulant l\u2019acci\u00f3 de l\u2019esqu\u00ed de fons.<\/strong><\/p>\n<p style=\"text-align: justify; text-justify: inter-ideograph;\"><strong>Com a objectiu grupal ens hem plantejat, millorar les relacions personals i\/o ajudar a crear lligams i referents comuns.<\/strong><\/p>\n<p style=\"text-align: justify; text-justify: inter-ideograph;\"><strong>Com a objectiu individual volem millorar les experi\u00e8ncies vitals que exigeixen la autosuperaci\u00f3 del cansament i l\u2019 esfor\u00e7.<\/strong><\/p>\n<p>&nbsp;<\/p>\n","protected":false},"excerpt":{"rendered":"<p>Des de l\u2019escola, amb el suport de l\u2019\u00e0rea d\u2019Esports de l\u2019Ajuntament de Cardedeu, treballant en el programa de formaci\u00f3 esportiva:\u00a0 \u201cJUGUEM AMB VALORS\u201d. \u00c9s un programa que pret\u00e9n fomentar i consolidar el sistema de valors dels infants a trav\u00e9s dels principis pedag\u00f2gics de l\u2019esport i del joc i de la participaci\u00f3 activa i inclusiva. Per [&hellip;]<\/p>\n","protected":false},"author":1,"featured_media":0,"parent":1661,"menu_order":11,"comment_status":"closed","ping_status":"closed","template":"","meta":{"_bbp_topic_count":0,"_bbp_reply_count":0,"_bbp_total_topic_count":0,"_bbp_total_reply_count":0,"_bbp_voice_count":0,"_bbp_anonymous_reply_count":0,"_bbp_topic_count_hidden":0,"_bbp_reply_count_hidden":0,"_bbp_forum_subforum_count":0,"site-sidebar-layout":"default","site-content-layout":"","ast-site-content-layout":"","site-content-style":"default","site-sidebar-style":"default","ast-global-header-display":"","ast-banner-title-visibility":"","ast-main-header-display":"","ast-hfb-above-header-display":"","ast-hfb-below-header-display":"","ast-hfb-mobile-header-display":"","site-post-title":"","ast-breadcrumbs-content":"","ast-featured-img":"","footer-sml-layout":"","theme-transparent-header-meta":"","adv-header-id-meta":"","stick-header-meta":"","header-above-stick-meta":"","header-main-stick-meta":"","header-below-stick-meta":"","astra-migrate-meta-layouts":"default","ast-page-background-enabled":"default","ast-page-background-meta":{"desktop":{"background-color":"var(--ast-global-color-4)","background-image":"","background-repeat":"repeat","background-position":"center center","background-size":"auto","background-attachment":"scroll","background-type":"","background-media":"","overlay-type":"","overlay-color":"","overlay-opacity":"","overlay-gradient":""},"tablet":{"background-color":"","background-image":"","background-repeat":"repeat","background-position":"center center","background-size":"auto","background-attachment":"scroll","background-type":"","background-media":"","overlay-type":"","overlay-color":"","overlay-opacity":"","overlay-gradient":""},"mobile":{"background-color":"","background-image":"","background-repeat":"repeat","background-position":"center center","background-size":"auto","background-attachment":"scroll","background-type":"","background-media":"","overlay-type":"","overlay-color":"","overlay-opacity":"","overlay-gradient":""}},"ast-content-background-meta":{"desktop":{"background-color":"var(--ast-global-color-5)","background-image":"","background-repeat":"repeat","background-position":"center center","background-size":"auto","background-attachment":"scroll","background-type":"","background-media":"","overlay-type":"","overlay-color":"","overlay-opacity":"","overlay-gradient":""},"tablet":{"background-color":"var(--ast-global-color-5)","background-image":"","background-repeat":"repeat","background-position":"center center","background-size":"auto","background-attachment":"scroll","background-type":"","background-media":"","overlay-type":"","overlay-color":"","overlay-opacity":"","overlay-gradient":""},"mobile":{"background-color":"var(--ast-global-color-5)","background-image":"","background-repeat":"repeat","background-position":"center center","background-size":"auto","background-attachment":"scroll","background-type":"","background-media":"","overlay-type":"","overlay-color":"","overlay-opacity":"","overlay-gradient":""}},"footnotes":""},"class_list":["post-4646","page","type-page","status-publish","hentry"],"post_mailing_queue_ids":[],"_links":{"self":[{"href":"https:\/\/agora.xtec.cat\/lesaigues\/wp-json\/wp\/v2\/pages\/4646","targetHints":{"allow":["GET"]}}],"collection":[{"href":"https:\/\/agora.xtec.cat\/lesaigues\/wp-json\/wp\/v2\/pages"}],"about":[{"href":"https:\/\/agora.xtec.cat\/lesaigues\/wp-json\/wp\/v2\/types\/page"}],"author":[{"embeddable":true,"href":"https:\/\/agora.xtec.cat\/lesaigues\/wp-json\/wp\/v2\/users\/1"}],"replies":[{"embeddable":true,"href":"https:\/\/agora.xtec.cat\/lesaigues\/wp-json\/wp\/v2\/comments?post=4646"}],"version-history":[{"count":3,"href":"https:\/\/agora.xtec.cat\/lesaigues\/wp-json\/wp\/v2\/pages\/4646\/revisions"}],"predecessor-version":[{"id":7996,"href":"https:\/\/agora.xtec.cat\/lesaigues\/wp-json\/wp\/v2\/pages\/4646\/revisions\/7996"}],"up":[{"embeddable":true,"href":"https:\/\/agora.xtec.cat\/lesaigues\/wp-json\/wp\/v2\/pages\/1661"}],"wp:attachment":[{"href":"https:\/\/agora.xtec.cat\/lesaigues\/wp-json\/wp\/v2\/media?parent=4646"}],"curies":[{"name":"wp","href":"https:\/\/api.w.org\/{rel}","templated":true}]}}