{"id":2081,"date":"2020-02-10T17:10:21","date_gmt":"2020-02-10T16:10:21","guid":{"rendered":"http:\/\/agora.xtec.cat\/lesaigues\/?page_id=2081"},"modified":"2025-10-03T07:30:59","modified_gmt":"2025-10-03T05:30:59","slug":"langles-a-lescola","status":"publish","type":"page","link":"https:\/\/agora.xtec.cat\/lesaigues\/projectes\/langles-a-lescola\/","title":{"rendered":"L&#8217;angl\u00e8s a l&#8217;escola"},"content":{"rendered":"<p style=\"text-align: justify;\">El nostre principal objectiu en relaci\u00f3 a l\u2019aprenentatge de l\u2019angl\u00e8s \u00e9s que els nostres alumnes s\u00e0piguen:<\/p>\n<p style=\"text-align: justify;\"><strong>\u201c <\/strong><em>Valorar la realitat multiling\u00fce i multicultural de la nostra societat com a font de riquesa personal i col\u00b7lectiva, prendre consci\u00e8ncia de la import\u00e0ncia del domini de lleng\u00fces en un m\u00f3n cada cop m\u00e9s global i utilitzar amb progressiva autonomia tots els mitjans al seu abast, incloent-hi les TIC<\/em>.\u201d<\/p>\n<p style=\"text-align: justify;\">Introdu\u00efm l&#8217;angl\u00e8s de des d&#8217;I3 fins a 2n amb dues hores setmanals amb un enfocament oral, creant situacions i contextos de comunicaci\u00f3 i expressi\u00f3 per als infants.<\/p>\n<p style=\"text-align: justify;\">A partir de 3r fins a 6\u00e8 s\u00f3n tres hores setmanals, una de les quals \u00e9s d&#8217;expressi\u00f3 oral en grups redu\u00efts. Introdu\u00efm una quarta sessi\u00f3 setmanal de Science, on es treballa en angl\u00e8s part de les compet\u00e8ncies\u00a0 de l&#8217;\u00e0rea de coneixement del medi.\u00a0 Durant tota l&#8217;etapa d&#8217;Ed. Prim\u00e0ria tamb\u00e9 es fa en angl\u00e8s un dels tallers interdisciplinaris, per tant es treballa en angl\u00e8s una part de les compet\u00e8ncies de l&#8217;\u00e0rea d&#8217;educaci\u00f3 visual i pl\u00e0stica.<\/p>\n<p style=\"text-align: justify;\">L&#8217;\u00fas de les tecnologies (apps, tauletes, ordinadors, eines multim\u00e8dia, audiollibres&#8230;)\u00a0 es fa ben present en el treball sistem\u00e0tic de la llengua anglesa.<\/p>\n<p style=\"text-align: justify;\">A Cicle Superior, els projectes etwinning\u00a0 fan que establim contacte telem\u00e0tic amb altres escoles de pa\u00efsos membres de la Comissi\u00f3 Europea amb l&#8217;angl\u00e8s com a llengua de comunicaci\u00f3.<\/p>\n<p style=\"text-align: justify;\">Completem les viv\u00e8ncies internacionals en angl\u00e8s al cicle Superior amb projectes d&#8217;intercanvi Erasmus+ amb altres comunitats educatives de diferents pa\u00efsos.<\/p>\n<p style=\"text-align: justify;\">Estem agermanats amb l&#8217;Escola Pere IV del Poblenou de Barcelona, amb la qual tenim u projecte de geolocalitzaci\u00f3, on l&#8217;angl\u00e8s i les tecnologies s\u00f3n les eines comunicatives per descobrir el Poblenou i donar a con\u00e8ixer Cardedeu.<strong>\u00a0 \u00a0 \u00a0 \u00a0 \u00a0 \u00a0 \u00a0 \u00a0 \u00a0 \u00a0 \u00a0 \u00a0 \u00a0 \u00a0 \u00a0 \u00a0 \u00a0 \u00a0 \u00a0 \u00a0<\/strong><\/p>\n\r\n\t<div class=\"slideshow_container slideshow_container_style-light\" style=\" \" data-slideshow-id=\"2426\" data-style-name=\"style-light\" data-style-version=\"2.3.1\" >\r\n\r\n\t\t\t\t\t<div class=\"slideshow_loading_icon\"><\/div>\r\n\t\t\r\n\t\t<div class=\"slideshow_content\" style=\"display: none;\">\r\n\r\n\t\t\t<div class=\"slideshow_view\">\r\n\t\t\t\t<div class=\"slideshow_slide slideshow_slide_image\">\r\n\t\t\t\t\t\t\t\t\t\t\t<img src=\"https:\/\/agora.xtec.cat\/lesaigues\/wp-content\/uploads\/usu985\/2020\/02\/EPTcZU6X0AIcn9X-1.jpg\" alt=\"EPTcZU6X0AIcn9X\" width=\"1600\" height=\"901\" \/>\r\n\t\t\t\t\t\t\t\t\t\t<div class=\"slideshow_description_box slideshow_transparent\">\r\n\t\t\t\t\t\t<div class=\"slideshow_title\">EPTcZU6X0AIcn9X<\/div>\t\t\t\t\t\t\t\t\t\t\t<\/div>\r\n\t\t\t\t<\/div>\r\n\r\n\t\t\t\t\t\t<div style=\"clear: both;\"><\/div><\/div><div class=\"slideshow_view\">\r\n\t\t\t\t<div class=\"slideshow_slide slideshow_slide_image\">\r\n\t\t\t\t\t\t\t\t\t\t\t<img src=\"https:\/\/agora.xtec.cat\/lesaigues\/wp-content\/uploads\/usu985\/2020\/02\/EPTcYitXsAAVqXw-1.jpg\" alt=\"EPTcYitXsAAVqXw\" width=\"1600\" height=\"1200\" \/>\r\n\t\t\t\t\t\t\t\t\t\t<div class=\"slideshow_description_box slideshow_transparent\">\r\n\t\t\t\t\t\t<div class=\"slideshow_title\">EPTcYitXsAAVqXw<\/div>\t\t\t\t\t\t\t\t\t\t\t<\/div>\r\n\t\t\t\t<\/div>\r\n\r\n\t\t\t\t\t\t<div style=\"clear: both;\"><\/div><\/div><div class=\"slideshow_view\">\r\n\t\t\t\t<div class=\"slideshow_slide slideshow_slide_image\">\r\n\t\t\t\t\t\t\t\t\t\t\t<img src=\"https:\/\/agora.xtec.cat\/lesaigues\/wp-content\/uploads\/usu985\/2020\/02\/EPTcSDTWoAAiBTm.jpg\" alt=\"EPTcSDTWoAAiBTm\" width=\"1200\" height=\"1600\" \/>\r\n\t\t\t\t\t\t\t\t\t\t<div class=\"slideshow_description_box slideshow_transparent\">\r\n\t\t\t\t\t\t<div class=\"slideshow_title\">EPTcSDTWoAAiBTm<\/div>\t\t\t\t\t\t\t\t\t\t\t<\/div>\r\n\t\t\t\t<\/div>\r\n\r\n\t\t\t\t\t\t<div style=\"clear: both;\"><\/div><\/div><div class=\"slideshow_view\">\r\n\t\t\t\t<div class=\"slideshow_slide slideshow_slide_image\">\r\n\t\t\t\t\t\t\t\t\t\t\t<img src=\"https:\/\/agora.xtec.cat\/lesaigues\/wp-content\/uploads\/usu985\/2020\/02\/EOMnt2PXUAAGZcd.jpg\" alt=\"EOMnt2PXUAAGZcd\" width=\"1600\" height=\"1200\" \/>\r\n\t\t\t\t\t\t\t\t\t\t<div class=\"slideshow_description_box slideshow_transparent\">\r\n\t\t\t\t\t\t<div class=\"slideshow_title\">EOMnt2PXUAAGZcd<\/div>\t\t\t\t\t\t\t\t\t\t\t<\/div>\r\n\t\t\t\t<\/div>\r\n\r\n\t\t\t\t\t\t<div style=\"clear: both;\"><\/div><\/div><div class=\"slideshow_view\">\r\n\t\t\t\t<div class=\"slideshow_slide slideshow_slide_image\">\r\n\t\t\t\t\t\t\t\t\t\t\t<img src=\"https:\/\/agora.xtec.cat\/lesaigues\/wp-content\/uploads\/usu985\/2020\/02\/D7vAJPpWwAEogR7.jpg\" alt=\"D7vAJPpWwAEogR7\" width=\"1600\" height=\"1200\" \/>\r\n\t\t\t\t\t\t\t\t\t\t<div class=\"slideshow_description_box slideshow_transparent\">\r\n\t\t\t\t\t\t<div class=\"slideshow_title\">D7vAJPpWwAEogR7<\/div>\t\t\t\t\t\t\t\t\t\t\t<\/div>\r\n\t\t\t\t<\/div>\r\n\r\n\t\t\t\t\t\t<div style=\"clear: both;\"><\/div><\/div><div class=\"slideshow_view\">\r\n\t\t\t\t<div class=\"slideshow_slide slideshow_slide_image\">\r\n\t\t\t\t\t\t\t\t\t\t\t<img src=\"https:\/\/agora.xtec.cat\/lesaigues\/wp-content\/uploads\/usu985\/2020\/02\/D7qvSIzW0AEdd-g.jpg\" alt=\"D7qvSIzW0AEdd-g\" width=\"1600\" height=\"1200\" \/>\r\n\t\t\t\t\t\t\t\t\t\t<div class=\"slideshow_description_box slideshow_transparent\">\r\n\t\t\t\t\t\t<div class=\"slideshow_title\">D7qvSIzW0AEdd-g<\/div>\t\t\t\t\t\t\t\t\t\t\t<\/div>\r\n\t\t\t\t<\/div>\r\n\r\n\t\t\t\t\t\t<div style=\"clear: both;\"><\/div><\/div><div class=\"slideshow_view\">\r\n\t\t\t\t<div class=\"slideshow_slide slideshow_slide_image\">\r\n\t\t\t\t\t\t\t\t\t\t\t<img src=\"https:\/\/agora.xtec.cat\/lesaigues\/wp-content\/uploads\/usu985\/2020\/02\/D5kNebnWwAAiwXZ.jpg\" alt=\"D5kNebnWwAAiwXZ\" width=\"1600\" height=\"1200\" \/>\r\n\t\t\t\t\t\t\t\t\t\t<div class=\"slideshow_description_box slideshow_transparent\">\r\n\t\t\t\t\t\t<div class=\"slideshow_title\">D5kNebnWwAAiwXZ<\/div>\t\t\t\t\t\t\t\t\t\t\t<\/div>\r\n\t\t\t\t<\/div>\r\n\r\n\t\t\t\t\t\t<div style=\"clear: both;\"><\/div><\/div>\r\n\t\t<\/div>\r\n\r\n\t\t<div class=\"slideshow_controlPanel slideshow_transparent\" style=\"display: none;\"><ul><li class=\"slideshow_togglePlay\" data-play-text=\"Visualitza\" data-pause-text=\"Pausa\"><\/li><\/ul><\/div>\r\n\r\n\t\t<div class=\"slideshow_button slideshow_previous slideshow_transparent\" role=\"button\" data-previous-text=\"Anterior\" style=\"display: none;\"><\/div>\r\n\t\t<div class=\"slideshow_button slideshow_next slideshow_transparent\" role=\"button\" data-next-text=\"Seg\u00fcent\" style=\"display: none;\"><\/div>\r\n\r\n\t\t<div class=\"slideshow_pagination\" style=\"display: none;\" data-go-to-text=\"V\u00e9s a la diapositiva\"><div class=\"slideshow_pagination_center\"><\/div><\/div>\r\n\r\n\t\t<!-- WordPress Slideshow Version 2.3.1 -->\r\n\r\n\t\t\t<\/div>\r\n\r\n\n","protected":false},"excerpt":{"rendered":"<p>El nostre principal objectiu en relaci\u00f3 a l\u2019aprenentatge de l\u2019angl\u00e8s \u00e9s que els nostres alumnes s\u00e0piguen: \u201c Valorar la realitat multiling\u00fce i multicultural de la nostra societat com a font de riquesa personal i col\u00b7lectiva, prendre consci\u00e8ncia de la import\u00e0ncia del domini de lleng\u00fces en un m\u00f3n cada cop m\u00e9s global i utilitzar amb progressiva [&hellip;]<\/p>\n","protected":false},"author":1,"featured_media":0,"parent":1661,"menu_order":1,"comment_status":"closed","ping_status":"closed","template":"","meta":{"_bbp_topic_count":0,"_bbp_reply_count":0,"_bbp_total_topic_count":0,"_bbp_total_reply_count":0,"_bbp_voice_count":0,"_bbp_anonymous_reply_count":0,"_bbp_topic_count_hidden":0,"_bbp_reply_count_hidden":0,"_bbp_forum_subforum_count":0,"site-sidebar-layout":"default","site-content-layout":"","ast-site-content-layout":"default","site-content-style":"default","site-sidebar-style":"default","ast-global-header-display":"","ast-banner-title-visibility":"","ast-main-header-display":"","ast-hfb-above-header-display":"","ast-hfb-below-header-display":"","ast-hfb-mobile-header-display":"","site-post-title":"","ast-breadcrumbs-content":"","ast-featured-img":"","footer-sml-layout":"","theme-transparent-header-meta":"default","adv-header-id-meta":"","stick-header-meta":"","header-above-stick-meta":"","header-main-stick-meta":"","header-below-stick-meta":"","astra-migrate-meta-layouts":"set","ast-page-background-enabled":"default","ast-page-background-meta":{"desktop":{"background-color":"var(--ast-global-color-4)","background-image":"","background-repeat":"repeat","background-position":"center center","background-size":"auto","background-attachment":"scroll","background-type":"","background-media":"","overlay-type":"","overlay-color":"","overlay-opacity":"","overlay-gradient":""},"tablet":{"background-color":"","background-image":"","background-repeat":"repeat","background-position":"center center","background-size":"auto","background-attachment":"scroll","background-type":"","background-media":"","overlay-type":"","overlay-color":"","overlay-opacity":"","overlay-gradient":""},"mobile":{"background-color":"","background-image":"","background-repeat":"repeat","background-position":"center center","background-size":"auto","background-attachment":"scroll","background-type":"","background-media":"","overlay-type":"","overlay-color":"","overlay-opacity":"","overlay-gradient":""}},"ast-content-background-meta":{"desktop":{"background-color":"var(--ast-global-color-5)","background-image":"","background-repeat":"repeat","background-position":"center center","background-size":"auto","background-attachment":"scroll","background-type":"","background-media":"","overlay-type":"","overlay-color":"","overlay-opacity":"","overlay-gradient":""},"tablet":{"background-color":"var(--ast-global-color-5)","background-image":"","background-repeat":"repeat","background-position":"center center","background-size":"auto","background-attachment":"scroll","background-type":"","background-media":"","overlay-type":"","overlay-color":"","overlay-opacity":"","overlay-gradient":""},"mobile":{"background-color":"var(--ast-global-color-5)","background-image":"","background-repeat":"repeat","background-position":"center center","background-size":"auto","background-attachment":"scroll","background-type":"","background-media":"","overlay-type":"","overlay-color":"","overlay-opacity":"","overlay-gradient":""}},"footnotes":""},"class_list":["post-2081","page","type-page","status-publish","hentry"],"post_mailing_queue_ids":[],"_links":{"self":[{"href":"https:\/\/agora.xtec.cat\/lesaigues\/wp-json\/wp\/v2\/pages\/2081","targetHints":{"allow":["GET"]}}],"collection":[{"href":"https:\/\/agora.xtec.cat\/lesaigues\/wp-json\/wp\/v2\/pages"}],"about":[{"href":"https:\/\/agora.xtec.cat\/lesaigues\/wp-json\/wp\/v2\/types\/page"}],"author":[{"embeddable":true,"href":"https:\/\/agora.xtec.cat\/lesaigues\/wp-json\/wp\/v2\/users\/1"}],"replies":[{"embeddable":true,"href":"https:\/\/agora.xtec.cat\/lesaigues\/wp-json\/wp\/v2\/comments?post=2081"}],"version-history":[{"count":4,"href":"https:\/\/agora.xtec.cat\/lesaigues\/wp-json\/wp\/v2\/pages\/2081\/revisions"}],"predecessor-version":[{"id":9875,"href":"https:\/\/agora.xtec.cat\/lesaigues\/wp-json\/wp\/v2\/pages\/2081\/revisions\/9875"}],"up":[{"embeddable":true,"href":"https:\/\/agora.xtec.cat\/lesaigues\/wp-json\/wp\/v2\/pages\/1661"}],"wp:attachment":[{"href":"https:\/\/agora.xtec.cat\/lesaigues\/wp-json\/wp\/v2\/media?parent=2081"}],"curies":[{"name":"wp","href":"https:\/\/api.w.org\/{rel}","templated":true}]}}