{"id":16729,"date":"2026-08-31T20:11:12","date_gmt":"2026-08-31T18:11:12","guid":{"rendered":"https:\/\/agora.xtec.cat\/lesaigues\/?page_id=16729"},"modified":"2026-08-31T20:12:51","modified_gmt":"2026-08-31T18:12:51","slug":"activitats-extraescolars","status":"publish","type":"page","link":"https:\/\/agora.xtec.cat\/lesaigues\/afa-les-aigues\/activitats-extraescolars\/","title":{"rendered":"Activitats extraescolars"},"content":{"rendered":"<p><a href=\"https:\/\/agora.xtec.cat\/lesaigues\/wp-content\/uploads\/usu985\/2026\/06\/Extraescolars-26-27.png\"><img loading=\"lazy\" decoding=\"async\" class=\"aligncenter size-large wp-image-16570\" src=\"https:\/\/agora.xtec.cat\/lesaigues\/wp-content\/uploads\/usu985\/2026\/06\/Extraescolars-26-27-1024x768.png\" alt=\"\" width=\"1024\" height=\"768\" srcset=\"https:\/\/agora.xtec.cat\/lesaigues\/wp-content\/uploads\/usu985\/2026\/06\/Extraescolars-26-27-1024x768.png 1024w, https:\/\/agora.xtec.cat\/lesaigues\/wp-content\/uploads\/usu985\/2026\/06\/Extraescolars-26-27-300x225.png 300w, https:\/\/agora.xtec.cat\/lesaigues\/wp-content\/uploads\/usu985\/2026\/06\/Extraescolars-26-27-768x576.png 768w, https:\/\/agora.xtec.cat\/lesaigues\/wp-content\/uploads\/usu985\/2026\/06\/Extraescolars-26-27.png 1448w\" sizes=\"auto, (max-width: 1024px) 100vw, 1024px\" \/><\/a><\/p>\n<p style=\"text-align: justify;\"><strong>L&#8217;AFA Les Aig\u00fces, a trav\u00e9s de Vadallure, proposa totes aquestes activitats per al curs 26-27. Podeu fer les inscripcions a partir de l&#8217;1 de juiol i fins el 31 d&#8217;agost.<\/strong><\/p>\n<p><strong>De l&#8217;1 al 10 de setembre rebreu la confirmaci\u00f3 de les activitats que com\u00e7aran la setmana del 21 de setembre.<\/strong><\/p>\n<p><strong>Teniu tota la informaci\u00f3 clicant \u00a0<a href=\"https:\/\/agora.xtec.cat\/lesaigues\/wp-content\/uploads\/usu985\/2026\/06\/PROPOSTA-CURS-26-27-LES-AIGUES-1.pdf\">aqu\u00ed.<\/a><\/strong><\/p>\n","protected":false},"excerpt":{"rendered":"<p>L&#8217;AFA Les Aig\u00fces, a trav\u00e9s de Vadallure, proposa totes aquestes activitats per al curs 26-27. Podeu fer les inscripcions a partir de l&#8217;1 de juiol i fins el 31 d&#8217;agost. De l&#8217;1 al 10 de setembre rebreu la confirmaci\u00f3 de les activitats que com\u00e7aran la setmana del 21 de setembre. Teniu tota la informaci\u00f3 clicant [&hellip;]<\/p>\n","protected":false},"author":1,"featured_media":0,"parent":16720,"menu_order":2,"comment_status":"closed","ping_status":"closed","template":"","meta":{"_bbp_topic_count":0,"_bbp_reply_count":0,"_bbp_total_topic_count":0,"_bbp_total_reply_count":0,"_bbp_voice_count":0,"_bbp_anonymous_reply_count":0,"_bbp_topic_count_hidden":0,"_bbp_reply_count_hidden":0,"_bbp_forum_subforum_count":0,"site-sidebar-layout":"default","site-content-layout":"","ast-site-content-layout":"default","site-content-style":"default","site-sidebar-style":"default","ast-global-header-display":"","ast-banner-title-visibility":"","ast-main-header-display":"","ast-hfb-above-header-display":"","ast-hfb-below-header-display":"","ast-hfb-mobile-header-display":"","site-post-title":"","ast-breadcrumbs-content":"","ast-featured-img":"","footer-sml-layout":"","theme-transparent-header-meta":"default","adv-header-id-meta":"","stick-header-meta":"","header-above-stick-meta":"","header-main-stick-meta":"","header-below-stick-meta":"","astra-migrate-meta-layouts":"set","ast-page-background-enabled":"default","ast-page-background-meta":{"desktop":{"background-color":"var(--ast-global-color-4)","background-image":"","background-repeat":"repeat","background-position":"center center","background-size":"auto","background-attachment":"scroll","background-type":"","background-media":"","overlay-type":"","overlay-color":"","overlay-opacity":"","overlay-gradient":""},"tablet":{"background-color":"","background-image":"","background-repeat":"repeat","background-position":"center center","background-size":"auto","background-attachment":"scroll","background-type":"","background-media":"","overlay-type":"","overlay-color":"","overlay-opacity":"","overlay-gradient":""},"mobile":{"background-color":"","background-image":"","background-repeat":"repeat","background-position":"center center","background-size":"auto","background-attachment":"scroll","background-type":"","background-media":"","overlay-type":"","overlay-color":"","overlay-opacity":"","overlay-gradient":""}},"ast-content-background-meta":{"desktop":{"background-color":"var(--ast-global-color-5)","background-image":"","background-repeat":"repeat","background-position":"center center","background-size":"auto","background-attachment":"scroll","background-type":"","background-media":"","overlay-type":"","overlay-color":"","overlay-opacity":"","overlay-gradient":""},"tablet":{"background-color":"var(--ast-global-color-5)","background-image":"","background-repeat":"repeat","background-position":"center center","background-size":"auto","background-attachment":"scroll","background-type":"","background-media":"","overlay-type":"","overlay-color":"","overlay-opacity":"","overlay-gradient":""},"mobile":{"background-color":"var(--ast-global-color-5)","background-image":"","background-repeat":"repeat","background-position":"center center","background-size":"auto","background-attachment":"scroll","background-type":"","background-media":"","overlay-type":"","overlay-color":"","overlay-opacity":"","overlay-gradient":""}},"footnotes":""},"class_list":["post-16729","page","type-page","status-publish","hentry"],"post_mailing_queue_ids":[],"_links":{"self":[{"href":"https:\/\/agora.xtec.cat\/lesaigues\/wp-json\/wp\/v2\/pages\/16729","targetHints":{"allow":["GET"]}}],"collection":[{"href":"https:\/\/agora.xtec.cat\/lesaigues\/wp-json\/wp\/v2\/pages"}],"about":[{"href":"https:\/\/agora.xtec.cat\/lesaigues\/wp-json\/wp\/v2\/types\/page"}],"author":[{"embeddable":true,"href":"https:\/\/agora.xtec.cat\/lesaigues\/wp-json\/wp\/v2\/users\/1"}],"replies":[{"embeddable":true,"href":"https:\/\/agora.xtec.cat\/lesaigues\/wp-json\/wp\/v2\/comments?post=16729"}],"version-history":[{"count":2,"href":"https:\/\/agora.xtec.cat\/lesaigues\/wp-json\/wp\/v2\/pages\/16729\/revisions"}],"predecessor-version":[{"id":16731,"href":"https:\/\/agora.xtec.cat\/lesaigues\/wp-json\/wp\/v2\/pages\/16729\/revisions\/16731"}],"up":[{"embeddable":true,"href":"https:\/\/agora.xtec.cat\/lesaigues\/wp-json\/wp\/v2\/pages\/16720"}],"wp:attachment":[{"href":"https:\/\/agora.xtec.cat\/lesaigues\/wp-json\/wp\/v2\/media?parent=16729"}],"curies":[{"name":"wp","href":"https:\/\/api.w.org\/{rel}","templated":true}]}}

<p><a href="https://agora.xtec.cat/lesaigues/wp-content/uploads/usu985/2026/06/Extraescolars-26-27.png"><img loading="lazy" decoding="async" class="aligncenter size-large wp-image-16570" src="https://agora.xtec.cat/lesaigues/wp-content/uploads/usu985/2026/06/Extraescolars-26-27-1024x768.png" alt="" width="1024" height="768" srcset="https://agora.xtec.cat/lesaigues/wp-content/uploads/usu985/2026/06/Extraescolars-26-27-1024x768.png 1024w, https://agora.xtec.cat/lesaigues/wp-content/uploads/usu985/2026/06/Extraescolars-26-27-300x225.png 300w, https://agora.xtec.cat/lesaigues/wp-content/uploads/usu985/2026/06/Extraescolars-26-27-768x576.png 768w, https://agora.xtec.cat/lesaigues/wp-content/uploads/usu985/2026/06/Extraescolars-26-27.png 1448w" sizes="auto, (max-width: 1024px) 100vw, 1024px" /></a></p>
<p style="text-align: justify;"><strong>L&#8217;AFA Les Aigües, a través de Vadallure, proposa totes aquestes activitats per al curs 26-27. Podeu fer les inscripcions a partir de l&#8217;1 de juiol i fins el 31 d&#8217;agost.</strong></p>
<p><strong>De l&#8217;1 al 10 de setembre rebreu la confirmació de les activitats que comçaran la setmana del 21 de setembre.</strong></p>
<p><strong>Teniu tota la informació clicant  <a href="https://agora.xtec.cat/lesaigues/wp-content/uploads/usu985/2026/06/PROPOSTA-CURS-26-27-LES-AIGUES-1.pdf">aquí.</a></strong></p>

<p>L&#8217;AFA Les Aigües, a través de Vadallure, proposa totes aquestes activitats per al curs 26-27. Podeu fer les inscripcions a partir de l&#8217;1 de juiol i fins el 31 d&#8217;agost. De l&#8217;1 al 10 de setembre rebreu la confirmació de les activitats que comçaran la setmana del 21 de setembre. Teniu tota la informació clicant [&hellip;]</p>
