{"id":16720,"date":"2026-08-31T19:23:46","date_gmt":"2026-08-31T17:23:46","guid":{"rendered":"https:\/\/agora.xtec.cat\/lesaigues\/?page_id=16720"},"modified":"2026-08-31T19:23:46","modified_gmt":"2026-08-31T17:23:46","slug":"afa-les-aigues","status":"publish","type":"page","link":"https:\/\/agora.xtec.cat\/lesaigues\/afa-les-aigues\/","title":{"rendered":"AFA Les Aig\u00fces"},"content":{"rendered":"<p style=\"text-align: justify;\"><strong>L\u2019AFA Les Aig\u00fces \u00e9s l\u2019Associaci\u00f3 de Fam\u00edlies d\u2019Alumnes de l\u2019Escola Les Aig\u00fces. \u00c9s un espai de participaci\u00f3 i col\u00b7laboraci\u00f3 de les fam\u00edlies que treballa conjuntament amb l\u2019escola per contribuir al benestar, l\u2019educaci\u00f3 i la vida comunit\u00e0ria de l\u2019alumnat.<\/strong><\/p>\n<p style=\"text-align: justify;\"><strong>L\u2019AFA impulsa i gestiona diferents serveis i activitats al llarg del curs, com ara el servei d\u2019acollida de mat\u00ed i de tarda, les activitats extraescolars i els casals durant les vacances escolars. Tamb\u00e9 dona suport a projectes i iniciatives de l\u2019escola i contribueix a enriquir la vida educativa i social del centre.<\/strong><\/p>\n<p style=\"text-align: justify;\"><strong>A les pestanyes laterals podreu veure les diferents seccions de l&#8217;AFA i com poder posar-vos-hi en contacte.<\/strong><a href=\"https:\/\/agora.xtec.cat\/lesaigues\/wp-content\/uploads\/usu985\/2026\/08\/AFA_LesAigues_HORITZONTAL.jpg\"><img loading=\"lazy\" decoding=\"async\" class=\"aligncenter size-large wp-image-16721\" src=\"https:\/\/agora.xtec.cat\/lesaigues\/wp-content\/uploads\/usu985\/2026\/08\/AFA_LesAigues_HORITZONTAL-1024x534.jpg\" alt=\"\" width=\"1024\" height=\"534\" srcset=\"https:\/\/agora.xtec.cat\/lesaigues\/wp-content\/uploads\/usu985\/2026\/08\/AFA_LesAigues_HORITZONTAL-1024x534.jpg 1024w, https:\/\/agora.xtec.cat\/lesaigues\/wp-content\/uploads\/usu985\/2026\/08\/AFA_LesAigues_HORITZONTAL-300x156.jpg 300w, https:\/\/agora.xtec.cat\/lesaigues\/wp-content\/uploads\/usu985\/2026\/08\/AFA_LesAigues_HORITZONTAL-768x400.jpg 768w, https:\/\/agora.xtec.cat\/lesaigues\/wp-content\/uploads\/usu985\/2026\/08\/AFA_LesAigues_HORITZONTAL.jpg 1220w\" sizes=\"auto, (max-width: 1024px) 100vw, 1024px\" \/><\/a><\/p>\n","protected":false},"excerpt":{"rendered":"<p>L\u2019AFA Les Aig\u00fces \u00e9s l\u2019Associaci\u00f3 de Fam\u00edlies d\u2019Alumnes de l\u2019Escola Les Aig\u00fces. \u00c9s un espai de participaci\u00f3 i col\u00b7laboraci\u00f3 de les fam\u00edlies que treballa conjuntament amb l\u2019escola per contribuir al benestar, l\u2019educaci\u00f3 i la vida comunit\u00e0ria de l\u2019alumnat. L\u2019AFA impulsa i gestiona diferents serveis i activitats al llarg del curs, com ara el servei d\u2019acollida [&hellip;]<\/p>\n","protected":false},"author":1,"featured_media":0,"parent":0,"menu_order":0,"comment_status":"closed","ping_status":"closed","template":"","meta":{"_bbp_topic_count":0,"_bbp_reply_count":0,"_bbp_total_topic_count":0,"_bbp_total_reply_count":0,"_bbp_voice_count":0,"_bbp_anonymous_reply_count":0,"_bbp_topic_count_hidden":0,"_bbp_reply_count_hidden":0,"_bbp_forum_subforum_count":0,"site-sidebar-layout":"default","site-content-layout":"","ast-site-content-layout":"default","site-content-style":"default","site-sidebar-style":"default","ast-global-header-display":"","ast-banner-title-visibility":"","ast-main-header-display":"","ast-hfb-above-header-display":"","ast-hfb-below-header-display":"","ast-hfb-mobile-header-display":"","site-post-title":"","ast-breadcrumbs-content":"","ast-featured-img":"","footer-sml-layout":"","theme-transparent-header-meta":"default","adv-header-id-meta":"","stick-header-meta":"","header-above-stick-meta":"","header-main-stick-meta":"","header-below-stick-meta":"","astra-migrate-meta-layouts":"set","ast-page-background-enabled":"default","ast-page-background-meta":{"desktop":{"background-color":"var(--ast-global-color-4)","background-image":"","background-repeat":"repeat","background-position":"center center","background-size":"auto","background-attachment":"scroll","background-type":"","background-media":"","overlay-type":"","overlay-color":"","overlay-opacity":"","overlay-gradient":""},"tablet":{"background-color":"","background-image":"","background-repeat":"repeat","background-position":"center center","background-size":"auto","background-attachment":"scroll","background-type":"","background-media":"","overlay-type":"","overlay-color":"","overlay-opacity":"","overlay-gradient":""},"mobile":{"background-color":"","background-image":"","background-repeat":"repeat","background-position":"center center","background-size":"auto","background-attachment":"scroll","background-type":"","background-media":"","overlay-type":"","overlay-color":"","overlay-opacity":"","overlay-gradient":""}},"ast-content-background-meta":{"desktop":{"background-color":"var(--ast-global-color-5)","background-image":"","background-repeat":"repeat","background-position":"center center","background-size":"auto","background-attachment":"scroll","background-type":"","background-media":"","overlay-type":"","overlay-color":"","overlay-opacity":"","overlay-gradient":""},"tablet":{"background-color":"var(--ast-global-color-5)","background-image":"","background-repeat":"repeat","background-position":"center center","background-size":"auto","background-attachment":"scroll","background-type":"","background-media":"","overlay-type":"","overlay-color":"","overlay-opacity":"","overlay-gradient":""},"mobile":{"background-color":"var(--ast-global-color-5)","background-image":"","background-repeat":"repeat","background-position":"center center","background-size":"auto","background-attachment":"scroll","background-type":"","background-media":"","overlay-type":"","overlay-color":"","overlay-opacity":"","overlay-gradient":""}},"footnotes":""},"class_list":["post-16720","page","type-page","status-publish","hentry"],"post_mailing_queue_ids":[],"_links":{"self":[{"href":"https:\/\/agora.xtec.cat\/lesaigues\/wp-json\/wp\/v2\/pages\/16720","targetHints":{"allow":["GET"]}}],"collection":[{"href":"https:\/\/agora.xtec.cat\/lesaigues\/wp-json\/wp\/v2\/pages"}],"about":[{"href":"https:\/\/agora.xtec.cat\/lesaigues\/wp-json\/wp\/v2\/types\/page"}],"author":[{"embeddable":true,"href":"https:\/\/agora.xtec.cat\/lesaigues\/wp-json\/wp\/v2\/users\/1"}],"replies":[{"embeddable":true,"href":"https:\/\/agora.xtec.cat\/lesaigues\/wp-json\/wp\/v2\/comments?post=16720"}],"version-history":[{"count":1,"href":"https:\/\/agora.xtec.cat\/lesaigues\/wp-json\/wp\/v2\/pages\/16720\/revisions"}],"predecessor-version":[{"id":16722,"href":"https:\/\/agora.xtec.cat\/lesaigues\/wp-json\/wp\/v2\/pages\/16720\/revisions\/16722"}],"wp:attachment":[{"href":"https:\/\/agora.xtec.cat\/lesaigues\/wp-json\/wp\/v2\/media?parent=16720"}],"curies":[{"name":"wp","href":"https:\/\/api.w.org\/{rel}","templated":true}]}}

AFA Les Aigües

<p style="text-align: justify;"><strong>L’AFA Les Aigües és l’Associació de Famílies d’Alumnes de l’Escola Les Aigües. És un espai de participació i col·laboració de les famílies que treballa conjuntament amb l’escola per contribuir al benestar, l’educació i la vida comunitària de l’alumnat.</strong></p>
<p style="text-align: justify;"><strong>L’AFA impulsa i gestiona diferents serveis i activitats al llarg del curs, com ara el servei d’acollida de matí i de tarda, les activitats extraescolars i els casals durant les vacances escolars. També dona suport a projectes i iniciatives de l’escola i contribueix a enriquir la vida educativa i social del centre.</strong></p>
<p style="text-align: justify;"><strong>A les pestanyes laterals podreu veure les diferents seccions de l&#8217;AFA i com poder posar-vos-hi en contacte.</strong><a href="https://agora.xtec.cat/lesaigues/wp-content/uploads/usu985/2026/08/AFA_LesAigues_HORITZONTAL.jpg"><img loading="lazy" decoding="async" class="aligncenter size-large wp-image-16721" src="https://agora.xtec.cat/lesaigues/wp-content/uploads/usu985/2026/08/AFA_LesAigues_HORITZONTAL-1024x534.jpg" alt="" width="1024" height="534" srcset="https://agora.xtec.cat/lesaigues/wp-content/uploads/usu985/2026/08/AFA_LesAigues_HORITZONTAL-1024x534.jpg 1024w, https://agora.xtec.cat/lesaigues/wp-content/uploads/usu985/2026/08/AFA_LesAigues_HORITZONTAL-300x156.jpg 300w, https://agora.xtec.cat/lesaigues/wp-content/uploads/usu985/2026/08/AFA_LesAigues_HORITZONTAL-768x400.jpg 768w, https://agora.xtec.cat/lesaigues/wp-content/uploads/usu985/2026/08/AFA_LesAigues_HORITZONTAL.jpg 1220w" sizes="auto, (max-width: 1024px) 100vw, 1024px" /></a></p>

<p>L’AFA Les Aigües és l’Associació de Famílies d’Alumnes de l’Escola Les Aigües. És un espai de participació i col·laboració de les famílies que treballa conjuntament amb l’escola per contribuir al benestar, l’educació i la vida comunitària de l’alumnat. L’AFA impulsa i gestiona diferents serveis i activitats al llarg del curs, com ara el servei d’acollida [&hellip;]</p>
