{"id":1644,"date":"2019-11-21T19:32:58","date_gmt":"2019-11-21T18:32:58","guid":{"rendered":"http:\/\/agora.xtec.cat\/lesaigues\/?page_id=1644"},"modified":"2025-06-19T18:47:34","modified_gmt":"2025-06-19T16:47:34","slug":"inscripcio-online","status":"publish","type":"page","link":"https:\/\/agora.xtec.cat\/lesaigues\/serveis\/inscripcio-online\/","title":{"rendered":"Inscripci\u00f3 en l\u00ednia"},"content":{"rendered":"<p style=\"text-align: justify;\"><strong>Per utilitzar el menjador de Les Aig\u00fces \u00e9s imprescindible que us inscriviu al web de Tremes <a href=\"https:\/\/tresmes.com\/\">www.tresmes.com<\/a>, l&#8217;empresa que gestiona el servei que els encarrega la Comissi\u00f3 de Menjador del Consell Escolar, integrada per pares, mares i mestres que vetlla pel bonfuncionament del menjador.<\/strong><\/p>\n<h3 style=\"text-align: left;\">Inscripci\u00f3 servei de menjador escolar del curs 25\/26<\/h3>\n<p><strong><span style=\"color: #ff0000;\">NO cal fer la inscripci\u00f3:<\/span> <span style=\"color: #000000;\">als u<span style=\"font-family: inherit; font-size: 1em;\">suaris\/\u00e0ries ja inscrits al curs 23-24 (es recopilaran les mateixes dades).<\/span><\/span><\/strong><\/p>\n<p><strong><span style=\"color: #00ff00;\">S\u00cd que cal fer la inscripci\u00f3 <\/span>a trav\u00e9s de : <a href=\"http:\/\/www.tresmes.com\">www.tresmes.com<\/a> els seg\u00fcents casos:<\/strong><\/p>\n<ul>\n<li><strong>Nous usuaris\/\u00e0ries, que no estaven inscrits\/tes al curs 23-24<\/strong><\/li>\n<li><strong>Usuaris\/\u00e0ries que vulguin fer canvi de dades banc\u00e0ries<\/strong><\/li>\n<\/ul>\n<h3 style=\"text-align: left;\">Quines s\u00f3n les dates que cal tenir anotades al calendari?<\/h3>\n<ul>\n<li style=\"text-align: justify;\"><strong>Del 10 de juliol a l&#8217;1 de setembre. Per\u00edode per \u00a0formalitzar la inscripci\u00f3 a la p\u00e0gina web, si cal.<\/strong><\/li>\n<li style=\"text-align: justify;\"><strong>Entre el 4 i 5 de setembre. Per\u00edode per\u00a0 comunicar canvis al servei respecte al curs 23-24 (canvi de dies, noves al\u00b7l\u00e8rgies, &#8230;). Aquests canvis s&#8217;han de fer per missatgeria de whatsapp a la coordinaci\u00f3 del servei al n\u00fam. 609030717.<\/strong><\/li>\n<li style=\"text-align: justify;\"><strong>El 9 de setembre comen\u00e7a el curs i inicia el servei de menjador. Per als grups d&#8217;I3 el servei de menajdor comen\u00e7a el 13 de setembre, despr\u00e9s dels tres dies de per\u00edode d&#8217;adaptaci\u00f3.<\/strong><\/li>\n<\/ul>\n<h3 style=\"text-align: left;\">Com fer la inscripci\u00f3 del menjador a trav\u00e9s del web?<\/h3>\n<p style=\"text-align: justify;\"><strong>Les Inscripcions del servei de menjador les trobareu al web: <a href=\"http:\/\/www.tresmes.com\">www.tresmes.com <\/a>a la secci\u00f3 inscripci\u00f3<\/strong><\/p>\n<p style=\"text-align: justify;\"><strong>Inscripcions obertes\u00a0 del 10 de juliol\u00a0 a l&#8217;1 de setembre i durant tot el curs.<\/strong><\/p>\n<h3 style=\"text-align: left;\"><strong><u>Tel\u00e8fons d\u2019inter\u00e8s:<\/u><\/strong><\/h3>\n<p style=\"text-align: justify;\"><strong>Coordinadora (Ana): 609030717<\/strong><\/p>\n<p style=\"text-align: justify;\"><strong>Despatx: 938796058<\/strong><\/p>\n<p style=\"text-align: justify;\"><strong>Administraci\u00f3: 619536094<\/strong><\/p>\n<p style=\"text-align: justify;\">\n","protected":false},"excerpt":{"rendered":"<p>Per utilitzar el menjador de Les Aig\u00fces \u00e9s imprescindible que us inscriviu al web de Tremes www.tresmes.com, l&#8217;empresa que gestiona el servei que els encarrega la Comissi\u00f3 de Menjador del Consell Escolar, integrada per pares, mares i mestres que vetlla pel bonfuncionament del menjador. Inscripci\u00f3 servei de menjador escolar del curs 25\/26 NO cal fer [&hellip;]<\/p>\n","protected":false},"author":1,"featured_media":0,"parent":66,"menu_order":3,"comment_status":"closed","ping_status":"closed","template":"","meta":{"_bbp_topic_count":0,"_bbp_reply_count":0,"_bbp_total_topic_count":0,"_bbp_total_reply_count":0,"_bbp_voice_count":0,"_bbp_anonymous_reply_count":0,"_bbp_topic_count_hidden":0,"_bbp_reply_count_hidden":0,"_bbp_forum_subforum_count":0,"site-sidebar-layout":"default","site-content-layout":"","ast-site-content-layout":"","site-content-style":"default","site-sidebar-style":"default","ast-global-header-display":"","ast-banner-title-visibility":"","ast-main-header-display":"","ast-hfb-above-header-display":"","ast-hfb-below-header-display":"","ast-hfb-mobile-header-display":"","site-post-title":"","ast-breadcrumbs-content":"","ast-featured-img":"","footer-sml-layout":"","theme-transparent-header-meta":"","adv-header-id-meta":"","stick-header-meta":"","header-above-stick-meta":"","header-main-stick-meta":"","header-below-stick-meta":"","astra-migrate-meta-layouts":"default","ast-page-background-enabled":"default","ast-page-background-meta":{"desktop":{"background-color":"var(--ast-global-color-4)","background-image":"","background-repeat":"repeat","background-position":"center center","background-size":"auto","background-attachment":"scroll","background-type":"","background-media":"","overlay-type":"","overlay-color":"","overlay-opacity":"","overlay-gradient":""},"tablet":{"background-color":"","background-image":"","background-repeat":"repeat","background-position":"center center","background-size":"auto","background-attachment":"scroll","background-type":"","background-media":"","overlay-type":"","overlay-color":"","overlay-opacity":"","overlay-gradient":""},"mobile":{"background-color":"","background-image":"","background-repeat":"repeat","background-position":"center center","background-size":"auto","background-attachment":"scroll","background-type":"","background-media":"","overlay-type":"","overlay-color":"","overlay-opacity":"","overlay-gradient":""}},"ast-content-background-meta":{"desktop":{"background-color":"var(--ast-global-color-5)","background-image":"","background-repeat":"repeat","background-position":"center center","background-size":"auto","background-attachment":"scroll","background-type":"","background-media":"","overlay-type":"","overlay-color":"","overlay-opacity":"","overlay-gradient":""},"tablet":{"background-color":"var(--ast-global-color-5)","background-image":"","background-repeat":"repeat","background-position":"center center","background-size":"auto","background-attachment":"scroll","background-type":"","background-media":"","overlay-type":"","overlay-color":"","overlay-opacity":"","overlay-gradient":""},"mobile":{"background-color":"var(--ast-global-color-5)","background-image":"","background-repeat":"repeat","background-position":"center center","background-size":"auto","background-attachment":"scroll","background-type":"","background-media":"","overlay-type":"","overlay-color":"","overlay-opacity":"","overlay-gradient":""}},"footnotes":""},"class_list":["post-1644","page","type-page","status-publish","hentry"],"post_mailing_queue_ids":[],"_links":{"self":[{"href":"https:\/\/agora.xtec.cat\/lesaigues\/wp-json\/wp\/v2\/pages\/1644","targetHints":{"allow":["GET"]}}],"collection":[{"href":"https:\/\/agora.xtec.cat\/lesaigues\/wp-json\/wp\/v2\/pages"}],"about":[{"href":"https:\/\/agora.xtec.cat\/lesaigues\/wp-json\/wp\/v2\/types\/page"}],"author":[{"embeddable":true,"href":"https:\/\/agora.xtec.cat\/lesaigues\/wp-json\/wp\/v2\/users\/1"}],"replies":[{"embeddable":true,"href":"https:\/\/agora.xtec.cat\/lesaigues\/wp-json\/wp\/v2\/comments?post=1644"}],"version-history":[{"count":6,"href":"https:\/\/agora.xtec.cat\/lesaigues\/wp-json\/wp\/v2\/pages\/1644\/revisions"}],"predecessor-version":[{"id":14309,"href":"https:\/\/agora.xtec.cat\/lesaigues\/wp-json\/wp\/v2\/pages\/1644\/revisions\/14309"}],"up":[{"embeddable":true,"href":"https:\/\/agora.xtec.cat\/lesaigues\/wp-json\/wp\/v2\/pages\/66"}],"wp:attachment":[{"href":"https:\/\/agora.xtec.cat\/lesaigues\/wp-json\/wp\/v2\/media?parent=1644"}],"curies":[{"name":"wp","href":"https:\/\/api.w.org\/{rel}","templated":true}]}}