{"id":1466,"date":"2019-10-15T12:06:21","date_gmt":"2019-10-15T10:06:21","guid":{"rendered":"http:\/\/agora.xtec.cat\/lesaigues\/?page_id=1466"},"modified":"2025-06-19T15:47:57","modified_gmt":"2025-06-19T13:47:57","slug":"llibres-i-quaderns-2019-20","status":"publish","type":"page","link":"https:\/\/agora.xtec.cat\/lesaigues\/lescola\/llibres-i-quaderns-2019-20\/","title":{"rendered":"Llibres i quaderns per al curs 2025-26"},"content":{"rendered":"<p style=\"font-weight: 400; text-align: justify;\"><strong>Cada curs la llista de quaderns es va reduint ja que l\u2019escola va elaborant cada cop m\u00e9s materials propis i es creen m\u00e9s projectes propis.<\/strong><\/p>\n<h3><strong><u>C<\/u><\/strong><strong><u>I<\/u><\/strong><strong><u>CL<\/u><\/strong><strong><u>E INICIAL: 1r i 2n d&#8217;Ed. Prim\u00e0ria<\/u><\/strong><\/h3>\n<p>No cal adquirir cap quadern.<\/p>\n<p><strong>Material complementari:<\/strong> estoig de dues o tres cremalleres d\u2019unes dimensions aproximades de 20 x 10 cm.<\/p>\n<h3><strong><u>C<\/u><\/strong><strong><u>I<\/u><\/strong><strong><u>CL<\/u><\/strong><strong><u>E MITJ\u00c0: 3r i 4t d&#8217;Ed. Prim\u00e0ria<\/u><\/strong><\/h3>\n<p>No cal adquirir cap quadern.<\/p>\n<p style=\"text-align: justify;\"><strong>Material complementari:<\/strong> estoig de cremallera d\u2019unes dimensions aproximades de 20 x 10 cm i carpeta amb separadors (que no sigui de tipus acordi\u00f3) i un regle petit que c\u00e0piga dins de l\u2019estoig.<\/p>\n<h3><strong><u>CICLE SUPERIOR: 5\u00e8 d&#8217;Ed. Prim\u00e0ria<\/u><\/strong><\/h3>\n<p>Editorial Text &#8211; La Galera: TRAM 2.0 Quadern d&#8217;activitats Matem\u00e0tiques 5. ISBN: 978-84-412-2208-3<\/p>\n<p><strong>M<\/strong><strong>a<\/strong><strong>terial complementari: <\/strong>carpeta amb separadors (que no sigui de tipus acordi\u00f3) i estoig de cremallera d\u2019unes dimensions aproximades de 20 x 10 cm, un comp\u00e0s i un regle petit que c\u00e0piga dins de l\u2019estoig.<\/p>\n<div>\n<div dir=\"ltr\" data-smartmail=\"gmail_signature\">\n<div dir=\"ltr\">\n<div dir=\"ltr\">\n<div dir=\"ltr\">\n<div dir=\"ltr\">\n<div dir=\"ltr\">\n<div dir=\"ltr\">\n<div dir=\"ltr\">\n<div dir=\"ltr\">\n<div id=\"m_5173850673467896387gmail-node-as400-record-full-group-record-info\"><\/div>\n<\/div>\n<\/div>\n<\/div>\n<\/div>\n<\/div>\n<\/div>\n<\/div>\n<\/div>\n<\/div>\n<\/div>\n<h3><strong><u>CICLE SUPERIOR: 6\u00e8 d&#8217;Ed. Prim\u00e0ria<\/u><\/strong><\/h3>\n<div>\n<div dir=\"ltr\" data-smartmail=\"gmail_signature\">\n<div dir=\"ltr\">\n<div dir=\"ltr\">\n<div dir=\"ltr\">\n<div dir=\"ltr\">\n<div dir=\"ltr\">\n<div dir=\"ltr\">\n<div dir=\"ltr\">\n<div dir=\"ltr\">\n<p>Editorial Text &#8211; La Galera: TRAM 2.0 Quadern d&#8217;activitats Matem\u00e0tiques 6. ISBN: 978-84-412-2210-6<\/p>\n<\/div>\n<\/div>\n<\/div>\n<\/div>\n<\/div>\n<\/div>\n<\/div>\n<\/div>\n<\/div>\n<\/div>\n<p style=\"text-align: justify;\"><strong>M<\/strong><strong>a<\/strong><strong>terial complementari: <\/strong>carpeta amb separadors (que no sigui de tipus acordi\u00f3) i estoig de cremallera d\u2019unes dimensions aproximades de 20 x 10 cm, un comp\u00e0s i un regle de 30 cm que c\u00e0piga dins de la carpeta.<\/p>\n","protected":false},"excerpt":{"rendered":"<p>Cada curs la llista de quaderns es va reduint ja que l\u2019escola va elaborant cada cop m\u00e9s materials propis i es creen m\u00e9s projectes propis. CICLE INICIAL: 1r i 2n d&#8217;Ed. Prim\u00e0ria No cal adquirir cap quadern. Material complementari: estoig de dues o tres cremalleres d\u2019unes dimensions aproximades de 20 x 10 cm. CICLE MITJ\u00c0: [&hellip;]<\/p>\n","protected":false},"author":1,"featured_media":0,"parent":22,"menu_order":4,"comment_status":"closed","ping_status":"closed","template":"","meta":{"_bbp_topic_count":0,"_bbp_reply_count":0,"_bbp_total_topic_count":0,"_bbp_total_reply_count":0,"_bbp_voice_count":0,"_bbp_anonymous_reply_count":0,"_bbp_topic_count_hidden":0,"_bbp_reply_count_hidden":0,"_bbp_forum_subforum_count":0,"site-sidebar-layout":"default","site-content-layout":"","ast-site-content-layout":"","site-content-style":"default","site-sidebar-style":"default","ast-global-header-display":"","ast-banner-title-visibility":"","ast-main-header-display":"","ast-hfb-above-header-display":"","ast-hfb-below-header-display":"","ast-hfb-mobile-header-display":"","site-post-title":"","ast-breadcrumbs-content":"","ast-featured-img":"","footer-sml-layout":"","theme-transparent-header-meta":"","adv-header-id-meta":"","stick-header-meta":"","header-above-stick-meta":"","header-main-stick-meta":"","header-below-stick-meta":"","astra-migrate-meta-layouts":"default","ast-page-background-enabled":"default","ast-page-background-meta":{"desktop":{"background-color":"var(--ast-global-color-4)","background-image":"","background-repeat":"repeat","background-position":"center center","background-size":"auto","background-attachment":"scroll","background-type":"","background-media":"","overlay-type":"","overlay-color":"","overlay-opacity":"","overlay-gradient":""},"tablet":{"background-color":"","background-image":"","background-repeat":"repeat","background-position":"center center","background-size":"auto","background-attachment":"scroll","background-type":"","background-media":"","overlay-type":"","overlay-color":"","overlay-opacity":"","overlay-gradient":""},"mobile":{"background-color":"","background-image":"","background-repeat":"repeat","background-position":"center center","background-size":"auto","background-attachment":"scroll","background-type":"","background-media":"","overlay-type":"","overlay-color":"","overlay-opacity":"","overlay-gradient":""}},"ast-content-background-meta":{"desktop":{"background-color":"var(--ast-global-color-5)","background-image":"","background-repeat":"repeat","background-position":"center center","background-size":"auto","background-attachment":"scroll","background-type":"","background-media":"","overlay-type":"","overlay-color":"","overlay-opacity":"","overlay-gradient":""},"tablet":{"background-color":"var(--ast-global-color-5)","background-image":"","background-repeat":"repeat","background-position":"center center","background-size":"auto","background-attachment":"scroll","background-type":"","background-media":"","overlay-type":"","overlay-color":"","overlay-opacity":"","overlay-gradient":""},"mobile":{"background-color":"var(--ast-global-color-5)","background-image":"","background-repeat":"repeat","background-position":"center center","background-size":"auto","background-attachment":"scroll","background-type":"","background-media":"","overlay-type":"","overlay-color":"","overlay-opacity":"","overlay-gradient":""}},"footnotes":""},"class_list":["post-1466","page","type-page","status-publish","hentry"],"post_mailing_queue_ids":[],"_links":{"self":[{"href":"https:\/\/agora.xtec.cat\/lesaigues\/wp-json\/wp\/v2\/pages\/1466","targetHints":{"allow":["GET"]}}],"collection":[{"href":"https:\/\/agora.xtec.cat\/lesaigues\/wp-json\/wp\/v2\/pages"}],"about":[{"href":"https:\/\/agora.xtec.cat\/lesaigues\/wp-json\/wp\/v2\/types\/page"}],"author":[{"embeddable":true,"href":"https:\/\/agora.xtec.cat\/lesaigues\/wp-json\/wp\/v2\/users\/1"}],"replies":[{"embeddable":true,"href":"https:\/\/agora.xtec.cat\/lesaigues\/wp-json\/wp\/v2\/comments?post=1466"}],"version-history":[{"count":6,"href":"https:\/\/agora.xtec.cat\/lesaigues\/wp-json\/wp\/v2\/pages\/1466\/revisions"}],"predecessor-version":[{"id":14310,"href":"https:\/\/agora.xtec.cat\/lesaigues\/wp-json\/wp\/v2\/pages\/1466\/revisions\/14310"}],"up":[{"embeddable":true,"href":"https:\/\/agora.xtec.cat\/lesaigues\/wp-json\/wp\/v2\/pages\/22"}],"wp:attachment":[{"href":"https:\/\/agora.xtec.cat\/lesaigues\/wp-json\/wp\/v2\/media?parent=1466"}],"curies":[{"name":"wp","href":"https:\/\/api.w.org\/{rel}","templated":true}]}}