{"id":1462,"date":"2019-10-15T12:00:18","date_gmt":"2019-10-15T10:00:18","guid":{"rendered":"http:\/\/agora.xtec.cat\/lesaigues\/?page_id=1462"},"modified":"2025-06-16T15:39:27","modified_gmt":"2025-06-16T13:39:27","slug":"quotes","status":"publish","type":"page","link":"https:\/\/agora.xtec.cat\/lesaigues\/lescola\/quotes\/","title":{"rendered":"Quotes"},"content":{"rendered":"<h5 style=\"text-align: justify;\"><strong>Quotes habituals de l\u2019escola.<\/strong><\/h5>\n<p style=\"text-align: justify;\">El projecte educatiu de centre contempla la socialitzaci\u00f3 del material did\u00e0ctic. Per aquest motiu el Consell Escolar t\u00e9 aprovat un sistema de quotes per fer front a les despeses que es generen al llarg del curs a les aules i que integren tamb\u00e9 les sortides i activitats de fora de l\u2019escola (excursions, teatre, visites la museu,\u2026).\u00a0<strong>Am<\/strong><strong>b aquestes quotes als pares i mares no us cal comprar cap material ni pagar les activitats. <\/strong>Les comandes de tot el necessari les fan l\u2019equip de mestres. Les quotes queden repartides de la seg\u00fcent manera:<\/p>\n<p style=\"text-align: justify;\"><strong>I4 (3 sortides) i ed. prim\u00e0ria (2 sortides i auxiliar de conversa en angl\u00e8s) serien 195 \u20ac repartits en tres quotes. Seran de 60, 68 i 67 \u20ac respectivament per fer coincidir la primera amb l&#8217;import del val escolar.<\/strong><\/p>\n<p style=\"text-align: justify;\"><strong>I3 i I5 (2 sortides) serien 171 \u20ac repartits en tres quotes. Seran 60, 56 i 55 \u20ac respectivament per fer coincidir la primera amb l&#8217;import del val escolar.<\/strong><\/p>\n<p style=\"text-align: justify;\"><strong>Els mesos de cobrament s\u00f3n l&#8217;octubre, el febrer i l&#8217;abril.<\/strong><\/p>\n<p style=\"text-align: justify;\">L&#8217;import de les quotes es destina a la compra de joguines, material did\u00e0ctic, material fungible (pintures, colors, papers, materials de tallers, fotoc\u00f2pies&#8230;), agendes,\u00a0 samarreta que cada nen\/a ha de portar per la Trobada de Dansa de les cinc escoles de Cardedeu, a les activitats del Museu-arxiu Tom\u00e0s Balvey i a activitats culturals de teatre al TAC i de dansa a la T\u00e8xtil Rase. Tamb\u00e9 van destinats al material que edita l\u2019escola i al manteniment\u00a0 de les eines TAC.<\/p>\n<p style=\"text-align: justify;\">A tot l\u2019alumnat d\u2019ed. prim\u00e0ria que lliuri el <a href=\"https:\/\/www.valescolar.cat\/\">val escolar<\/a> de 60 \u20ac a l\u2019escola abans del 19 de setembre no se li cobrararan 60 \u20ac de la primera quota o b\u00e9 se li descomptaran 30 \u20ac si ha fet un \u00fas parcial del val.<\/p>\n<p style=\"text-align: justify;\">L&#8217;escola organitza col\u00f2nies d&#8217;I5 a 6\u00e8 del cost de els quals se n&#8217;informa cada inici de curs a cada nivell educatiu i es paguen en tres quotes addicionals.<\/p>\n<p style=\"text-align: justify;\"><strong>A l\u2019escola no utilitzem llibres de text<\/strong>, demanem\u00a0<strong>alguns quaderns de treball per al Cicle Mitj\u00e0 i Cicle Superior\u00a0<\/strong>que s\u00f3n fungibles. Cal que els portin els\/les alumnes\u00a0 el primer dia de curs i ja us vam facilitar la llista al mes de juliol. La resta de llibres que s\u2019utilitzen s\u00f3n de lectura, de consulta,\u2026 no cal que els compreu ja que estan inclosos en el Projecte de Socialitzaci\u00f3 que el centre duu a terme a partir de 3r i pel qual cada fam\u00edlia feu una aportaci\u00f3 al mes de juliol de\u00a0<strong>15 \u20ac<\/strong>\u00a0anuals per alumne\/a.<\/p>\n<p style=\"text-align: justify;\">\n","protected":false},"excerpt":{"rendered":"<p>Quotes habituals de l\u2019escola. El projecte educatiu de centre contempla la socialitzaci\u00f3 del material did\u00e0ctic. Per aquest motiu el Consell Escolar t\u00e9 aprovat un sistema de quotes per fer front a les despeses que es generen al llarg del curs a les aules i que integren tamb\u00e9 les sortides i activitats de fora de l\u2019escola [&hellip;]<\/p>\n","protected":false},"author":1,"featured_media":0,"parent":22,"menu_order":7,"comment_status":"closed","ping_status":"closed","template":"","meta":{"_bbp_topic_count":0,"_bbp_reply_count":0,"_bbp_total_topic_count":0,"_bbp_total_reply_count":0,"_bbp_voice_count":0,"_bbp_anonymous_reply_count":0,"_bbp_topic_count_hidden":0,"_bbp_reply_count_hidden":0,"_bbp_forum_subforum_count":0,"site-sidebar-layout":"default","site-content-layout":"","ast-site-content-layout":"","site-content-style":"default","site-sidebar-style":"default","ast-global-header-display":"","ast-banner-title-visibility":"","ast-main-header-display":"","ast-hfb-above-header-display":"","ast-hfb-below-header-display":"","ast-hfb-mobile-header-display":"","site-post-title":"","ast-breadcrumbs-content":"","ast-featured-img":"","footer-sml-layout":"","theme-transparent-header-meta":"","adv-header-id-meta":"","stick-header-meta":"","header-above-stick-meta":"","header-main-stick-meta":"","header-below-stick-meta":"","astra-migrate-meta-layouts":"default","ast-page-background-enabled":"default","ast-page-background-meta":{"desktop":{"background-color":"var(--ast-global-color-4)","background-image":"","background-repeat":"repeat","background-position":"center center","background-size":"auto","background-attachment":"scroll","background-type":"","background-media":"","overlay-type":"","overlay-color":"","overlay-opacity":"","overlay-gradient":""},"tablet":{"background-color":"","background-image":"","background-repeat":"repeat","background-position":"center center","background-size":"auto","background-attachment":"scroll","background-type":"","background-media":"","overlay-type":"","overlay-color":"","overlay-opacity":"","overlay-gradient":""},"mobile":{"background-color":"","background-image":"","background-repeat":"repeat","background-position":"center center","background-size":"auto","background-attachment":"scroll","background-type":"","background-media":"","overlay-type":"","overlay-color":"","overlay-opacity":"","overlay-gradient":""}},"ast-content-background-meta":{"desktop":{"background-color":"var(--ast-global-color-5)","background-image":"","background-repeat":"repeat","background-position":"center center","background-size":"auto","background-attachment":"scroll","background-type":"","background-media":"","overlay-type":"","overlay-color":"","overlay-opacity":"","overlay-gradient":""},"tablet":{"background-color":"var(--ast-global-color-5)","background-image":"","background-repeat":"repeat","background-position":"center center","background-size":"auto","background-attachment":"scroll","background-type":"","background-media":"","overlay-type":"","overlay-color":"","overlay-opacity":"","overlay-gradient":""},"mobile":{"background-color":"var(--ast-global-color-5)","background-image":"","background-repeat":"repeat","background-position":"center center","background-size":"auto","background-attachment":"scroll","background-type":"","background-media":"","overlay-type":"","overlay-color":"","overlay-opacity":"","overlay-gradient":""}},"footnotes":""},"class_list":["post-1462","page","type-page","status-publish","hentry"],"post_mailing_queue_ids":[],"_links":{"self":[{"href":"https:\/\/agora.xtec.cat\/lesaigues\/wp-json\/wp\/v2\/pages\/1462","targetHints":{"allow":["GET"]}}],"collection":[{"href":"https:\/\/agora.xtec.cat\/lesaigues\/wp-json\/wp\/v2\/pages"}],"about":[{"href":"https:\/\/agora.xtec.cat\/lesaigues\/wp-json\/wp\/v2\/types\/page"}],"author":[{"embeddable":true,"href":"https:\/\/agora.xtec.cat\/lesaigues\/wp-json\/wp\/v2\/users\/1"}],"replies":[{"embeddable":true,"href":"https:\/\/agora.xtec.cat\/lesaigues\/wp-json\/wp\/v2\/comments?post=1462"}],"version-history":[{"count":6,"href":"https:\/\/agora.xtec.cat\/lesaigues\/wp-json\/wp\/v2\/pages\/1462\/revisions"}],"predecessor-version":[{"id":14266,"href":"https:\/\/agora.xtec.cat\/lesaigues\/wp-json\/wp\/v2\/pages\/1462\/revisions\/14266"}],"up":[{"embeddable":true,"href":"https:\/\/agora.xtec.cat\/lesaigues\/wp-json\/wp\/v2\/pages\/22"}],"wp:attachment":[{"href":"https:\/\/agora.xtec.cat\/lesaigues\/wp-json\/wp\/v2\/media?parent=1462"}],"curies":[{"name":"wp","href":"https:\/\/api.w.org\/{rel}","templated":true}]}}