{"id":14596,"date":"2025-10-03T07:42:20","date_gmt":"2025-10-03T05:42:20","guid":{"rendered":"https:\/\/agora.xtec.cat\/lesaigues\/?page_id=14596"},"modified":"2025-10-03T07:42:20","modified_gmt":"2025-10-03T05:42:20","slug":"tallers-artistics-a-la-textil-rase-fabrica-de-cultura","status":"publish","type":"page","link":"https:\/\/agora.xtec.cat\/lesaigues\/projectes\/tallers-artistics-a-la-textil-rase-fabrica-de-cultura\/","title":{"rendered":"Tallers art\u00edstics a la T\u00e8xtil Rase, f\u00e0brica de cultura"},"content":{"rendered":"<p style=\"text-align: justify;\" data-start=\"104\" data-end=\"298\"><strong>El Patronat de Cultura de Cardedeu ofereix als grups d&#8217;ed. prim\u00e0ria de les escoles de la vila un programa d\u2019activitats art\u00edstiques amb la finalitat de potenciar i acostar les arts esc\u00e8niques als infants.<\/strong><\/p>\n<p style=\"text-align: justify;\" data-start=\"300\" data-end=\"353\"><strong>Aquestes propostes estan pensades per a cada cicle:<\/strong><\/p>\n<ul style=\"text-align: justify;\" data-start=\"354\" data-end=\"468\">\n<li data-start=\"354\" data-end=\"399\">\n<p data-start=\"356\" data-end=\"399\"><strong>Circ per a 1r i 2n,<\/strong><\/p>\n<\/li>\n<li data-start=\"400\" data-end=\"434\">\n<p data-start=\"402\" data-end=\"434\"><strong>Teatre per a 3r i 4t,<\/strong><\/p>\n<\/li>\n<li data-start=\"435\" data-end=\"468\">\n<p data-start=\"437\" data-end=\"468\"><strong>Dansa per a 5\u00e8 i 6\u00e8.<\/strong><\/p>\n<\/li>\n<\/ul>\n<p style=\"text-align: justify;\" data-start=\"470\" data-end=\"771\"><strong>Amb els grups de l&#8217;Escola Les Aig\u00fces, les activitats es desenvolupen principalment a la T\u00e8xtil Rase, f\u00e0brica de cultura, un espai de refer\u00e8ncia a Cardedeu que convida a viure l\u2019experi\u00e8ncia art\u00edstica en un entorn singular. Tamb\u00e9 hi haur\u00e0 sessions al gimn\u00e0s de l&#8217;escola, amb la voluntat de portar l\u2019art directament al seu dia a dia.<\/strong><\/p>\n<p style=\"text-align: justify;\" data-start=\"773\" data-end=\"923\"><strong>Cada grup gaudeix de tres sessions per disciplina, en qu\u00e8 l\u2019experimentaci\u00f3, la creativitat i la participaci\u00f3 activa s\u00f3n els eixos centrals.<\/strong><\/p>\n","protected":false},"excerpt":{"rendered":"<p>El Patronat de Cultura de Cardedeu ofereix als grups d&#8217;ed. prim\u00e0ria de les escoles de la vila un programa d\u2019activitats art\u00edstiques amb la finalitat de potenciar i acostar les arts esc\u00e8niques als infants. Aquestes propostes estan pensades per a cada cicle: Circ per a 1r i 2n, Teatre per a 3r i 4t, Dansa per [&hellip;]<\/p>\n","protected":false},"author":1,"featured_media":0,"parent":1661,"menu_order":15,"comment_status":"closed","ping_status":"closed","template":"","meta":{"_bbp_topic_count":0,"_bbp_reply_count":0,"_bbp_total_topic_count":0,"_bbp_total_reply_count":0,"_bbp_voice_count":0,"_bbp_anonymous_reply_count":0,"_bbp_topic_count_hidden":0,"_bbp_reply_count_hidden":0,"_bbp_forum_subforum_count":0,"site-sidebar-layout":"default","site-content-layout":"","ast-site-content-layout":"default","site-content-style":"default","site-sidebar-style":"default","ast-global-header-display":"","ast-banner-title-visibility":"","ast-main-header-display":"","ast-hfb-above-header-display":"","ast-hfb-below-header-display":"","ast-hfb-mobile-header-display":"","site-post-title":"","ast-breadcrumbs-content":"","ast-featured-img":"","footer-sml-layout":"","theme-transparent-header-meta":"default","adv-header-id-meta":"","stick-header-meta":"","header-above-stick-meta":"","header-main-stick-meta":"","header-below-stick-meta":"","astra-migrate-meta-layouts":"set","ast-page-background-enabled":"default","ast-page-background-meta":{"desktop":{"background-color":"var(--ast-global-color-4)","background-image":"","background-repeat":"repeat","background-position":"center center","background-size":"auto","background-attachment":"scroll","background-type":"","background-media":"","overlay-type":"","overlay-color":"","overlay-opacity":"","overlay-gradient":""},"tablet":{"background-color":"","background-image":"","background-repeat":"repeat","background-position":"center center","background-size":"auto","background-attachment":"scroll","background-type":"","background-media":"","overlay-type":"","overlay-color":"","overlay-opacity":"","overlay-gradient":""},"mobile":{"background-color":"","background-image":"","background-repeat":"repeat","background-position":"center center","background-size":"auto","background-attachment":"scroll","background-type":"","background-media":"","overlay-type":"","overlay-color":"","overlay-opacity":"","overlay-gradient":""}},"ast-content-background-meta":{"desktop":{"background-color":"var(--ast-global-color-5)","background-image":"","background-repeat":"repeat","background-position":"center center","background-size":"auto","background-attachment":"scroll","background-type":"","background-media":"","overlay-type":"","overlay-color":"","overlay-opacity":"","overlay-gradient":""},"tablet":{"background-color":"var(--ast-global-color-5)","background-image":"","background-repeat":"repeat","background-position":"center center","background-size":"auto","background-attachment":"scroll","background-type":"","background-media":"","overlay-type":"","overlay-color":"","overlay-opacity":"","overlay-gradient":""},"mobile":{"background-color":"var(--ast-global-color-5)","background-image":"","background-repeat":"repeat","background-position":"center center","background-size":"auto","background-attachment":"scroll","background-type":"","background-media":"","overlay-type":"","overlay-color":"","overlay-opacity":"","overlay-gradient":""}},"footnotes":""},"class_list":["post-14596","page","type-page","status-publish","hentry"],"post_mailing_queue_ids":[],"_links":{"self":[{"href":"https:\/\/agora.xtec.cat\/lesaigues\/wp-json\/wp\/v2\/pages\/14596","targetHints":{"allow":["GET"]}}],"collection":[{"href":"https:\/\/agora.xtec.cat\/lesaigues\/wp-json\/wp\/v2\/pages"}],"about":[{"href":"https:\/\/agora.xtec.cat\/lesaigues\/wp-json\/wp\/v2\/types\/page"}],"author":[{"embeddable":true,"href":"https:\/\/agora.xtec.cat\/lesaigues\/wp-json\/wp\/v2\/users\/1"}],"replies":[{"embeddable":true,"href":"https:\/\/agora.xtec.cat\/lesaigues\/wp-json\/wp\/v2\/comments?post=14596"}],"version-history":[{"count":1,"href":"https:\/\/agora.xtec.cat\/lesaigues\/wp-json\/wp\/v2\/pages\/14596\/revisions"}],"predecessor-version":[{"id":14597,"href":"https:\/\/agora.xtec.cat\/lesaigues\/wp-json\/wp\/v2\/pages\/14596\/revisions\/14597"}],"up":[{"embeddable":true,"href":"https:\/\/agora.xtec.cat\/lesaigues\/wp-json\/wp\/v2\/pages\/1661"}],"wp:attachment":[{"href":"https:\/\/agora.xtec.cat\/lesaigues\/wp-json\/wp\/v2\/media?parent=14596"}],"curies":[{"name":"wp","href":"https:\/\/api.w.org\/{rel}","templated":true}]}}