{"id":81,"date":"2014-09-18T10:38:05","date_gmt":"2014-09-18T10:38:05","guid":{"rendered":"http:\/\/agora.xtec.cat\/isvh\/?page_id=81"},"modified":"2026-01-08T18:46:36","modified_gmt":"2026-01-08T17:46:36","slug":"secretaria","status":"publish","type":"page","link":"https:\/\/agora.xtec.cat\/isvh\/secretaria\/","title":{"rendered":"Secretaria"},"content":{"rendered":"\n<p>La secretaria de l&#8217;Institut d&#8217;FP Sanit\u00e0ria Vall d&#8217;Hebron realitza tots els tr\u00e0mits associats a un institut de formaci\u00f3 professional, com ara les gestions de preinscripci\u00f3 i matr\u00edcula, beques i ajuts, i tramitaci\u00f3 de t\u00edtols i certificats.&nbsp;<\/p>\n\n\n\n<p><\/p>\n\n\n\n<hr class=\"wp-block-separator has-alpha-channel-opacity\"\/>\n\n\n\n<p><\/p>\n\n\n\n<p><strong>UBICACI\u00d3 I HORARI D&#8217;ATENCI\u00d3<\/strong><\/p>\n\n\n\n<div class=\"wp-block-media-text is-stacked-on-mobile\" style=\"grid-template-columns:31% auto\"><figure class=\"wp-block-media-text__media\"><img loading=\"lazy\" decoding=\"async\" width=\"846\" height=\"539\" src=\"https:\/\/agora.xtec.cat\/isvh\/wp-content\/uploads\/usu3043\/2024\/08\/secretaria.png\" alt=\"\" class=\"wp-image-925 size-full\" srcset=\"https:\/\/agora.xtec.cat\/isvh\/wp-content\/uploads\/usu3043\/2024\/08\/secretaria.png 846w, https:\/\/agora.xtec.cat\/isvh\/wp-content\/uploads\/usu3043\/2024\/08\/secretaria-300x191.png 300w, https:\/\/agora.xtec.cat\/isvh\/wp-content\/uploads\/usu3043\/2024\/08\/secretaria-768x489.png 768w\" sizes=\"auto, (max-width: 846px) 100vw, 846px\" \/><\/figure><div class=\"wp-block-media-text__content\">\n<p>La comunicaci\u00f3 amb secretaria es realitza a trav\u00e9s del correu electr\u00f2nic <a href=\"mailto:secretaria@isvh.cat\" target=\"_blank\" rel=\"noreferrer noopener\">secretaria@isvh.cat<\/a><\/p>\n\n\n\n<p>Pels tr\u00e0mits habituals (convalidacions, sol\u00b7licitud de t\u00edtols, etc.) trobareu formularis de sol\u00b7licitud a l&#8217;apartat de Tr\u00e0mits d&#8217;aquesta web.<\/p>\n\n\n\n<p>Podeu trobar la secretaria de l&#8217;institut a la planta baixa. Durant el curs, fem atenci\u00f3 presencial de 10 a 11h de dimarts a divendres i de 15.30 a 16.30h de dilluns a dijous.  Si ets alumne\/a del centre, tamb\u00e9 t&#8217;atendrem a l&#8217;hora d&#8217;esbarjo excepte els dilluns al mat\u00ed i els divendres a la tarda. Al mes de juliol no hi ha atenci\u00f3 presencial, excepte per la tramitaci\u00f3 de t\u00edtols, de 9 a 13h (consulteu l&#8217;\u00faltim dia d&#8217;atenci\u00f3 presencial).<\/p>\n\n\n\n<p>Si el que necessiteu \u00e9s obtenir informaci\u00f3 general o espec\u00edfica que no trobeu a la web, sobre l&#8217;oferta formativa, portes obertes, preinscripci\u00f3 i matr\u00edcula, i altres, heu d&#8217;escriure a <a href=\"mailto:informacio@isvh.cat\" target=\"_blank\" rel=\"noreferrer noopener\">informacio@isvh.cat<\/a><\/p>\n\n\n\n<p>La secretaria nom\u00e9s respon correus sobre temes de la seva compet\u00e8ncia per\u00f2 no at\u00e9n contactes sobre assist\u00e8ncia de l\u2019alumnat ni dubtes i queixes sobre el manteniment de les instal\u00b7lacions o altres. Les abs\u00e8ncies se li comuniquen al tutor o tutora. Els suggeriments, felicitacions i queixes es vehiculen a trav\u00e9s d\u2019un formulari que hi ha a la p\u00e0gina d&#8217;inici de la web.<\/p>\n<\/div><\/div>\n\n\n\n<p><\/p>\n","protected":false},"excerpt":{"rendered":"<p>La secretaria de l&#8217;Institut d&#8217;FP Sanit\u00e0ria Vall d&#8217;Hebron realitza tots els tr\u00e0mits associats a un institut de formaci\u00f3 professional, com ara les gestions de preinscripci\u00f3 i matr\u00edcula, beques i ajuts, i tramitaci\u00f3 de t\u00edtols i certificats.&nbsp; UBICACI\u00d3 I HORARI D&#8217;ATENCI\u00d3 La comunicaci\u00f3 amb secretaria es realitza a trav\u00e9s del correu electr\u00f2nic secretaria@isvh.cat Pels tr\u00e0mits habituals [&hellip;]<\/p>\n","protected":false},"author":1,"featured_media":0,"parent":0,"menu_order":0,"comment_status":"closed","ping_status":"closed","template":"","meta":{"site-sidebar-layout":"left-sidebar","site-content-layout":"","ast-site-content-layout":"normal-width-container","site-content-style":"default","site-sidebar-style":"default","ast-global-header-display":"","ast-banner-title-visibility":"","ast-main-header-display":"","ast-hfb-above-header-display":"","ast-hfb-below-header-display":"","ast-hfb-mobile-header-display":"","site-post-title":"","ast-breadcrumbs-content":"","ast-featured-img":"","footer-sml-layout":"","theme-transparent-header-meta":"","adv-header-id-meta":"","stick-header-meta":"","header-above-stick-meta":"","header-main-stick-meta":"","header-below-stick-meta":"","astra-migrate-meta-layouts":"set","ast-page-background-enabled":"default","ast-page-background-meta":{"desktop":{"background-color":"var(--ast-global-color-4)","background-image":"","background-repeat":"repeat","background-position":"center center","background-size":"auto","background-attachment":"scroll","background-type":"","background-media":"","overlay-type":"","overlay-color":"","overlay-opacity":"","overlay-gradient":""},"tablet":{"background-color":"","background-image":"","background-repeat":"repeat","background-position":"center center","background-size":"auto","background-attachment":"scroll","background-type":"","background-media":"","overlay-type":"","overlay-color":"","overlay-opacity":"","overlay-gradient":""},"mobile":{"background-color":"","background-image":"","background-repeat":"repeat","background-position":"center center","background-size":"auto","background-attachment":"scroll","background-type":"","background-media":"","overlay-type":"","overlay-color":"","overlay-opacity":"","overlay-gradient":""}},"ast-content-background-meta":{"desktop":{"background-color":"var(--ast-global-color-5)","background-image":"","background-repeat":"repeat","background-position":"center center","background-size":"auto","background-attachment":"scroll","background-type":"","background-media":"","overlay-type":"","overlay-color":"","overlay-opacity":"","overlay-gradient":""},"tablet":{"background-color":"var(--ast-global-color-5)","background-image":"","background-repeat":"repeat","background-position":"center center","background-size":"auto","background-attachment":"scroll","background-type":"","background-media":"","overlay-type":"","overlay-color":"","overlay-opacity":"","overlay-gradient":""},"mobile":{"background-color":"var(--ast-global-color-5)","background-image":"","background-repeat":"repeat","background-position":"center center","background-size":"auto","background-attachment":"scroll","background-type":"","background-media":"","overlay-type":"","overlay-color":"","overlay-opacity":"","overlay-gradient":""}},"footnotes":""},"class_list":["post-81","page","type-page","status-publish","hentry"],"post_mailing_queue_ids":[],"_links":{"self":[{"href":"https:\/\/agora.xtec.cat\/isvh\/wp-json\/wp\/v2\/pages\/81","targetHints":{"allow":["GET"]}}],"collection":[{"href":"https:\/\/agora.xtec.cat\/isvh\/wp-json\/wp\/v2\/pages"}],"about":[{"href":"https:\/\/agora.xtec.cat\/isvh\/wp-json\/wp\/v2\/types\/page"}],"author":[{"embeddable":true,"href":"https:\/\/agora.xtec.cat\/isvh\/wp-json\/wp\/v2\/users\/1"}],"replies":[{"embeddable":true,"href":"https:\/\/agora.xtec.cat\/isvh\/wp-json\/wp\/v2\/comments?post=81"}],"version-history":[{"count":6,"href":"https:\/\/agora.xtec.cat\/isvh\/wp-json\/wp\/v2\/pages\/81\/revisions"}],"predecessor-version":[{"id":3360,"href":"https:\/\/agora.xtec.cat\/isvh\/wp-json\/wp\/v2\/pages\/81\/revisions\/3360"}],"wp:attachment":[{"href":"https:\/\/agora.xtec.cat\/isvh\/wp-json\/wp\/v2\/media?parent=81"}],"curies":[{"name":"wp","href":"https:\/\/api.w.org\/{rel}","templated":true}]}}