{"id":1455,"date":"2025-01-10T12:57:31","date_gmt":"2025-01-10T11:57:31","guid":{"rendered":"https:\/\/agora.xtec.cat\/isvh\/?page_id=1455"},"modified":"2026-01-14T16:21:34","modified_gmt":"2026-01-14T15:21:34","slug":"blog-digualtat-i-feminisme","status":"publish","type":"page","link":"https:\/\/agora.xtec.cat\/isvh\/innovacio\/blog-digualtat-i-feminisme\/","title":{"rendered":"Blog d&#8217;igualtat i feminisme"},"content":{"rendered":"\n<p><\/p>\n\n\n\n<p>Des de l&#8217;Institut d&#8217;FP Sanit\u00e0ria Vall d&#8217;Hebron volem crear un espai per poder impulsar el feminisme en la societat a partir de la formaci\u00f3 del nostre alumnat.<\/p>\n\n\n\n<p>En aquest espai podr\u00e0s trobar informaci\u00f3 sobre activitats realitzades a l&#8217;institut, acc\u00e9s a formaci\u00f3, un punt lila on poder acudir i totes aquelles not\u00edcies d&#8217;actualitat relacionades amb la igualtat i el feminisme.<\/p>\n\n\n\n<p><\/p>\n\n\n\n<div class=\"wp-block-columns is-layout-flex wp-container-core-columns-is-layout-1 wp-block-columns-is-layout-flex\">\n<div class=\"wp-block-column has-medium-font-size is-layout-flow wp-block-column-is-layout-flow\">\n<figure class=\"wp-block-image size-full is-resized\"><a href=\"https:\/\/agora.xtec.cat\/isvh\/serveis\/blog-digualtat-i-feminisme\/espai-digualtat-i-feminismes\/\"><img loading=\"lazy\" decoding=\"async\" width=\"948\" height=\"662\" src=\"https:\/\/agora.xtec.cat\/isvh\/wp-content\/uploads\/usu3043\/2025\/01\/Logo-Pla-dIgualtat-blanc-1.gif\" alt=\"\" class=\"wp-image-1458\" style=\"width:auto;height:200px\"\/><\/a><\/figure>\n<\/div>\n\n\n\n<div class=\"wp-block-column is-layout-flow wp-block-column-is-layout-flow\">\n<figure class=\"wp-block-image aligncenter size-full is-resized\"><a href=\"https:\/\/agora.xtec.cat\/isvh\/serveis\/blog-digualtat-i-feminisme\/punt-lila\/\"><img loading=\"lazy\" decoding=\"async\" width=\"662\" height=\"660\" src=\"https:\/\/agora.xtec.cat\/isvh\/wp-content\/uploads\/usu3043\/2025\/01\/PUNT-LILA.png\" alt=\"\" class=\"wp-image-1463\" style=\"width:auto;height:200px\" srcset=\"https:\/\/agora.xtec.cat\/isvh\/wp-content\/uploads\/usu3043\/2025\/01\/PUNT-LILA.png 662w, https:\/\/agora.xtec.cat\/isvh\/wp-content\/uploads\/usu3043\/2025\/01\/PUNT-LILA-300x300.png 300w, https:\/\/agora.xtec.cat\/isvh\/wp-content\/uploads\/usu3043\/2025\/01\/PUNT-LILA-150x150.png 150w\" sizes=\"auto, (max-width: 662px) 100vw, 662px\" \/><\/a><\/figure>\n<\/div>\n\n\n\n<div class=\"wp-block-column is-layout-flow wp-block-column-is-layout-flow\">\n<figure class=\"wp-block-image size-large is-resized\"><a href=\"https:\/\/agora.xtec.cat\/isvh\/categoria\/igualtat\/\" target=\"_blank\" rel=\"noreferrer noopener\"><img loading=\"lazy\" decoding=\"async\" width=\"1024\" height=\"583\" src=\"https:\/\/agora.xtec.cat\/isvh\/wp-content\/uploads\/usu3043\/2025\/01\/NOTICIES-IGUALTAT-3-1024x583.png\" alt=\"\" class=\"wp-image-1465\" style=\"width:auto;height:200px\" srcset=\"https:\/\/agora.xtec.cat\/isvh\/wp-content\/uploads\/usu3043\/2025\/01\/NOTICIES-IGUALTAT-3-1024x583.png 1024w, https:\/\/agora.xtec.cat\/isvh\/wp-content\/uploads\/usu3043\/2025\/01\/NOTICIES-IGUALTAT-3-300x171.png 300w, https:\/\/agora.xtec.cat\/isvh\/wp-content\/uploads\/usu3043\/2025\/01\/NOTICIES-IGUALTAT-3-768x437.png 768w, https:\/\/agora.xtec.cat\/isvh\/wp-content\/uploads\/usu3043\/2025\/01\/NOTICIES-IGUALTAT-3.png 1163w\" sizes=\"auto, (max-width: 1024px) 100vw, 1024px\" \/><\/a><\/figure>\n<\/div>\n<\/div>\n\n\n\n<p><\/p>\n\n\n\n<h2 class=\"wp-block-heading has-text-color has-link-color has-large-font-size wp-elements-158aee2f92e1b54b3bb8c42bd6ef9efb\" style=\"color:#233a80\">Formulari de den\u00fancia per assetjament escolar i\/o per ra\u00f3 de g\u00e8nere<\/h2>\n\n\n\n<p>Si has sigut v\u00edctima d&#8217;alguna situaci\u00f3 d&#8217;assetjament o agressi\u00f3 per motius de g\u00e8nere per part d&#8217;algun membre de la comunitat educativa, pots denunciar-ho al seg\u00fcent formulari.<\/p>\n\n\n\n<div class=\"wp-block-buttons is-content-justification-center is-layout-flex wp-container-core-buttons-is-layout-1 wp-block-buttons-is-layout-flex\">\n<div class=\"wp-block-button has-custom-font-size has-large-font-size\"><a class=\"wp-block-button__link has-white-color has-text-color has-background has-link-color wp-element-button\" href=\"https:\/\/docs.google.com\/forms\/d\/e\/1FAIpQLSetLTEmCh9n_hVJAAHaBBAqNQUkeunHG17aABNknWz6sM1dmw\/viewform\" style=\"background-color:#233a80\"><strong>FORMULARI DE DEN\u00daNCIA<\/strong><\/a><\/div>\n<\/div>\n\n\n\n<p><\/p>\n\n\n\n<p><\/p>\n","protected":false},"excerpt":{"rendered":"<p>Des de l&#8217;Institut d&#8217;FP Sanit\u00e0ria Vall d&#8217;Hebron volem crear un espai per poder impulsar el feminisme en la societat a partir de la formaci\u00f3 del nostre alumnat. En aquest espai podr\u00e0s trobar informaci\u00f3 sobre activitats realitzades a l&#8217;institut, acc\u00e9s a formaci\u00f3, un punt lila on poder acudir i totes aquelles not\u00edcies d&#8217;actualitat relacionades amb la [&hellip;]<\/p>\n","protected":false},"author":1,"featured_media":0,"parent":3099,"menu_order":1,"comment_status":"closed","ping_status":"close","template":"","meta":{"site-sidebar-layout":"default","site-content-layout":"","ast-site-content-layout":"default","site-content-style":"default","site-sidebar-style":"default","ast-global-header-display":"","ast-banner-title-visibility":"","ast-main-header-display":"","ast-hfb-above-header-display":"","ast-hfb-below-header-display":"","ast-hfb-mobile-header-display":"","site-post-title":"","ast-breadcrumbs-content":"","ast-featured-img":"","footer-sml-layout":"","theme-transparent-header-meta":"","adv-header-id-meta":"","stick-header-meta":"","header-above-stick-meta":"","header-main-stick-meta":"","header-below-stick-meta":"","astra-migrate-meta-layouts":"set","ast-page-background-enabled":"default","ast-page-background-meta":{"desktop":{"background-color":"var(--ast-global-color-4)","background-image":"","background-repeat":"repeat","background-position":"center center","background-size":"auto","background-attachment":"scroll","background-type":"","background-media":"","overlay-type":"","overlay-color":"","overlay-opacity":"","overlay-gradient":""},"tablet":{"background-color":"","background-image":"","background-repeat":"repeat","background-position":"center center","background-size":"auto","background-attachment":"scroll","background-type":"","background-media":"","overlay-type":"","overlay-color":"","overlay-opacity":"","overlay-gradient":""},"mobile":{"background-color":"","background-image":"","background-repeat":"repeat","background-position":"center center","background-size":"auto","background-attachment":"scroll","background-type":"","background-media":"","overlay-type":"","overlay-color":"","overlay-opacity":"","overlay-gradient":""}},"ast-content-background-meta":{"desktop":{"background-color":"var(--ast-global-color-5)","background-image":"","background-repeat":"repeat","background-position":"center center","background-size":"auto","background-attachment":"scroll","background-type":"","background-media":"","overlay-type":"","overlay-color":"","overlay-opacity":"","overlay-gradient":""},"tablet":{"background-color":"var(--ast-global-color-5)","background-image":"","background-repeat":"repeat","background-position":"center center","background-size":"auto","background-attachment":"scroll","background-type":"","background-media":"","overlay-type":"","overlay-color":"","overlay-opacity":"","overlay-gradient":""},"mobile":{"background-color":"var(--ast-global-color-5)","background-image":"","background-repeat":"repeat","background-position":"center center","background-size":"auto","background-attachment":"scroll","background-type":"","background-media":"","overlay-type":"","overlay-color":"","overlay-opacity":"","overlay-gradient":""}},"footnotes":""},"class_list":["post-1455","page","type-page","status-publish","hentry"],"post_mailing_queue_ids":[],"_links":{"self":[{"href":"https:\/\/agora.xtec.cat\/isvh\/wp-json\/wp\/v2\/pages\/1455","targetHints":{"allow":["GET"]}}],"collection":[{"href":"https:\/\/agora.xtec.cat\/isvh\/wp-json\/wp\/v2\/pages"}],"about":[{"href":"https:\/\/agora.xtec.cat\/isvh\/wp-json\/wp\/v2\/types\/page"}],"author":[{"embeddable":true,"href":"https:\/\/agora.xtec.cat\/isvh\/wp-json\/wp\/v2\/users\/1"}],"replies":[{"embeddable":true,"href":"https:\/\/agora.xtec.cat\/isvh\/wp-json\/wp\/v2\/comments?post=1455"}],"version-history":[{"count":5,"href":"https:\/\/agora.xtec.cat\/isvh\/wp-json\/wp\/v2\/pages\/1455\/revisions"}],"predecessor-version":[{"id":3437,"href":"https:\/\/agora.xtec.cat\/isvh\/wp-json\/wp\/v2\/pages\/1455\/revisions\/3437"}],"up":[{"embeddable":true,"href":"https:\/\/agora.xtec.cat\/isvh\/wp-json\/wp\/v2\/pages\/3099"}],"wp:attachment":[{"href":"https:\/\/agora.xtec.cat\/isvh\/wp-json\/wp\/v2\/media?parent=1455"}],"curies":[{"name":"wp","href":"https:\/\/api.w.org\/{rel}","templated":true}]}}