{"id":1005,"date":"2024-08-24T11:09:38","date_gmt":"2024-08-24T09:09:38","guid":{"rendered":"https:\/\/agora.xtec.cat\/isvh\/?page_id=1005"},"modified":"2026-04-16T18:13:16","modified_gmt":"2026-04-16T16:13:16","slug":"portes-obertes","status":"publish","type":"page","link":"https:\/\/agora.xtec.cat\/isvh\/portes-obertes\/","title":{"rendered":"Portes obertes"},"content":{"rendered":"\n<p class=\"has-text-align-center has-white-color has-text-color has-background has-link-color wp-elements-2ebd1dc12d76850496d516c895093ea7\" style=\"background-color:#00b4ce\"><strong>IMPORTANT: ACTUALMENT AQUEST CENTRE NO \u00c9S ACCESIBLE PER A PERSONES AMB PROBLEMES DE MOBILITAT, JA QUE NO DISPOSA D&#8217;ASCENSOR<\/strong><\/p>\n\n\n\n<figure class=\"wp-block-image aligncenter size-full\"><img loading=\"lazy\" decoding=\"async\" width=\"956\" height=\"286\" src=\"https:\/\/agora.xtec.cat\/isvh\/wp-content\/uploads\/usu3043\/2026\/02\/banner2026.png\" alt=\"\" class=\"wp-image-3760\" srcset=\"https:\/\/agora.xtec.cat\/isvh\/wp-content\/uploads\/usu3043\/2026\/02\/banner2026.png 956w, https:\/\/agora.xtec.cat\/isvh\/wp-content\/uploads\/usu3043\/2026\/02\/banner2026-300x90.png 300w, https:\/\/agora.xtec.cat\/isvh\/wp-content\/uploads\/usu3043\/2026\/02\/banner2026-768x230.png 768w\" sizes=\"auto, (max-width: 956px) 100vw, 956px\" \/><\/figure>\n\n\n\n<p><\/p>\n\n\n\n<div class=\"wp-block-columns is-layout-flex wp-container-core-columns-is-layout-2 wp-block-columns-is-layout-flex\">\n<div class=\"wp-block-column is-layout-flow wp-block-column-is-layout-flow\" style=\"flex-basis:33.33%\">\n<figure class=\"wp-block-image size-large\"><img loading=\"lazy\" decoding=\"async\" width=\"1024\" height=\"1024\" src=\"https:\/\/agora.xtec.cat\/isvh\/wp-content\/uploads\/usu3043\/2026\/02\/illustration-customer-filling-out-feedback-form-online-1024x1024.jpg\" alt=\"\" class=\"wp-image-3763\" srcset=\"https:\/\/agora.xtec.cat\/isvh\/wp-content\/uploads\/usu3043\/2026\/02\/illustration-customer-filling-out-feedback-form-online-1024x1024.jpg 1024w, https:\/\/agora.xtec.cat\/isvh\/wp-content\/uploads\/usu3043\/2026\/02\/illustration-customer-filling-out-feedback-form-online-300x300.jpg 300w, https:\/\/agora.xtec.cat\/isvh\/wp-content\/uploads\/usu3043\/2026\/02\/illustration-customer-filling-out-feedback-form-online-150x150.jpg 150w, https:\/\/agora.xtec.cat\/isvh\/wp-content\/uploads\/usu3043\/2026\/02\/illustration-customer-filling-out-feedback-form-online-768x768.jpg 768w, https:\/\/agora.xtec.cat\/isvh\/wp-content\/uploads\/usu3043\/2026\/02\/illustration-customer-filling-out-feedback-form-online-1536x1536.jpg 1536w, https:\/\/agora.xtec.cat\/isvh\/wp-content\/uploads\/usu3043\/2026\/02\/illustration-customer-filling-out-feedback-form-online-2048x2048.jpg 2048w\" sizes=\"auto, (max-width: 1024px) 100vw, 1024px\" \/><\/figure>\n<\/div>\n\n\n\n<div class=\"wp-block-column is-layout-flow wp-block-column-is-layout-flow\" style=\"flex-basis:66.66%\">\n<p class=\"has-text-align-center has-text-color has-link-color has-medium-font-size wp-elements-15297968574852d7c41f90afdf6d2241\" style=\"color:#233a80\"><strong>RESERVA LA TEVA SESSI\u00d3 DE PORTES OBERTES!<\/strong><\/p>\n\n\n\n<p class=\"has-text-align-center\">Ja pots fer la reserva de les sessions de portes obertes! Prem el bot\u00f3 de sota per accedir al web del Consorci Educatiu de Barcelona de les Portes Obertes i busca el nostre centre: <\/p>\n\n\n\n<p class=\"has-text-align-center\"><strong>INSTITUT D&#8217;FP SANIT\u00c0RIA VALL D&#8217;HEBRON<\/strong><\/p>\n\n\n\n<div class=\"wp-block-columns is-layout-flex wp-container-core-columns-is-layout-1 wp-block-columns-is-layout-flex\">\n<div class=\"wp-block-column is-layout-flow wp-block-column-is-layout-flow\">\n<figure class=\"wp-block-image size-full is-resized\"><img loading=\"lazy\" decoding=\"async\" width=\"321\" height=\"265\" src=\"https:\/\/agora.xtec.cat\/isvh\/wp-content\/uploads\/usu3043\/2026\/02\/image-edited.png\" alt=\"\" class=\"wp-image-3765\" style=\"width:206px;height:auto\" srcset=\"https:\/\/agora.xtec.cat\/isvh\/wp-content\/uploads\/usu3043\/2026\/02\/image-edited.png 321w, https:\/\/agora.xtec.cat\/isvh\/wp-content\/uploads\/usu3043\/2026\/02\/image-edited-300x248.png 300w\" sizes=\"auto, (max-width: 321px) 100vw, 321px\" \/><\/figure>\n<\/div>\n\n\n\n<div class=\"wp-block-column is-layout-flow wp-block-column-is-layout-flow\">\n<p>Un cop a dintre, prem &#8220;Demanar cita pr\u00e8via&#8221; per al cicle, data i hora que vulguis.<\/p>\n\n\n\n<div class=\"wp-block-buttons is-content-justification-center is-layout-flex wp-container-core-buttons-is-layout-1 wp-block-buttons-is-layout-flex\">\n<div class=\"wp-block-button\"><a class=\"wp-block-button__link has-white-color has-text-color has-background has-link-color wp-element-button\" href=\"https:\/\/fp.edubcn.cat\/portes-obertes\" style=\"background-color:#00b4ce\"><strong>Web portes obertes<\/strong><\/a><\/div>\n<\/div>\n<\/div>\n<\/div>\n<\/div>\n<\/div>\n\n\n\n<p class=\"has-text-align-center has-text-color has-link-color wp-elements-4aeb0579b012481a2eb4afee2feb01da\" style=\"color:#00b4ce\"><strong>DEL 13 AL 16 D&#8217;ABRIL LES SESSIONS DE PORTES OBERTES TINDRAN LLOC A LES 16, 18 I 20 HORES. <\/strong><br><strong>EL DISSABTE 18 D&#8217;ABRIL LES SESSIONS TINDRAN LLOC A LES 10, 11, 12 i 13 HORES.<\/strong><\/p>\n\n\n\n<div class=\"wp-block-columns is-layout-flex wp-container-core-columns-is-layout-3 wp-block-columns-is-layout-flex\">\n<div class=\"wp-block-column is-layout-flow wp-block-column-is-layout-flow\" style=\"flex-basis:33.33%\">\n<figure class=\"wp-block-image aligncenter size-full\"><a href=\"https:\/\/agora.xtec.cat\/isvh\/wp-content\/uploads\/usu3043\/2025\/02\/ilustracion-concepto-inicio-sesion-tableta_114360-7863.jpg\"><img loading=\"lazy\" decoding=\"async\" width=\"740\" height=\"740\" src=\"https:\/\/agora.xtec.cat\/isvh\/wp-content\/uploads\/usu3043\/2025\/02\/ilustracion-concepto-inicio-sesion-tableta_114360-7863.jpg\" alt=\"\" class=\"wp-image-1621\" srcset=\"https:\/\/agora.xtec.cat\/isvh\/wp-content\/uploads\/usu3043\/2025\/02\/ilustracion-concepto-inicio-sesion-tableta_114360-7863.jpg 740w, https:\/\/agora.xtec.cat\/isvh\/wp-content\/uploads\/usu3043\/2025\/02\/ilustracion-concepto-inicio-sesion-tableta_114360-7863-300x300.jpg 300w, https:\/\/agora.xtec.cat\/isvh\/wp-content\/uploads\/usu3043\/2025\/02\/ilustracion-concepto-inicio-sesion-tableta_114360-7863-150x150.jpg 150w\" sizes=\"auto, (max-width: 740px) 100vw, 740px\" \/><\/a><\/figure>\n\n\n\n<div class=\"wp-block-buttons is-content-justification-center is-layout-flex wp-container-core-buttons-is-layout-2 wp-block-buttons-is-layout-flex\">\n<div class=\"wp-block-button\"><a class=\"wp-block-button__link has-white-color has-text-color has-background has-link-color wp-element-button\" href=\"https:\/\/forms.gle\/4rASExf7r2aBTPhX9\" style=\"background-color:#233a80\"><strong>Accedeix al formulari<\/strong><\/a><\/div>\n<\/div>\n<\/div>\n\n\n\n<div class=\"wp-block-column is-layout-flow wp-block-column-is-layout-flow\" style=\"flex-basis:66.66%\">\n<figure class=\"wp-block-table\"><table><thead><tr><th>DATA<\/th><th>CICLES FORMATIUS<\/th><\/tr><\/thead><tbody><tr><td>dilluns 13 d&#8217;abril<br>(a la tarda)<\/td><td>&#8211; CFGS Laboratori cl\u00ednic i biom\u00e8dic i doble titulaci\u00f3 (LAB+AP)<br>&#8211; CFGS Anatomia patol\u00f2gica i citodiagn\u00f2stic i doble titulaci\u00f3 (LAB+AP)<br>&#8211; PFI Auxiliar en centre sanitari<\/td><\/tr><tr><td>dimarts 14 d&#8217;abril<br>(a la tarda)<\/td><td>&#8211; CFGS Imatge per al diagn\u00f2stic i medicina nuclear<br>&#8211; CFGM Farm\u00e0cia i parafarm\u00e0cia<\/td><\/tr><tr><td>dimecres 15 d&#8217;abril<br>(a la tarda)<\/td><td>&#8211; CFGM Emerg\u00e8ncies sanit\u00e0ries<br>&#8211; CFGM Gesti\u00f3 administrativa en l&#8217;\u00e0mbit sanitari<\/td><\/tr><tr><td>dijous 16 d&#8217;abril<br>(a la tarda)<\/td><td>&#8211; CFGM Cures auxiliars d&#8217;infermeria<br>&#8211; CFGS Documentaci\u00f3 i administraci\u00f3 sanit\u00e0ries<\/td><\/tr><tr><td>dissabte 18 d&#8217;abril<br>(al mat\u00ed)<\/td><td><strong>Sessi\u00f3 a les 10:00 hores<\/strong><br>&#8211; PFI Auxiliar en centre sanitari<br><br><strong>Sessions a les 10 :00 i 12:00 hores<\/strong><br>&#8211; CFGS Documentaci\u00f3 i administraci\u00f3 sanit\u00e0ries<br>&#8211; CFGS Imatge per al diagn\u00f2stic i medicina nuclear<br>&#8211; CFGS Anatomia patol\u00f2gica i citodiagn\u00f2stic, i doble titulaci\u00f3 (LAB+AP)<br>&#8211; CFGM Cures auxiliars d&#8217;infermeria<br><br><strong>Sessions a les 11 :00 i 13:00 hores<\/strong><br>&#8211; CFGM Farm\u00e0cia i parafarm\u00e0cia<br>&#8211; CFGM Emerg\u00e8ncies sanit\u00e0ries<br>&#8211; CFGS Laboratori cl\u00ednic i biom\u00e8dic, i doble titulaci\u00f3 (LAB+AP)<\/td><\/tr><\/tbody><\/table><\/figure>\n<\/div>\n<\/div>\n\n\n\n<div class=\"wp-block-columns is-layout-flex wp-container-core-columns-is-layout-4 wp-block-columns-is-layout-flex\">\n<div class=\"wp-block-column is-layout-flow wp-block-column-is-layout-flow\" style=\"flex-basis:66.66%\">\n<p class=\"has-text-color has-link-color wp-elements-db5a27dbb0e624e23033c9e2b5003a05\" style=\"color:#00b4ce\"><strong>NO QUEDEN PLACES PER A ALGUNA DE LES SESSIONS DE PORTES OBERTES? POTS APUNTAR-TE A LA LLISTA D&#8217;ESPERA, I SI HI HA DISPONIBILITAT EN ALGUN MOMENT, ENS POSAREM EN CONTACTE AMB TU!<\/strong><\/p>\n<\/div>\n\n\n\n<div class=\"wp-block-column is-layout-flow wp-block-column-is-layout-flow\" style=\"flex-basis:33.33%\">\n<div class=\"wp-block-buttons is-content-justification-center is-layout-flex wp-container-core-buttons-is-layout-3 wp-block-buttons-is-layout-flex\">\n<div class=\"wp-block-button\"><a class=\"wp-block-button__link has-white-color has-text-color has-background has-link-color has-text-align-center wp-element-button\" href=\"https:\/\/docs.google.com\/forms\/d\/e\/1FAIpQLSf2IjUYNVR4voUdVXSNEkglQhy1RNFp6qMEWgoByJxyT_95_w\/viewform?usp=dialog\" style=\"background-color:#233a80\">FORMULARI LLISTA D&#8217;ESPERA PORTES OBERTES<\/a><\/div>\n<\/div>\n<\/div>\n<\/div>\n\n\n\n<p><\/p>\n\n\n\n<h2 class=\"wp-block-heading has-text-align-center has-text-color has-link-color wp-elements-cc28766938ed4179cfb35a00a5f740f3\" style=\"color:#233a80\">INFORMACIONS DE LA NOSTRA OFERTA EDUCATIVA 25-26<\/h2>\n\n\n\n<p><\/p>\n\n\n\n<p class=\"has-text-align-center\"><strong>Consulteu la informaci\u00f3 dels diferents cicles formatius que oferim al nostre centre! Als fulletons podr\u00e0s trobar la informaci\u00f3 sobre els m\u00f2duls, hores, sortides professionals i compet\u00e8ncies de cada cicle formatiu!<\/strong><\/p>\n\n\n\n<p><\/p>\n\n\n\n<figure class=\"wp-block-table is-style-stripes\"><table class=\"has-text-color has-link-color has-fixed-layout\" style=\"color:#00b4ce\"><thead><tr><th class=\"has-text-align-center\" data-align=\"center\">NIVELL<\/th><th>ESTUDI<\/th><th>GRUPS OFERTATS<\/th><th class=\"has-text-align-center\" data-align=\"center\">FULLET\u00d3 INFORMATIU<\/th><\/tr><\/thead><tbody><tr><td class=\"has-text-align-center\" data-align=\"center\">CFGM<\/td><td>Cures Auxiliars d&#8217;Infermeria<\/td><td>&#8211; 3 grups al mat\u00ed <br>&#8211; 3 grups a la tarda<\/td><td class=\"has-text-align-center\" data-align=\"center\"><strong><a href=\"https:\/\/drive.google.com\/file\/d\/1VsQh21xuj6HpKu-3P9FEuRdVL5CBe8WZ\/view?usp=drive_link\" data-type=\"link\" data-id=\"https:\/\/drive.google.com\/file\/d\/1VsQh21xuj6HpKu-3P9FEuRdVL5CBe8WZ\/view?usp=drive_link\" target=\"_blank\" rel=\"noreferrer noopener\">CAI<\/a><\/strong><\/td><\/tr><tr><td class=\"has-text-align-center\" data-align=\"center\">CFGM<\/td><td>Emerg\u00e8ncies Sanit\u00e0ries<\/td><td>&#8211; 1r CURS: 2 mat\u00ed + 2 tarda<br>&#8211; 2n CURS: 2 mat\u00ed + 1 tarda<\/td><td class=\"has-text-align-center\" data-align=\"center\"><strong><a href=\"https:\/\/drive.google.com\/file\/d\/1acvwF7k1Jg_CcOb5q0CllWkmKDZqmG61\/view?usp=drive_link\" data-type=\"link\" data-id=\"https:\/\/drive.google.com\/file\/d\/1acvwF7k1Jg_CcOb5q0CllWkmKDZqmG61\/view?usp=drive_link\" target=\"_blank\" rel=\"noreferrer noopener\">TES<\/a><\/strong><\/td><\/tr><tr><td class=\"has-text-align-center\" data-align=\"center\">CFGM<\/td><td>Farm\u00e0cia i parafarm\u00e0cia<\/td><td><br>&#8211; 1r CURS: 1 mat\u00ed + 1 tarda<br>&#8211; 2n CURS: 1 mat\u00ed + 1 tarda<\/td><td class=\"has-text-align-center\" data-align=\"center\"><strong><a href=\"https:\/\/drive.google.com\/file\/d\/1YrV8tPMZ0sSqLUa6uoxjm3S-Lho_Q6ow\/view?usp=drive_link\" data-type=\"link\" data-id=\"https:\/\/drive.google.com\/file\/d\/1YrV8tPMZ0sSqLUa6uoxjm3S-Lho_Q6ow\/view?usp=drive_link\" target=\"_blank\" rel=\"noreferrer noopener\">FAR<\/a><\/strong><\/td><\/tr><tr><td class=\"has-text-align-center\" data-align=\"center\">CFGM<\/td><td>Gesti\u00f3 Administrativa (\u00e0mbit sanitari)<\/td><td>&#8211; 1r CURS: 2 mat\u00ed<br>&#8211; 2n CURS: 2 tarda<\/td><td class=\"has-text-align-center\" data-align=\"center\"><strong><a href=\"https:\/\/drive.google.com\/file\/d\/1NKLai1hxsEz1mM6DeE1IPUxMrwpOb11q\/view?usp=drive_link\" data-type=\"link\" data-id=\"https:\/\/drive.google.com\/file\/d\/1NKLai1hxsEz1mM6DeE1IPUxMrwpOb11q\/view?usp=drive_link\" target=\"_blank\" rel=\"noreferrer noopener\">GA<\/a><\/strong><\/td><\/tr><tr><td class=\"has-text-align-center\" data-align=\"center\">CFGS<\/td><td>Anatomia Patol\u00f2gica i Citodiagn\u00f2stic<\/td><td>&#8211; 1r CURS: 1 tarda<br>&#8211; 2n CURS: 1 tarda<\/td><td class=\"has-text-align-center\" data-align=\"center\"><strong><a href=\"https:\/\/drive.google.com\/file\/d\/1Em2NGxySEZuXsNy7fCBaDxSWoxGXJCSD\/view?usp=drive_link\" data-type=\"link\" data-id=\"https:\/\/drive.google.com\/file\/d\/1Em2NGxySEZuXsNy7fCBaDxSWoxGXJCSD\/view?usp=drive_link\" target=\"_blank\" rel=\"noreferrer noopener\">AP<\/a><\/strong><\/td><\/tr><tr><td class=\"has-text-align-center\" data-align=\"center\">CFGS<\/td><td>Documentaci\u00f3 i Administraci\u00f3 Sanit\u00e0ries<\/td><td>&#8211; 1r CURS: 1 mat\u00ed + 1 tarda<br>&#8211; 2n CURS: 1 mat\u00ed + 1 tarda<\/td><td class=\"has-text-align-center\" data-align=\"center\"><strong><a href=\"https:\/\/drive.google.com\/file\/d\/163_qhVO9COPSH5BOSVTe_ypT6aJB3nQq\/view?usp=drive_link\" target=\"_blank\" rel=\"noreferrer noopener\">DAS<\/a><\/strong><\/td><\/tr><tr><td class=\"has-text-align-center\" data-align=\"center\">CFGS<\/td><td>Imatge per al Diagn\u00f2stic i Medicina Nuclear<\/td><td>&#8211; 1r CURS: 1 tarda<br>&#8211; 2n CURS: 1 tarda<\/td><td class=\"has-text-align-center\" data-align=\"center\"><strong><a href=\"https:\/\/drive.google.com\/file\/d\/1Jd866UESRfWKXm0xuIrBE08DCzNaQiPN\/view?usp=drive_link\">IDMN<\/a><\/strong><\/td><\/tr><tr><td class=\"has-text-align-center\" data-align=\"center\">CFGS<\/td><td>Laboratori Cl\u00ednic i Biom\u00e8dic<\/td><td>&#8211; 1r CURS: 1 mat\u00ed + 1 tarda<br>&#8211; 2n CURS: 1 mat\u00ed + 1 tarda<\/td><td class=\"has-text-align-center\" data-align=\"center\"><strong><a href=\"https:\/\/drive.google.com\/file\/d\/1Ll6wNQovDWnWBmmKwSm_LtwDtq4PDhxL\/view?usp=drive_link\">LAB<\/a><\/strong><\/td><\/tr><tr><td class=\"has-text-align-center\" data-align=\"center\">CFGS<\/td><td>DOBLE TITULACI\u00d3 &#8211; Cicles Laboratori + Anatomia (3 cursos)<\/td><td><br>&#8211; 3r CURS: 1 tarda<\/td><td class=\"has-text-align-center\" data-align=\"center\"><strong><a href=\"https:\/\/agora.xtec.cat\/isvh\/wp-content\/uploads\/usu3043\/2025\/04\/SGC_DOC15v0_Informacio_LAB-AP.pdf\" data-type=\"link\" data-id=\"https:\/\/agora.xtec.cat\/isvh\/wp-content\/uploads\/usu3043\/2025\/04\/SGC_DOC15v0_Informacio_LAB-AP.pdf\" target=\"_blank\" rel=\"noreferrer noopener\">LAB+AP<\/a><\/strong><\/td><\/tr><tr><td class=\"has-text-align-center\" data-align=\"center\">PFI<\/td><td>Auxiliar en Centres Sanitaris<\/td><td>&#8211; 2 grups al mat\u00ed <\/td><td class=\"has-text-align-center\" data-align=\"center\"><strong><a href=\"https:\/\/drive.google.com\/file\/d\/1fs-gkrm8--ogEvJD5NFaFaTgxhObLchi\/view?usp=drive_link\" target=\"_blank\" rel=\"noreferrer noopener\">ACS<\/a><\/strong><\/td><\/tr><\/tbody><\/table><\/figure>\n\n\n\n<p><\/p>\n\n\n\n<p><\/p>\n\n\n\n<hr class=\"wp-block-separator has-alpha-channel-opacity\"\/>\n\n\n\n<p><\/p>\n\n\n\n<p><\/p>\n\n\n\n<hr class=\"wp-block-separator has-alpha-channel-opacity\"\/>\n\n\n\n<p class=\"has-text-align-center has-medium-font-size\"><\/p>\n\n\n\n<p><\/p>\n\n\n\n<figure class=\"wp-block-image aligncenter size-full\"><a href=\"https:\/\/fp.edubcn.cat\/projectes-singulars\"><img loading=\"lazy\" decoding=\"async\" width=\"820\" height=\"208\" src=\"https:\/\/agora.xtec.cat\/isvh\/wp-content\/uploads\/usu3043\/2025\/02\/projectes.png\" alt=\"\" class=\"wp-image-1581\" srcset=\"https:\/\/agora.xtec.cat\/isvh\/wp-content\/uploads\/usu3043\/2025\/02\/projectes.png 820w, https:\/\/agora.xtec.cat\/isvh\/wp-content\/uploads\/usu3043\/2025\/02\/projectes-300x76.png 300w, https:\/\/agora.xtec.cat\/isvh\/wp-content\/uploads\/usu3043\/2025\/02\/projectes-768x195.png 768w\" sizes=\"auto, (max-width: 820px) 100vw, 820px\" \/><\/a><\/figure>\n\n\n\n<p><\/p>\n\n\n\n<p class=\"has-text-align-center\"><img decoding=\"async\" src=\"https:\/\/fonts.gstatic.com\/s\/e\/notoemoji\/16.0\/1f50d\/32.png\" alt=\"\ud83d\udd0d\"><img decoding=\"async\" src=\"https:\/\/fonts.gstatic.com\/s\/e\/notoemoji\/16.0\/1f4a1\/32.png\" alt=\"\ud83d\udca1\"><strong>&nbsp;Vols descobrir els&nbsp;<em>Projectes Singulars<\/em>&nbsp;que es duen a terme al nostre centre?<\/strong><\/p>\n\n\n\n<p class=\"has-text-align-center\">A la web del consorci trobar\u00e0s iniciatives innovadores on l\u2019alumnat treballa en projectes reals que connecten educaci\u00f3 i m\u00f3n laboral. Des de&nbsp;<strong>videojocs formatius per a professionals sanitaris<\/strong>&nbsp;fins a&nbsp;<strong>aparadors creatius per a farm\u00e0cies on<\/strong>&nbsp;el nostre alumnat desenvolupa compet\u00e8ncies clau en un entorn pr\u00e0ctic i col\u00b7laboratiu.<\/p>\n\n\n\n<hr class=\"wp-block-separator has-alpha-channel-opacity\"\/>\n\n\n\n<div class=\"wp-block-columns is-layout-flex wp-container-core-columns-is-layout-5 wp-block-columns-is-layout-flex\">\n<div class=\"wp-block-column is-layout-flow wp-block-column-is-layout-flow\">\n<p>Podeu consultar l&#8217;oferta educativa de la ciutat de Barcelona i del nostre centre a l&#8217;explorador dels <strong>Ensenyaments Professionalitzadors<\/strong>:<\/p>\n\n\n\n<hr class=\"wp-block-separator has-alpha-channel-opacity\"\/>\n\n\n\n<figure class=\"wp-block-image size-full is-style-rounded\"><a href=\"https:\/\/fp.edubcn.cat\/explorador\" target=\"_blank\" rel=\"noreferrer noopener\"><img loading=\"lazy\" decoding=\"async\" width=\"505\" height=\"465\" src=\"https:\/\/agora.xtec.cat\/isvh\/wp-content\/uploads\/usu3043\/2025\/01\/image-1.png\" alt=\"\" class=\"wp-image-1511\" style=\"aspect-ratio:4\/3;object-fit:cover\" srcset=\"https:\/\/agora.xtec.cat\/isvh\/wp-content\/uploads\/usu3043\/2025\/01\/image-1.png 505w, https:\/\/agora.xtec.cat\/isvh\/wp-content\/uploads\/usu3043\/2025\/01\/image-1-300x276.png 300w\" sizes=\"auto, (max-width: 505px) 100vw, 505px\" \/><\/a><\/figure>\n<\/div>\n\n\n\n<div class=\"wp-block-column is-layout-flow wp-block-column-is-layout-flow\">\n<p>El <strong>Sal\u00f3 de l&#8217;ensenyament<\/strong> es celebrar\u00e0 del <strong>26 al 30 de mar\u00e7<\/strong> a la Fira de Barcelona, trobareu tota la informaci\u00f3 aqu\u00ed:<\/p>\n\n\n\n<hr class=\"wp-block-separator has-alpha-channel-opacity\"\/>\n\n\n\n<figure class=\"wp-block-image aligncenter size-full is-resized is-style-rounded\"><a href=\"https:\/\/www.ensenyament.com\/\" target=\"_blank\" rel=\"noreferrer noopener\"><img loading=\"lazy\" decoding=\"async\" width=\"401\" height=\"491\" src=\"https:\/\/agora.xtec.cat\/isvh\/wp-content\/uploads\/usu3043\/2025\/01\/image-2.png\" alt=\"\" class=\"wp-image-1512\" style=\"width:314px;height:auto\" srcset=\"https:\/\/agora.xtec.cat\/isvh\/wp-content\/uploads\/usu3043\/2025\/01\/image-2.png 401w, https:\/\/agora.xtec.cat\/isvh\/wp-content\/uploads\/usu3043\/2025\/01\/image-2-245x300.png 245w\" sizes=\"auto, (max-width: 401px) 100vw, 401px\" \/><\/a><\/figure>\n<\/div>\n<\/div>\n\n\n\n<p><\/p>\n\n\n\n<p class=\"has-text-align-center has-text-color has-link-color has-medium-font-size wp-elements-cc1e3e0be49a3bb33a6ce5a480410455\" style=\"color:#233a80\"><strong>AVIAT TINDREM M\u00c9S INFORMACI\u00d3!!<\/strong><\/p>\n","protected":false},"excerpt":{"rendered":"<p>IMPORTANT: ACTUALMENT AQUEST CENTRE NO \u00c9S ACCESIBLE PER A PERSONES AMB PROBLEMES DE MOBILITAT, JA QUE NO DISPOSA D&#8217;ASCENSOR RESERVA LA TEVA SESSI\u00d3 DE PORTES OBERTES! Ja pots fer la reserva de les sessions de portes obertes! Prem el bot\u00f3 de sota per accedir al web del Consorci Educatiu de Barcelona de les Portes Obertes [&hellip;]<\/p>\n","protected":false},"author":1,"featured_media":0,"parent":0,"menu_order":0,"comment_status":"closed","ping_status":"close","template":"","meta":{"site-sidebar-layout":"default","site-content-layout":"","ast-site-content-layout":"default","site-content-style":"default","site-sidebar-style":"default","ast-global-header-display":"","ast-banner-title-visibility":"","ast-main-header-display":"","ast-hfb-above-header-display":"","ast-hfb-below-header-display":"","ast-hfb-mobile-header-display":"","site-post-title":"","ast-breadcrumbs-content":"","ast-featured-img":"","footer-sml-layout":"","theme-transparent-header-meta":"","adv-header-id-meta":"","stick-header-meta":"","header-above-stick-meta":"","header-main-stick-meta":"","header-below-stick-meta":"","astra-migrate-meta-layouts":"set","ast-page-background-enabled":"default","ast-page-background-meta":{"desktop":{"background-color":"var(--ast-global-color-4)","background-image":"","background-repeat":"repeat","background-position":"center center","background-size":"auto","background-attachment":"scroll","background-type":"","background-media":"","overlay-type":"","overlay-color":"","overlay-opacity":"","overlay-gradient":""},"tablet":{"background-color":"","background-image":"","background-repeat":"repeat","background-position":"center center","background-size":"auto","background-attachment":"scroll","background-type":"","background-media":"","overlay-type":"","overlay-color":"","overlay-opacity":"","overlay-gradient":""},"mobile":{"background-color":"","background-image":"","background-repeat":"repeat","background-position":"center center","background-size":"auto","background-attachment":"scroll","background-type":"","background-media":"","overlay-type":"","overlay-color":"","overlay-opacity":"","overlay-gradient":""}},"ast-content-background-meta":{"desktop":{"background-color":"var(--ast-global-color-5)","background-image":"","background-repeat":"repeat","background-position":"center center","background-size":"auto","background-attachment":"scroll","background-type":"","background-media":"","overlay-type":"","overlay-color":"","overlay-opacity":"","overlay-gradient":""},"tablet":{"background-color":"var(--ast-global-color-5)","background-image":"","background-repeat":"repeat","background-position":"center center","background-size":"auto","background-attachment":"scroll","background-type":"","background-media":"","overlay-type":"","overlay-color":"","overlay-opacity":"","overlay-gradient":""},"mobile":{"background-color":"var(--ast-global-color-5)","background-image":"","background-repeat":"repeat","background-position":"center center","background-size":"auto","background-attachment":"scroll","background-type":"","background-media":"","overlay-type":"","overlay-color":"","overlay-opacity":"","overlay-gradient":""}},"footnotes":""},"class_list":["post-1005","page","type-page","status-publish","hentry"],"post_mailing_queue_ids":[],"_links":{"self":[{"href":"https:\/\/agora.xtec.cat\/isvh\/wp-json\/wp\/v2\/pages\/1005","targetHints":{"allow":["GET"]}}],"collection":[{"href":"https:\/\/agora.xtec.cat\/isvh\/wp-json\/wp\/v2\/pages"}],"about":[{"href":"https:\/\/agora.xtec.cat\/isvh\/wp-json\/wp\/v2\/types\/page"}],"author":[{"embeddable":true,"href":"https:\/\/agora.xtec.cat\/isvh\/wp-json\/wp\/v2\/users\/1"}],"replies":[{"embeddable":true,"href":"https:\/\/agora.xtec.cat\/isvh\/wp-json\/wp\/v2\/comments?post=1005"}],"version-history":[{"count":6,"href":"https:\/\/agora.xtec.cat\/isvh\/wp-json\/wp\/v2\/pages\/1005\/revisions"}],"predecessor-version":[{"id":4171,"href":"https:\/\/agora.xtec.cat\/isvh\/wp-json\/wp\/v2\/pages\/1005\/revisions\/4171"}],"wp:attachment":[{"href":"https:\/\/agora.xtec.cat\/isvh\/wp-json\/wp\/v2\/media?parent=1005"}],"curies":[{"name":"wp","href":"https:\/\/api.w.org\/{rel}","templated":true}]}}