{"id":4412,"date":"2022-03-04T18:18:30","date_gmt":"2022-03-04T17:18:30","guid":{"rendered":"https:\/\/agora.xtec.cat\/insxaloc\/?page_id=4412"},"modified":"2026-04-29T13:59:42","modified_gmt":"2026-04-29T11:59:42","slug":"preinscripcio-i-matricula","status":"publish","type":"page","link":"https:\/\/agora.xtec.cat\/insxaloc\/secretaria\/preinscripcio-i-matricula\/","title":{"rendered":"Preinscripci\u00f3"},"content":{"rendered":"<p>Benvolgudes fam\u00edlies,<\/p>\n<p>En aquesta p\u00e0gina anirem penjant les diferents llistes sobre el proc\u00e9s de preinscripci\u00f3 i matr\u00edcula per al curs 2026 &#8211; 2027. Clicant sobre aquesta imatge teniu l&#8217;enlla\u00e7 a la p\u00e0gina web del Departament d&#8217;Educaci\u00f3 on podeu trobar tota la informaci\u00f3 sobre aquest proc\u00e9s:<\/p>\n<p><a href=\"https:\/\/preinscripcio.gencat.cat\/ca\/estudis\/eso\/inici\/\"><img loading=\"lazy\" decoding=\"async\" class=\"alignnone wp-image-5173\" src=\"https:\/\/agora.xtec.cat\/insxaloc\/wp-content\/uploads\/usu140\/2026\/03\/Preinscripcio-26-27-1024x572.png\" alt=\"\" width=\"415\" height=\"232\" srcset=\"https:\/\/agora.xtec.cat\/insxaloc\/wp-content\/uploads\/usu140\/2026\/03\/Preinscripcio-26-27-1024x572.png 1024w, https:\/\/agora.xtec.cat\/insxaloc\/wp-content\/uploads\/usu140\/2026\/03\/Preinscripcio-26-27-300x168.png 300w, https:\/\/agora.xtec.cat\/insxaloc\/wp-content\/uploads\/usu140\/2026\/03\/Preinscripcio-26-27-768x429.png 768w, https:\/\/agora.xtec.cat\/insxaloc\/wp-content\/uploads\/usu140\/2026\/03\/Preinscripcio-26-27.png 1237w\" sizes=\"auto, (max-width: 415px) 100vw, 415px\" \/><\/a><\/p>\n<ol>\n<li><a href=\"https:\/\/agora.xtec.cat\/insxaloc\/wp-content\/uploads\/usu140\/2026\/03\/Oferta-inicial-de-places-curs-26-27.pdf\">Oferta inicial de places curs 26-27<\/a><\/li>\n<li><a href=\"https:\/\/agora.xtec.cat\/insxaloc\/wp-content\/uploads\/usu140\/2026\/04\/INFORME_BAREM_PROVISIONAL_BAREM.pdf\">Obligat\u00f2ria &#8211; 2026-2027<br \/>\nPublicaci\u00f3 de la llista de sol\u00b7licituds que han demanat el centre i l&#8217;ensenyament en primera<br \/>\npetici\u00f3 amb la puntuaci\u00f3 provisional a 15\/04\/2026<\/a><\/li>\n<li><a href=\"https:\/\/agora.xtec.cat\/insxaloc\/wp-content\/uploads\/usu140\/2026\/04\/20260423_INFORME_BAREM_RESOLTES_BAREM-1.pdf\">INFORME BAREM RESOLTES LES RECLAMACIONS<\/a><\/li>\n<li><a href=\"https:\/\/agora.xtec.cat\/insxaloc\/wp-content\/uploads\/usu140\/2026\/04\/20260429_INFORME_BAREM_DEFINITIU_BAREM-1.pdf\">INFORME BAREM DEFINITIU<\/a><\/li>\n<\/ol>\n","protected":false},"excerpt":{"rendered":"<p>Benvolgudes fam\u00edlies, En aquesta p\u00e0gina anirem penjant les diferents llistes sobre el proc\u00e9s de preinscripci\u00f3 i matr\u00edcula per al curs 2026 &#8211; 2027. Clicant sobre aquesta imatge teniu l&#8217;enlla\u00e7 a la p\u00e0gina web del Departament d&#8217;Educaci\u00f3 on podeu trobar tota la informaci\u00f3 sobre aquest proc\u00e9s: Oferta inicial de places curs 26-27 Obligat\u00f2ria &#8211; 2026-2027 Publicaci\u00f3 [&hellip;]<\/p>\n","protected":false},"author":4,"featured_media":0,"parent":81,"menu_order":0,"comment_status":"closed","ping_status":"closed","template":"","meta":{"_bbp_topic_count":0,"_bbp_reply_count":0,"_bbp_total_topic_count":0,"_bbp_total_reply_count":0,"_bbp_voice_count":0,"_bbp_anonymous_reply_count":0,"_bbp_topic_count_hidden":0,"_bbp_reply_count_hidden":0,"_bbp_forum_subforum_count":0,"site-sidebar-layout":"default","site-content-layout":"","ast-site-content-layout":"default","site-content-style":"default","site-sidebar-style":"default","ast-global-header-display":"","ast-banner-title-visibility":"","ast-main-header-display":"","ast-hfb-above-header-display":"","ast-hfb-below-header-display":"","ast-hfb-mobile-header-display":"","site-post-title":"","ast-breadcrumbs-content":"","ast-featured-img":"","footer-sml-layout":"","theme-transparent-header-meta":"default","adv-header-id-meta":"","stick-header-meta":"","header-above-stick-meta":"","header-main-stick-meta":"","header-below-stick-meta":"","astra-migrate-meta-layouts":"set","ast-page-background-enabled":"default","ast-page-background-meta":{"desktop":{"background-color":"var(--ast-global-color-4)","background-image":"","background-repeat":"repeat","background-position":"center center","background-size":"auto","background-attachment":"scroll","background-type":"","background-media":"","overlay-type":"","overlay-color":"","overlay-opacity":"","overlay-gradient":""},"tablet":{"background-color":"","background-image":"","background-repeat":"repeat","background-position":"center center","background-size":"auto","background-attachment":"scroll","background-type":"","background-media":"","overlay-type":"","overlay-color":"","overlay-opacity":"","overlay-gradient":""},"mobile":{"background-color":"","background-image":"","background-repeat":"repeat","background-position":"center center","background-size":"auto","background-attachment":"scroll","background-type":"","background-media":"","overlay-type":"","overlay-color":"","overlay-opacity":"","overlay-gradient":""}},"ast-content-background-meta":{"desktop":{"background-color":"var(--ast-global-color-5)","background-image":"","background-repeat":"repeat","background-position":"center center","background-size":"auto","background-attachment":"scroll","background-type":"","background-media":"","overlay-type":"","overlay-color":"","overlay-opacity":"","overlay-gradient":""},"tablet":{"background-color":"var(--ast-global-color-5)","background-image":"","background-repeat":"repeat","background-position":"center center","background-size":"auto","background-attachment":"scroll","background-type":"","background-media":"","overlay-type":"","overlay-color":"","overlay-opacity":"","overlay-gradient":""},"mobile":{"background-color":"var(--ast-global-color-5)","background-image":"","background-repeat":"repeat","background-position":"center center","background-size":"auto","background-attachment":"scroll","background-type":"","background-media":"","overlay-type":"","overlay-color":"","overlay-opacity":"","overlay-gradient":""}},"footnotes":""},"class_list":["post-4412","page","type-page","status-publish","hentry"],"post_mailing_queue_ids":[],"_links":{"self":[{"href":"https:\/\/agora.xtec.cat\/insxaloc\/wp-json\/wp\/v2\/pages\/4412","targetHints":{"allow":["GET"]}}],"collection":[{"href":"https:\/\/agora.xtec.cat\/insxaloc\/wp-json\/wp\/v2\/pages"}],"about":[{"href":"https:\/\/agora.xtec.cat\/insxaloc\/wp-json\/wp\/v2\/types\/page"}],"author":[{"embeddable":true,"href":"https:\/\/agora.xtec.cat\/insxaloc\/wp-json\/wp\/v2\/users\/4"}],"replies":[{"embeddable":true,"href":"https:\/\/agora.xtec.cat\/insxaloc\/wp-json\/wp\/v2\/comments?post=4412"}],"version-history":[{"count":8,"href":"https:\/\/agora.xtec.cat\/insxaloc\/wp-json\/wp\/v2\/pages\/4412\/revisions"}],"predecessor-version":[{"id":5200,"href":"https:\/\/agora.xtec.cat\/insxaloc\/wp-json\/wp\/v2\/pages\/4412\/revisions\/5200"}],"up":[{"embeddable":true,"href":"https:\/\/agora.xtec.cat\/insxaloc\/wp-json\/wp\/v2\/pages\/81"}],"wp:attachment":[{"href":"https:\/\/agora.xtec.cat\/insxaloc\/wp-json\/wp\/v2\/media?parent=4412"}],"curies":[{"name":"wp","href":"https:\/\/api.w.org\/{rel}","templated":true}]}}