{"id":9,"date":"2023-09-06T10:15:01","date_gmt":"2023-09-06T08:15:01","guid":{"rendered":"http:\/\/agora.xtec.cat\/iesvoltrera\/?page_id=9"},"modified":"2026-04-17T16:44:59","modified_gmt":"2026-04-17T14:44:59","slug":"pagina-dinici-buida","status":"publish","type":"page","link":"https:\/\/agora.xtec.cat\/insvoltrera\/","title":{"rendered":"Inici"},"content":{"rendered":"<h3 style=\"text-align: center;\"><a href=\"https:\/\/agora.xtec.cat\/insvoltrera\/preinscripcio-matricula-eso\/\" target=\"_blank\" rel=\"noopener\"><img loading=\"lazy\" decoding=\"async\" class=\"alignnone wp-image-4919\" src=\"https:\/\/agora.xtec.cat\/insvoltrera\/wp-content\/uploads\/usu2424\/2026\/02\/Banner_Preinscripcio_2026_2027-1024x200.jpg\" alt=\"\" width=\"1075\" height=\"210\" srcset=\"https:\/\/agora.xtec.cat\/insvoltrera\/wp-content\/uploads\/usu2424\/2026\/02\/Banner_Preinscripcio_2026_2027-1024x200.jpg 1024w, https:\/\/agora.xtec.cat\/insvoltrera\/wp-content\/uploads\/usu2424\/2026\/02\/Banner_Preinscripcio_2026_2027-300x59.jpg 300w, https:\/\/agora.xtec.cat\/insvoltrera\/wp-content\/uploads\/usu2424\/2026\/02\/Banner_Preinscripcio_2026_2027-768x150.jpg 768w, https:\/\/agora.xtec.cat\/insvoltrera\/wp-content\/uploads\/usu2424\/2026\/02\/Banner_Preinscripcio_2026_2027-1536x301.jpg 1536w, https:\/\/agora.xtec.cat\/insvoltrera\/wp-content\/uploads\/usu2424\/2026\/02\/Banner_Preinscripcio_2026_2027.jpg 1900w\" sizes=\"auto, (max-width: 1075px) 100vw, 1075px\" \/><\/a><\/h3>\n<h3 style=\"background-color: #f26b50; text-align: center; text-color: white;\"><strong><a href=\"https:\/\/agora.xtec.cat\/insvoltrera\/circular-families-3a-aval-i-final-de-curs\/\" target=\"_blank\" rel=\"noopener\">Circulars Fam\u00edlies 3a Avaluaci\u00f3 i Final curs<\/a><\/strong><\/h3>\n<h3 style=\"background-color: #f0e9b6; text-align: center;\"><strong>Proc\u00e8s de Preinscripci\u00f3<\/strong><\/h3>\n<h3 style=\"background-color: #b3d9ff; text-align: center;\"><strong><a href=\"https:\/\/agora.xtec.cat\/insvoltrera\/preinscripcio-matricula-eso\/\" target=\"_blank\" rel=\"noopener\">Educaci\u00f3 Secund\u00e0ria Obligat\u00f2ria (ESO)<\/a><\/strong><\/h3>\n<h3 style=\"background-color: #ffe6ff; text-align: center;\"><strong><a href=\"https:\/\/agora.xtec.cat\/insvoltrera\/preinscripcio-matricula-batx\/\" target=\"_blank\" rel=\"noopener\">Educaci\u00f3 Secund\u00e0ria Post Obligat\u00f2ria: Batxillerat<\/a><\/strong><\/h3>\n<h3 style=\"background-color: #5ee9b5; text-align: center;\"><strong><a href=\"https:\/\/agora.xtec.cat\/insvoltrera\/secretaria\/beques-per-alumnat-de-batxillerat\/\" target=\"_blank\" rel=\"noopener\">Beques per als ensenyaments post-obligatoris<\/a><\/strong><\/h3>\n","protected":false},"excerpt":{"rendered":"<p><a href=\"https:\/\/agora.xtec.cat\/insvoltrera\/preinscripcio-matricula-eso\/\" target=\"_blank\" rel=\"noopener\"><\/a><br \/>\n<a href=\"https:\/\/agora.xtec.cat\/insvoltrera\/circular-families-3a-aval-i-final-de-curs\/\" target=\"_blank\" rel=\"noopener\">Circulars Fam\u00edlies 3a Avaluaci\u00f3 i Final curs<\/a><br \/>\nProc\u00e8s de Preinscripci\u00f3<br \/>\n<a href=\"https:\/\/agora.xtec.cat\/insvoltrera\/preinscripcio-matricula-eso\/\" target=\"_blank\" rel=\"noopener\">Educaci\u00f3 Secund\u00e0ria Obligat\u00f2ria (ESO)<\/a><br \/>\n<a href=\"https:\/\/agora.xtec.cat\/insvoltrera\/preinscripcio-matricula-batx\/\" target=\"_blank\" rel=\"noopener\">Educaci\u00f3 Secund\u00e0ria Post Obligat\u00f2ria: Batxillerat<\/a><br \/>\n<a href=\"https:\/\/agora.xtec.cat\/insvoltrera\/secretaria\/beques-per-alumnat-de-batxillerat\/\" target=\"_blank\" rel=\"noopener\">Beques per als ensenyaments post-obligatoris<\/a><\/p>\n","protected":false},"author":1,"featured_media":0,"parent":7,"menu_order":0,"comment_status":"closed","ping_status":"closed","template":"page-templates\/front-page.php","meta":{"_bbp_topic_count":0,"_bbp_reply_count":0,"_bbp_total_topic_count":0,"_bbp_total_reply_count":0,"_bbp_voice_count":0,"_bbp_anonymous_reply_count":0,"_bbp_topic_count_hidden":0,"_bbp_reply_count_hidden":0,"_bbp_forum_subforum_count":0,"footnotes":""},"class_list":["post-9","page","type-page","status-publish","hentry"],"post_mailing_queue_ids":[],"_links":{"self":[{"href":"https:\/\/agora.xtec.cat\/insvoltrera\/wp-json\/wp\/v2\/pages\/9","targetHints":{"allow":["GET"]}}],"collection":[{"href":"https:\/\/agora.xtec.cat\/insvoltrera\/wp-json\/wp\/v2\/pages"}],"about":[{"href":"https:\/\/agora.xtec.cat\/insvoltrera\/wp-json\/wp\/v2\/types\/page"}],"author":[{"embeddable":true,"href":"https:\/\/agora.xtec.cat\/insvoltrera\/wp-json\/wp\/v2\/users\/1"}],"replies":[{"embeddable":true,"href":"https:\/\/agora.xtec.cat\/insvoltrera\/wp-json\/wp\/v2\/comments?post=9"}],"version-history":[{"count":8,"href":"https:\/\/agora.xtec.cat\/insvoltrera\/wp-json\/wp\/v2\/pages\/9\/revisions"}],"predecessor-version":[{"id":5061,"href":"https:\/\/agora.xtec.cat\/insvoltrera\/wp-json\/wp\/v2\/pages\/9\/revisions\/5061"}],"up":[{"embeddable":true,"href":"https:\/\/agora.xtec.cat\/insvoltrera\/wp-json\/wp\/v2\/pages\/7"}],"wp:attachment":[{"href":"https:\/\/agora.xtec.cat\/insvoltrera\/wp-json\/wp\/v2\/media?parent=9"}],"curies":[{"name":"wp","href":"https:\/\/api.w.org\/{rel}","templated":true}]}}

<h3 style="text-align: center;"><a href="https://agora.xtec.cat/insvoltrera/preinscripcio-matricula-eso/" target="_blank" rel="noopener"><img loading="lazy" decoding="async" class="alignnone wp-image-4919" src="https://agora.xtec.cat/insvoltrera/wp-content/uploads/usu2424/2026/02/Banner_Preinscripcio_2026_2027-1024x200.jpg" alt="" width="1075" height="210" srcset="https://agora.xtec.cat/insvoltrera/wp-content/uploads/usu2424/2026/02/Banner_Preinscripcio_2026_2027-1024x200.jpg 1024w, https://agora.xtec.cat/insvoltrera/wp-content/uploads/usu2424/2026/02/Banner_Preinscripcio_2026_2027-300x59.jpg 300w, https://agora.xtec.cat/insvoltrera/wp-content/uploads/usu2424/2026/02/Banner_Preinscripcio_2026_2027-768x150.jpg 768w, https://agora.xtec.cat/insvoltrera/wp-content/uploads/usu2424/2026/02/Banner_Preinscripcio_2026_2027-1536x301.jpg 1536w, https://agora.xtec.cat/insvoltrera/wp-content/uploads/usu2424/2026/02/Banner_Preinscripcio_2026_2027.jpg 1900w" sizes="auto, (max-width: 1075px) 100vw, 1075px" /></a></h3>
<h3 style="background-color: #f26b50; text-align: center; text-color: white;"><strong><a href="https://agora.xtec.cat/insvoltrera/circular-families-3a-aval-i-final-de-curs/" target="_blank" rel="noopener">Circulars Famílies 3a Avaluació i Final curs</a></strong></h3>
<h3 style="background-color: #f0e9b6; text-align: center;"><strong>Procès de Preinscripció</strong></h3>
<h3 style="background-color: #b3d9ff; text-align: center;"><strong><a href="https://agora.xtec.cat/insvoltrera/preinscripcio-matricula-eso/" target="_blank" rel="noopener">Educació Secundària Obligatòria (ESO)</a></strong></h3>
<h3 style="background-color: #ffe6ff; text-align: center;"><strong><a href="https://agora.xtec.cat/insvoltrera/preinscripcio-matricula-batx/" target="_blank" rel="noopener">Educació Secundària Post Obligatòria: Batxillerat</a></strong></h3>
<h3 style="background-color: #5ee9b5; text-align: center;"><strong><a href="https://agora.xtec.cat/insvoltrera/secretaria/beques-per-alumnat-de-batxillerat/" target="_blank" rel="noopener">Beques per als ensenyaments post-obligatoris</a></strong></h3>

<p><a href="https://agora.xtec.cat/insvoltrera/preinscripcio-matricula-eso/" target="_blank" rel="noopener"></a><br />
<a href="https://agora.xtec.cat/insvoltrera/circular-families-3a-aval-i-final-de-curs/" target="_blank" rel="noopener">Circulars Famílies 3a Avaluació i Final curs</a><br />
Procès de Preinscripció<br />
<a href="https://agora.xtec.cat/insvoltrera/preinscripcio-matricula-eso/" target="_blank" rel="noopener">Educació Secundària Obligatòria (ESO)</a><br />
<a href="https://agora.xtec.cat/insvoltrera/preinscripcio-matricula-batx/" target="_blank" rel="noopener">Educació Secundària Post Obligatòria: Batxillerat</a><br />
<a href="https://agora.xtec.cat/insvoltrera/secretaria/beques-per-alumnat-de-batxillerat/" target="_blank" rel="noopener">Beques per als ensenyaments post-obligatoris</a></p>
