{"id":75,"date":"2014-09-18T10:21:02","date_gmt":"2014-09-18T09:21:02","guid":{"rendered":"http:\/\/agora.xtec.cat\/iesvoltrera\/?page_id=75"},"modified":"2021-09-12T22:15:39","modified_gmt":"2021-09-12T20:15:39","slug":"activitats-extraescolars","status":"publish","type":"page","link":"https:\/\/agora.xtec.cat\/insvoltrera\/serveis\/activitats-extraescolars\/","title":{"rendered":"Activitats extraescolars"},"content":{"rendered":"<p>Solta l&#8217;objectiu de potenciar els idiomes estrangers, l&#8217;AMPA organitza una <strong>activitat extraescolar d&#8217;angl\u00e8s<\/strong> dirigida per l&#8217;acad\u00e8mia <strong>EIRE<\/strong> d&#8217;Abrera.<\/p>\n<p>Des de l&#8217;Ampa i amb la col\u00b7laboraci\u00f3 de\u00a0 l&#8217;Acad\u00e8mia Gaud\u00ed proposem el seg\u00fcent taller de refor\u00e7 pels alumnes\u00a0 de 1\u00b0 a 4 \u00b0d&#8217;ESO<\/p>\n<p><a href=\"https:\/\/www.ampaiesvoltrera.es\/441473436\">VEURE ACTIVITATS<\/a><\/p>\n<p>&nbsp;<\/p>\n","protected":false},"excerpt":{"rendered":"<p>Solta l&#8217;objectiu de potenciar els idiomes estrangers, l&#8217;AMPA organitza una activitat extraescolar d&#8217;angl\u00e8s dirigida per l&#8217;acad\u00e8mia EIRE d&#8217;Abrera.<br \/>\nDes de l&#8217;Ampa i amb la col\u00b7laboraci\u00f3 de\u00a0 l&#8217;Acad\u00e8mia Gaud\u00ed proposem el seg\u00fcent taller de refor\u00e7 pels alumnes\u00a0 de 1\u00b0 a 4 \u00b0d&#8217;ESO<br \/>\n<a href=\"https:\/\/www.ampaiesvoltrera.es\/441473436\">VEURE ACTIVITATS<\/a><br \/>\n&nbsp;<\/p>\n","protected":false},"author":1,"featured_media":0,"parent":63,"menu_order":40,"comment_status":"closed","ping_status":"closed","template":"page-templates\/side-menu.php","meta":{"_bbp_topic_count":0,"_bbp_reply_count":0,"_bbp_total_topic_count":0,"_bbp_total_reply_count":0,"_bbp_voice_count":0,"_bbp_anonymous_reply_count":0,"_bbp_topic_count_hidden":0,"_bbp_reply_count_hidden":0,"_bbp_forum_subforum_count":0,"footnotes":""},"class_list":["post-75","page","type-page","status-publish","hentry"],"post_mailing_queue_ids":[],"_links":{"self":[{"href":"https:\/\/agora.xtec.cat\/insvoltrera\/wp-json\/wp\/v2\/pages\/75","targetHints":{"allow":["GET"]}}],"collection":[{"href":"https:\/\/agora.xtec.cat\/insvoltrera\/wp-json\/wp\/v2\/pages"}],"about":[{"href":"https:\/\/agora.xtec.cat\/insvoltrera\/wp-json\/wp\/v2\/types\/page"}],"author":[{"embeddable":true,"href":"https:\/\/agora.xtec.cat\/insvoltrera\/wp-json\/wp\/v2\/users\/1"}],"replies":[{"embeddable":true,"href":"https:\/\/agora.xtec.cat\/insvoltrera\/wp-json\/wp\/v2\/comments?post=75"}],"version-history":[{"count":3,"href":"https:\/\/agora.xtec.cat\/insvoltrera\/wp-json\/wp\/v2\/pages\/75\/revisions"}],"predecessor-version":[{"id":1460,"href":"https:\/\/agora.xtec.cat\/insvoltrera\/wp-json\/wp\/v2\/pages\/75\/revisions\/1460"}],"up":[{"embeddable":true,"href":"https:\/\/agora.xtec.cat\/insvoltrera\/wp-json\/wp\/v2\/pages\/63"}],"wp:attachment":[{"href":"https:\/\/agora.xtec.cat\/insvoltrera\/wp-json\/wp\/v2\/media?parent=75"}],"curies":[{"name":"wp","href":"https:\/\/api.w.org\/{rel}","templated":true}]}}

<p>Solta l&#8217;objectiu de potenciar els idiomes estrangers, l&#8217;AMPA organitza una <strong>activitat extraescolar d&#8217;anglès</strong> dirigida per l&#8217;acadèmia <strong>EIRE</strong> d&#8217;Abrera.</p>
<p>Des de l&#8217;Ampa i amb la col·laboració de  l&#8217;Acadèmia Gaudí proposem el següent taller de reforç pels alumnes  de 1° a 4 °d&#8217;ESO</p>
<p><a href="https://www.ampaiesvoltrera.es/441473436">VEURE ACTIVITATS</a></p>
<p>&nbsp;</p>

<p>Solta l&#8217;objectiu de potenciar els idiomes estrangers, l&#8217;AMPA organitza una activitat extraescolar d&#8217;anglès dirigida per l&#8217;acadèmia EIRE d&#8217;Abrera.<br />
Des de l&#8217;Ampa i amb la col·laboració de  l&#8217;Acadèmia Gaudí proposem el següent taller de reforç pels alumnes  de 1° a 4 °d&#8217;ESO<br />
<a href="https://www.ampaiesvoltrera.es/441473436">VEURE ACTIVITATS</a><br />
&nbsp;</p>
