{"id":715,"date":"2020-12-21T13:27:11","date_gmt":"2020-12-21T12:27:11","guid":{"rendered":"https:\/\/agora.xtec.cat\/insvoltrera\/?page_id=715"},"modified":"2021-07-05T17:12:49","modified_gmt":"2021-07-05T15:12:49","slug":"aquiproubilling","status":"publish","type":"page","link":"https:\/\/agora.xtec.cat\/insvoltrera\/projectes\/aquiproubilling\/","title":{"rendered":"#aquiproubullying"},"content":{"rendered":"<p>&nbsp;<\/p>\n<p>El programa <strong>#aquiproubullying<\/strong>, \u00e9s un Programa d&#8217;Innovaci\u00f3 Educativa, que posa a l\u2019abast dels centres la formaci\u00f3, estrat\u00e8gies i recursos necessaris per elaborar un projecte de prevenci\u00f3, detecci\u00f3 i intervenci\u00f3 davant l\u2019assetjament amb la participaci\u00f3 de tota la comunitat escolar, especialment de l\u2019alumnat qui actuar\u00e0 com observador i agent actiu i comprom\u00e8s en la lluita contra l\u2019assetjament alhora que adquireix les actituds i els valors propis de la compet\u00e8ncia social i ciutadana.<\/p>\n<p>Al Curs 2018-2019 va ser aprovat per Consell Escolar &#8211; 11 juliol 2018, el seg\u00fcent document.<\/p>\n<p><a href=\"https:\/\/agora.xtec.cat\/insvoltrera\/wp-content\/uploads\/usu2424\/2020\/12\/projecte_apb.pdf\" target=\"_blank\" rel=\"noopener noreferrer\"><strong>PROJECTE<\/strong><\/a><\/p>\n<p>M\u00e9s informaci\u00f3 a la p\u00e0gina de Gencat: <a href=\"http:\/\/xtec.gencat.cat\/ca\/centres\/projeducatiu\/convivencia\/aquiproubullying\/\">http:\/\/xtec.gencat.cat\/ca\/centres\/projeducatiu\/convivencia\/aquiproubullying\/<\/a><\/p>\n<p><a href=\"https:\/\/agora.xtec.cat\/insvoltrera\/wp-content\/uploads\/usu2424\/2021\/07\/diploma_internetSegura-1.jpg\"><img loading=\"lazy\" decoding=\"async\" class=\"alignnone size-large wp-image-1253\" src=\"https:\/\/agora.xtec.cat\/insvoltrera\/wp-content\/uploads\/usu2424\/2021\/07\/diploma_internetSegura-1-1024x676.jpg\" alt=\"\" width=\"1024\" height=\"676\" srcset=\"https:\/\/agora.xtec.cat\/insvoltrera\/wp-content\/uploads\/usu2424\/2021\/07\/diploma_internetSegura-1-1024x676.jpg 1024w, https:\/\/agora.xtec.cat\/insvoltrera\/wp-content\/uploads\/usu2424\/2021\/07\/diploma_internetSegura-1-300x198.jpg 300w, https:\/\/agora.xtec.cat\/insvoltrera\/wp-content\/uploads\/usu2424\/2021\/07\/diploma_internetSegura-1-768x507.jpg 768w, https:\/\/agora.xtec.cat\/insvoltrera\/wp-content\/uploads\/usu2424\/2021\/07\/diploma_internetSegura-1.jpg 1211w\" sizes=\"auto, (max-width: 1024px) 100vw, 1024px\" \/><\/a><\/p>\n","protected":false},"excerpt":{"rendered":"<p>&nbsp;<br \/>\nEl programa #aquiproubullying, \u00e9s un Programa d&#8217;Innovaci\u00f3 Educativa, que posa a l\u2019abast dels centres la formaci\u00f3, estrat\u00e8gies i recursos necessaris per elaborar un projecte de prevenci\u00f3, detecci\u00f3 i intervenci\u00f3 davant l\u2019assetjament amb la participaci\u00f3 de tota la comunitat escolar, especialment de l\u2019alumnat qui actuar\u00e0 com&hellip;  <a href=\"https:\/\/agora.xtec.cat\/insvoltrera\/projectes\/aquiproubilling\/\" title=\"Read #aquiproubullying\">Llegeix m\u00e9s\u00bb<\/a><\/p>\n","protected":false},"author":4,"featured_media":0,"parent":634,"menu_order":0,"comment_status":"closed","ping_status":"closed","template":"page-templates\/side-menu.php","meta":{"_bbp_topic_count":0,"_bbp_reply_count":0,"_bbp_total_topic_count":0,"_bbp_total_reply_count":0,"_bbp_voice_count":0,"_bbp_anonymous_reply_count":0,"_bbp_topic_count_hidden":0,"_bbp_reply_count_hidden":0,"_bbp_forum_subforum_count":0,"footnotes":""},"class_list":["post-715","page","type-page","status-publish","hentry"],"post_mailing_queue_ids":[],"_links":{"self":[{"href":"https:\/\/agora.xtec.cat\/insvoltrera\/wp-json\/wp\/v2\/pages\/715","targetHints":{"allow":["GET"]}}],"collection":[{"href":"https:\/\/agora.xtec.cat\/insvoltrera\/wp-json\/wp\/v2\/pages"}],"about":[{"href":"https:\/\/agora.xtec.cat\/insvoltrera\/wp-json\/wp\/v2\/types\/page"}],"author":[{"embeddable":true,"href":"https:\/\/agora.xtec.cat\/insvoltrera\/wp-json\/wp\/v2\/users\/4"}],"replies":[{"embeddable":true,"href":"https:\/\/agora.xtec.cat\/insvoltrera\/wp-json\/wp\/v2\/comments?post=715"}],"version-history":[{"count":3,"href":"https:\/\/agora.xtec.cat\/insvoltrera\/wp-json\/wp\/v2\/pages\/715\/revisions"}],"predecessor-version":[{"id":1254,"href":"https:\/\/agora.xtec.cat\/insvoltrera\/wp-json\/wp\/v2\/pages\/715\/revisions\/1254"}],"up":[{"embeddable":true,"href":"https:\/\/agora.xtec.cat\/insvoltrera\/wp-json\/wp\/v2\/pages\/634"}],"wp:attachment":[{"href":"https:\/\/agora.xtec.cat\/insvoltrera\/wp-json\/wp\/v2\/media?parent=715"}],"curies":[{"name":"wp","href":"https:\/\/api.w.org\/{rel}","templated":true}]}}

<p>&nbsp;</p>
<p>El programa <strong>#aquiproubullying</strong>, és un Programa d&#8217;Innovació Educativa, que posa a l’abast dels centres la formació, estratègies i recursos necessaris per elaborar un projecte de prevenció, detecció i intervenció davant l’assetjament amb la participació de tota la comunitat escolar, especialment de l’alumnat qui actuarà com observador i agent actiu i compromès en la lluita contra l’assetjament alhora que adquireix les actituds i els valors propis de la competència social i ciutadana.</p>
<p>Al Curs 2018-2019 va ser aprovat per Consell Escolar &#8211; 11 juliol 2018, el següent document.</p>
<p><a href="https://agora.xtec.cat/insvoltrera/wp-content/uploads/usu2424/2020/12/projecte_apb.pdf" target="_blank" rel="noopener noreferrer"><strong>PROJECTE</strong></a></p>
<p>Més informació a la pàgina de Gencat: <a href="http://xtec.gencat.cat/ca/centres/projeducatiu/convivencia/aquiproubullying/">http://xtec.gencat.cat/ca/centres/projeducatiu/convivencia/aquiproubullying/</a></p>
<p><a href="https://agora.xtec.cat/insvoltrera/wp-content/uploads/usu2424/2021/07/diploma_internetSegura-1.jpg"><img loading="lazy" decoding="async" class="alignnone size-large wp-image-1253" src="https://agora.xtec.cat/insvoltrera/wp-content/uploads/usu2424/2021/07/diploma_internetSegura-1-1024x676.jpg" alt="" width="1024" height="676" srcset="https://agora.xtec.cat/insvoltrera/wp-content/uploads/usu2424/2021/07/diploma_internetSegura-1-1024x676.jpg 1024w, https://agora.xtec.cat/insvoltrera/wp-content/uploads/usu2424/2021/07/diploma_internetSegura-1-300x198.jpg 300w, https://agora.xtec.cat/insvoltrera/wp-content/uploads/usu2424/2021/07/diploma_internetSegura-1-768x507.jpg 768w, https://agora.xtec.cat/insvoltrera/wp-content/uploads/usu2424/2021/07/diploma_internetSegura-1.jpg 1211w" sizes="auto, (max-width: 1024px) 100vw, 1024px" /></a></p>

<p>&nbsp;<br />
El programa #aquiproubullying, és un Programa d&#8217;Innovació Educativa, que posa a l’abast dels centres la formació, estratègies i recursos necessaris per elaborar un projecte de prevenció, detecció i intervenció davant l’assetjament amb la participació de tota la comunitat escolar, especialment de l’alumnat qui actuarà com&hellip;  <a href="https://agora.xtec.cat/insvoltrera/projectes/aquiproubilling/" title="Read #aquiproubullying">Llegeix més»</a></p>
