{"id":634,"date":"2020-12-16T17:40:34","date_gmt":"2020-12-16T16:40:34","guid":{"rendered":"https:\/\/agora.xtec.cat\/insvoltrera\/?page_id=634"},"modified":"2023-03-31T17:00:47","modified_gmt":"2023-03-31T15:00:47","slug":"projectes","status":"publish","type":"page","link":"https:\/\/agora.xtec.cat\/insvoltrera\/projectes\/","title":{"rendered":"Projectes"},"content":{"rendered":"<p><span style=\"color: #333333; font-family: verdana;\">A l&#8217;institut Voltrera es valora l\u2019esfor\u00e7, l\u2019exig\u00e8ncia, la innovaci\u00f3 i l\u2019obertura a nous projectes. Som un centre p\u00fablic, catal\u00e0, en canvi constant per a millorar la nostra oferta educativa.<\/span><\/p>\n<p><span style=\"color: #333333; font-family: verdana;\">Entenem l\u2019educaci\u00f3 com a un proc\u00e9s de formaci\u00f3 integral de la persona, tant en els aspectes intel\u00b7lectuals com afectius, socials i morals.<\/span><\/p>\n<p><span style=\"color: #333333; font-family: verdana;\">Alguns dels projectes que col\u00b7laboren en proc\u00e9s de formaci\u00f3 s\u00f3n:<\/span><\/p>\n<ul style=\"list-style-type: circle;\">\n<li><a href=\"https:\/\/agora.xtec.cat\/insvoltrera\/projectes\/revista-del-centre\/\"><span style=\"color: #3366ff;\">La revista del centre: X-clusiva<\/span><\/a><\/li>\n<li><a href=\"https:\/\/agora.xtec.cat\/insvoltrera\/projectes\/aquiproubilling\/\"><span style=\"color: #3366ff;\">Programa #Aqu\u00edProuBulling<\/span><\/a><\/li>\n<li><a href=\"https:\/\/agora.xtec.cat\/insvoltrera\/categoria\/intercanviberlin\/\"><span style=\"color: #3366ff;\">Intercanvi a Berlin<\/span><\/a><\/li>\n<\/ul>\n<p>&nbsp;<\/p>\n","protected":false},"excerpt":{"rendered":"<p>A l&#8217;institut Voltrera es valora l\u2019esfor\u00e7, l\u2019exig\u00e8ncia, la innovaci\u00f3 i l\u2019obertura a nous projectes. Som un centre p\u00fablic, catal\u00e0, en canvi constant per a millorar la nostra oferta educativa.<br \/>\nEntenem l\u2019educaci\u00f3 com a un proc\u00e9s de formaci\u00f3 integral de la persona, tant en els aspectes intel\u00b7lectuals&hellip;  <a href=\"https:\/\/agora.xtec.cat\/insvoltrera\/projectes\/\" title=\"Read Projectes\">Llegeix m\u00e9s\u00bb<\/a><\/p>\n","protected":false},"author":3,"featured_media":0,"parent":0,"menu_order":0,"comment_status":"closed","ping_status":"closed","template":"page-templates\/side-menu.php","meta":{"_bbp_topic_count":0,"_bbp_reply_count":0,"_bbp_total_topic_count":0,"_bbp_total_reply_count":0,"_bbp_voice_count":0,"_bbp_anonymous_reply_count":0,"_bbp_topic_count_hidden":0,"_bbp_reply_count_hidden":0,"_bbp_forum_subforum_count":0,"footnotes":""},"class_list":["post-634","page","type-page","status-publish","hentry"],"post_mailing_queue_ids":[],"_links":{"self":[{"href":"https:\/\/agora.xtec.cat\/insvoltrera\/wp-json\/wp\/v2\/pages\/634","targetHints":{"allow":["GET"]}}],"collection":[{"href":"https:\/\/agora.xtec.cat\/insvoltrera\/wp-json\/wp\/v2\/pages"}],"about":[{"href":"https:\/\/agora.xtec.cat\/insvoltrera\/wp-json\/wp\/v2\/types\/page"}],"author":[{"embeddable":true,"href":"https:\/\/agora.xtec.cat\/insvoltrera\/wp-json\/wp\/v2\/users\/3"}],"replies":[{"embeddable":true,"href":"https:\/\/agora.xtec.cat\/insvoltrera\/wp-json\/wp\/v2\/comments?post=634"}],"version-history":[{"count":4,"href":"https:\/\/agora.xtec.cat\/insvoltrera\/wp-json\/wp\/v2\/pages\/634\/revisions"}],"predecessor-version":[{"id":2691,"href":"https:\/\/agora.xtec.cat\/insvoltrera\/wp-json\/wp\/v2\/pages\/634\/revisions\/2691"}],"wp:attachment":[{"href":"https:\/\/agora.xtec.cat\/insvoltrera\/wp-json\/wp\/v2\/media?parent=634"}],"curies":[{"name":"wp","href":"https:\/\/api.w.org\/{rel}","templated":true}]}}

<p><span style="color: #333333; font-family: verdana;">A l&#8217;institut Voltrera es valora l’esforç, l’exigència, la innovació i l’obertura a nous projectes. Som un centre públic, català, en canvi constant per a millorar la nostra oferta educativa.</span></p>
<p><span style="color: #333333; font-family: verdana;">Entenem l’educació com a un procés de formació integral de la persona, tant en els aspectes intel·lectuals com afectius, socials i morals.</span></p>
<p><span style="color: #333333; font-family: verdana;">Alguns dels projectes que col·laboren en procés de formació són:</span></p>
<ul style="list-style-type: circle;">
<li><a href="https://agora.xtec.cat/insvoltrera/projectes/revista-del-centre/"><span style="color: #3366ff;">La revista del centre: X-clusiva</span></a></li>
<li><a href="https://agora.xtec.cat/insvoltrera/projectes/aquiproubilling/"><span style="color: #3366ff;">Programa #AquíProuBulling</span></a></li>
<li><a href="https://agora.xtec.cat/insvoltrera/categoria/intercanviberlin/"><span style="color: #3366ff;">Intercanvi a Berlin</span></a></li>
</ul>
<p>&nbsp;</p>

<p>A l&#8217;institut Voltrera es valora l’esforç, l’exigència, la innovació i l’obertura a nous projectes. Som un centre públic, català, en canvi constant per a millorar la nostra oferta educativa.<br />
Entenem l’educació com a un procés de formació integral de la persona, tant en els aspectes intel·lectuals&hellip;  <a href="https://agora.xtec.cat/insvoltrera/projectes/" title="Read Projectes">Llegeix més»</a></p>
