{"id":506,"date":"2020-11-24T23:09:51","date_gmt":"2020-11-24T22:09:51","guid":{"rendered":"https:\/\/agora.xtec.cat\/iesvoltrera\/?page_id=506"},"modified":"2026-01-19T16:26:20","modified_gmt":"2026-01-19T15:26:20","slug":"documentacio","status":"publish","type":"page","link":"https:\/\/agora.xtec.cat\/insvoltrera\/linstitut\/documentacio\/","title":{"rendered":"Documentaci\u00f3"},"content":{"rendered":"<p><span style=\"color: #000080;\">Documents de gesti\u00f3 de centre:<\/span><\/p>\n<ul style=\"list-style-type: circle;\">\n<li style=\"list-style-type: none;\">\n<ul style=\"list-style-type: circle;\">\n<li><span style=\"color: #000080;\"><a style=\"color: #000080;\" href=\"https:\/\/agora.xtec.cat\/insvoltrera\/wp-content\/uploads\/usu2424\/2020\/12\/PEC_Voltrera.pdf\" target=\"_blank\" rel=\"noopener noreferrer\"><strong>Projecte Educatiu de Centre (PEC)<\/strong><\/a><\/span><\/li>\n<li><a href=\"https:\/\/agora.xtec.cat\/insvoltrera\/wp-content\/uploads\/usu2424\/2025\/06\/PdD_25_29.pdf\"><span style=\"color: #000080;\"><strong>Projecte de Direcci\u00f3 2025-2029<\/strong><\/span><\/a><\/li>\n<li><a href=\"https:\/\/agora.xtec.cat\/insvoltrera\/wp-content\/uploads\/usu2424\/2026\/01\/Memoria_CURS_24_25_resultats.pdf\"><span style=\"color: #000080;\"><strong>Mem\u00f2ria de Centre (2024-2025)<\/strong><\/span><\/a><\/li>\n<li><a href=\"https:\/\/agora.xtec.cat\/insvoltrera\/wp-content\/uploads\/usu2424\/2026\/01\/PGAdC_CURS_25_26_Ins_Voltrera.pdf\"><strong><span style=\"color: #000080;\">Programaci\u00f3 General Anual 2025-2026 (PGA)<\/span><\/strong><\/a><\/li>\n<li><span style=\"color: #000080;\"><a style=\"color: #000080;\" href=\"https:\/\/agora.xtec.cat\/insvoltrera\/wp-content\/uploads\/usu2424\/2021\/12\/PLC_Voltrera.pdf\" target=\"_blank\" rel=\"noopener noreferrer\"><strong>Projecte Ling\u00fc\u00edstic de centre (PLC)<\/strong><\/a><\/span><\/li>\n<li><a href=\"https:\/\/agora.xtec.cat\/insvoltrera\/wp-content\/uploads\/usu2424\/2026\/01\/nofcset2025_26.pdf\"><span style=\"color: #000080;\"><strong>Normes de Funcionament (NOFC)<\/strong><\/span><\/a><\/li>\n<\/ul>\n<\/li>\n<\/ul>\n<ul>\n<li><a href=\"https:\/\/agora.xtec.cat\/insvoltrera\/wp-content\/uploads\/usu2424\/2024\/09\/espaiLliureMobils.png\"><img loading=\"lazy\" decoding=\"async\" class=\" wp-image-3910 alignright\" src=\"https:\/\/agora.xtec.cat\/insvoltrera\/wp-content\/uploads\/usu2424\/2024\/09\/espaiLliureMobils.png\" alt=\"\" width=\"168\" height=\"237\" \/><\/a><span style=\"color: #000080;\"><a style=\"color: #000080;\" href=\"https:\/\/agora.xtec.cat\/insvoltrera\/wp-content\/uploads\/usu2424\/2024\/09\/UsPortatilsMobils.pdf\" target=\"_blank\" rel=\"noopener noreferrer\"><strong>\u00das m\u00f2bils i port\u00e0tils<\/strong><\/a><\/span><\/li>\n<li><a href=\"https:\/\/agora.xtec.cat\/insvoltrera\/wp-content\/uploads\/usu2424\/2024\/10\/GuiaJustificacioAbsencies.pdf\" target=\"_blank\" rel=\"noopener\"><strong><span style=\"color: #000080;\">Justificaci\u00f3 de faltes des de iEduca<\/span><\/strong><\/a><\/li>\n<\/ul>\n","protected":false},"excerpt":{"rendered":"<p>Documents de gesti\u00f3 de centre:<\/p>\n<ul style=\"list-style-type: circle;\">\n<li style=\"list-style-type: none;\">\n<ul style=\"list-style-type: circle;\">\n<li><a style=\"color: #000080;\" href=\"https:\/\/agora.xtec.cat\/insvoltrera\/wp-content\/uploads\/usu2424\/2020\/12\/PEC_Voltrera.pdf\" target=\"_blank\" rel=\"noopener noreferrer\">Projecte Educatiu de Centre (PEC)<\/a><\/li>\n<li><a href=\"https:\/\/agora.xtec.cat\/insvoltrera\/wp-content\/uploads\/usu2424\/2025\/06\/PdD_25_29.pdf\">Projecte de Direcci\u00f3 2025-2029<\/a><\/li>\n<li><a href=\"https:\/\/agora.xtec.cat\/insvoltrera\/wp-content\/uploads\/usu2424\/2026\/01\/Memoria_CURS_24_25_resultats.pdf\">Mem\u00f2ria de Centre (2024-2025)<\/a><\/li>\n<li><a href=\"https:\/\/agora.xtec.cat\/insvoltrera\/wp-content\/uploads\/usu2424\/2026\/01\/PGAdC_CURS_25_26_Ins_Voltrera.pdf\">Programaci\u00f3 General Anual 2025-2026 (PGA)<\/a><\/li>\n<li><a style=\"color: #000080;\" href=\"https:\/\/agora.xtec.cat\/insvoltrera\/wp-content\/uploads\/usu2424\/2021\/12\/PLC_Voltrera.pdf\" target=\"_blank\" rel=\"noopener noreferrer\">Projecte Ling\u00fc\u00edstic de centre (PLC)<\/a><\/li>\n<li><a href=\"https:\/\/agora.xtec.cat\/insvoltrera\/wp-content\/uploads\/usu2424\/2026\/01\/nofcset2025_26.pdf\">Normes&hellip;  <a href=\"https:\/\/agora.xtec.cat\/insvoltrera\/linstitut\/documentacio\/\" title=\"Read Documentaci\u00f3\">Llegeix m\u00e9s\u00bb<\/a><br \/>\n","protected":false},"author":3,"featured_media":0,"parent":19,"menu_order":0,"comment_status":"closed","ping_status":"closed","template":"page-templates\/side-menu.php","meta":{"_bbp_topic_count":0,"_bbp_reply_count":0,"_bbp_total_topic_count":0,"_bbp_total_reply_count":0,"_bbp_voice_count":0,"_bbp_anonymous_reply_count":0,"_bbp_topic_count_hidden":0,"_bbp_reply_count_hidden":0,"_bbp_forum_subforum_count":0,"footnotes":""},"class_list":["post-506","page","type-page","status-publish","hentry"],"post_mailing_queue_ids":[],"_links":{"self":[{"href":"https:\/\/agora.xtec.cat\/insvoltrera\/wp-json\/wp\/v2\/pages\/506","targetHints":{"allow":["GET"]}}],"collection":[{"href":"https:\/\/agora.xtec.cat\/insvoltrera\/wp-json\/wp\/v2\/pages"}],"about":[{"href":"https:\/\/agora.xtec.cat\/insvoltrera\/wp-json\/wp\/v2\/types\/page"}],"author":[{"embeddable":true,"href":"https:\/\/agora.xtec.cat\/insvoltrera\/wp-json\/wp\/v2\/users\/3"}],"replies":[{"embeddable":true,"href":"https:\/\/agora.xtec.cat\/insvoltrera\/wp-json\/wp\/v2\/comments?post=506"}],"version-history":[{"count":7,"href":"https:\/\/agora.xtec.cat\/insvoltrera\/wp-json\/wp\/v2\/pages\/506\/revisions"}],"predecessor-version":[{"id":4856,"href":"https:\/\/agora.xtec.cat\/insvoltrera\/wp-json\/wp\/v2\/pages\/506\/revisions\/4856"}],"up":[{"embeddable":true,"href":"https:\/\/agora.xtec.cat\/insvoltrera\/wp-json\/wp\/v2\/pages\/19"}],"wp:attachment":[{"href":"https:\/\/agora.xtec.cat\/insvoltrera\/wp-json\/wp\/v2\/media?parent=506"}],"curies":[{"name":"wp","href":"https:\/\/api.w.org\/{rel}","templated":true}]}}