{"id":1650,"date":"2024-01-17T16:44:29","date_gmt":"2024-01-17T15:44:29","guid":{"rendered":"https:\/\/agora.xtec.cat\/insvoltrera\/?page_id=1650"},"modified":"2026-03-13T23:22:04","modified_gmt":"2026-03-13T22:22:04","slug":"titol_geso","status":"publish","type":"page","link":"https:\/\/agora.xtec.cat\/insvoltrera\/linstitut\/titol_geso\/","title":{"rendered":"T\u00edtol GESO"},"content":{"rendered":"<p style=\"text-align: center;\"><strong>GRADUAT EN EDUCACI\u00d3 SECUND\u00c0RIA OBLIGAT\u00d2RIA<\/strong><\/p>\n<p style=\"text-align: center;\"><span style=\"color: #000080;\"><strong><a style=\"color: #000080;\" href=\"https:\/\/agora.xtec.cat\/insvoltrera\/wp-content\/uploads\/usu2424\/2025\/01\/Impres_sollicitud.pdf\">SOL\u00b7LICITUD<\/a><a style=\"color: #000080;\" href=\"https:\/\/agora.xtec.cat\/insvoltrera\/wp-content\/uploads\/usu2424\/2025\/01\/Impres_sollicitud.pdf\"> d\u2019inscripci\u00f3 a la prova per a l\u2019obtenci\u00f3 del t\u00edtol de graduat\/da<\/a><\/strong><\/span><\/p>\n<p><a href=\"https:\/\/agora.xtec.cat\/insvoltrera\/wp-content\/uploads\/usu2424\/2026\/02\/llistat-admesos-i-exclosos-convo-GESO2526.pdf\" target=\"_blank\" rel=\"noopener\"><span style=\"color: #333399;\">CONSULTA EL LLISTAT D&#8217;ADMESOS I EXCLOSOS GESO 25-26.\u00a0<\/span><\/a><\/p>\n<p><span style=\"color: #808080;\"><span style=\"color: #333399;\">CONSULTA EL CALENDARI DE LES PROVES GESO 25-26.\u00a0<\/span><br \/>\n<\/span><span style=\"color: #808080;\"><strong>[Passats 10 minuts de la convocat\u00f2ria de la prova es perdr\u00e0 el dret a l&#8217;examen]<\/strong><\/span><\/p>\n<p><a href=\"https:\/\/agora.xtec.cat\/insvoltrera\/wp-content\/uploads\/usu2424\/2026\/03\/Organizacion_Horari_GESO_2026.jpg\"><img loading=\"lazy\" decoding=\"async\" class=\"alignnone size-full wp-image-4974\" src=\"https:\/\/agora.xtec.cat\/insvoltrera\/wp-content\/uploads\/usu2424\/2026\/03\/Organizacion_Horari_GESO_2026.jpg\" alt=\"\" width=\"594\" height=\"348\" srcset=\"https:\/\/agora.xtec.cat\/insvoltrera\/wp-content\/uploads\/usu2424\/2026\/03\/Organizacion_Horari_GESO_2026.jpg 594w, https:\/\/agora.xtec.cat\/insvoltrera\/wp-content\/uploads\/usu2424\/2026\/03\/Organizacion_Horari_GESO_2026-300x176.jpg 300w\" sizes=\"auto, (max-width: 594px) 100vw, 594px\" \/><\/a><\/p>\n<p><span style=\"color: #333399;\">CONSULTA EL CONTINGUT DE LES PROVES GESO 25-26.\u00a0<\/span><\/p>\n<ul>\n<li style=\"list-style-type: none;\">\n<ul>\n<li style=\"list-style-type: none;\">\n<ul style=\"list-style-type: circle;\">\n<li><a href=\"https:\/\/agora.xtec.cat\/insvoltrera\/wp-content\/uploads\/usu2424\/2025\/02\/Index-de-contingutsGESO_Solcials.pdf\" target=\"_blank\" rel=\"noopener\"><strong>Socials<\/strong><\/a><\/li>\n<li><a href=\"https:\/\/agora.xtec.cat\/insvoltrera\/wp-content\/uploads\/usu2424\/2025\/01\/CONTINGUTS_I_AVAL_PROVA_GESO-CAT-2025.pdf\" target=\"_blank\" rel=\"noopener\"><strong>Catal\u00e0<\/strong><\/a><\/li>\n<li><a href=\"https:\/\/agora.xtec.cat\/insvoltrera\/wp-content\/uploads\/usu2424\/2025\/01\/CONTINGUTS_I_AVAL_PROVA_GESO-CAST-2025.pdf\" target=\"_blank\" rel=\"noopener\"><strong>Castell\u00e0<\/strong><\/a><\/li>\n<li><a href=\"https:\/\/agora.xtec.cat\/insvoltrera\/wp-content\/uploads\/usu2424\/2023\/02\/PROVES-GESO-Angles-Continguts-i-criteris-davaluacio.pdf\"><strong>Angl\u00e8s<\/strong><\/a><\/li>\n<li><a href=\"https:\/\/agora.xtec.cat\/insvoltrera\/wp-content\/uploads\/usu2424\/2026\/02\/digitalitzacio.pdf\"><strong>Digitalitzaci\u00f3<\/strong><\/a><\/li>\n<li><a href=\"https:\/\/agora.xtec.cat\/insvoltrera\/wp-content\/uploads\/usu2424\/2023\/02\/GESO-EF-2023.pdf\"><strong>Educaci\u00f3 F\u00edsica<\/strong><\/a><\/li>\n<li><a href=\"https:\/\/agora.xtec.cat\/insvoltrera\/wp-content\/uploads\/usu2424\/2023\/02\/Mates_GESO_Voltrera.pdf\"><strong>Matem\u00e0tiques<\/strong><\/a><\/li>\n<li><a href=\"https:\/\/agora.xtec.cat\/insvoltrera\/wp-content\/uploads\/usu2424\/2025\/02\/Curriculum-ciencies-4t-ESO.pdf\" target=\"_blank\" rel=\"noopener\"><strong>Ci\u00e8ncies (F\u00edsica i Qu\u00edmica)<\/strong><\/a><\/li>\n<li><a href=\"https:\/\/agora.xtec.cat\/insvoltrera\/wp-content\/uploads\/usu2424\/2025\/03\/curriculum-eso-ViP-4t-proves-GESO-27-2_def.pdf\" target=\"_blank\" rel=\"noopener\"><strong>Visual i pl\u00e0tica<\/strong><\/a><\/li>\n<li><a href=\"https:\/\/agora.xtec.cat\/insvoltrera\/wp-content\/uploads\/usu2424\/2026\/03\/PROVES-GESO-MUSICA-Competencies-Cotinguts-i-Criteris-dAvaluacio.pdf\" target=\"_blank\" rel=\"noopener\"><strong>M\u00fasica<\/strong><\/a><\/li>\n<li><strong><a href=\"https:\/\/agora.xtec.cat\/insvoltrera\/wp-content\/uploads\/usu2424\/2025\/02\/GESO_4tESO-Economia-Basica_24_25.docx.pdf\" target=\"_blank\" rel=\"noopener\">Economia<\/a><\/strong><\/li>\n<li>Educaci\u00f3 en valors<\/li>\n<\/ul>\n<\/li>\n<\/ul>\n<\/li>\n<\/ul>\n<p style=\"font-weight: 400;\">Et recordem que l\u2019any 2023-2024 o 2024-2025 vas finalitzar en aquest centre el quart curs de l\u2019etapa d\u2019ESO i no vas poder obtenir el t\u00edtol de graduat o graduada en educaci\u00f3 secund\u00e0ria obligat\u00f2ria (GESO).<\/p>\n<p style=\"font-weight: 400;\">T\u2019informem que, si has complert 18 anys o b\u00e9 els compleixes durant aquest any,<strong>\u00a0<\/strong>tens l\u2019opci\u00f3 de presentar-te a la prova que et pot permetre obtenir el t\u00edtol de graduat o graduada en educaci\u00f3 secund\u00e0ria obligat\u00f2ria (GESO). Aquesta prova avalua l\u2019assoliment de les compet\u00e8ncies de les mat\u00e8ries que tenies amb avaluaci\u00f3 negativa.<\/p>\n<p style=\"font-weight: 400;\">Si fas o has fet els 16 anys dins del 2026 tamb\u00e9 pots presentar-t\u2019hi, sempre que compleixis alguna de les condicions seg\u00fcents:<\/p>\n<p style=\"font-weight: 400;\">&#8211; Tenir un contracte laboral que t\u2019impedeixi assistir al centre en r\u00e8gim ordinari.<\/p>\n<p style=\"font-weight: 400;\">&#8211; Trobar-te en proc\u00e9s d&#8217;obtenci\u00f3 d&#8217;un perm\u00eds de treball.<\/p>\n<p style=\"font-weight: 400;\">&#8211; Ser esportista d&#8217;alt rendiment. En aquest cas, caldr\u00e0 presentar una certificaci\u00f3 del Consell Catal\u00e0 de l\u2019Esport que acrediti que aquests esportistes figuren en el programa de tecnificaci\u00f3 (ARC) de la federaci\u00f3 catalana corresponent.<\/p>\n<p style=\"font-weight: 400;\">&#8211; Tenir un expedient d\u2019homologaci\u00f3 obert d\u2019estudis estrangers al t\u00edtol de GESO.<\/p>\n<p style=\"font-weight: 400;\">&#8211; De manera excepcional, haver tingut un pla de suport individualitzat durant el per\u00edode compr\u00e8s entre els cursos 2017-2018 i 2022-2023, elaborat a partir d\u2019un informe de reconeixement de necessitats educatives especials em\u00e8s per l&#8217;equip d&#8217;assessorament psicopedag\u00f2gic (EAP).<\/p>\n<p style=\"font-weight: 400;\">Pots venir al centre a\u00a0<strong>matricular-te del 2 al 13 de febrer de 2026<\/strong>\u00a0en l\u2019horari habitual de la secretaria, de 10 a 13 de dilluns a divendres.\u00a0<strong>Has de portar el full d\u2019inscripci\u00f3 a la prova<\/strong>\u00a0que adjuntem, degudament emplenat. Si vols acreditar alguna de les condicions anteriors, cal que aportis la documentaci\u00f3 corresponent. A partir del 18 de febrer quedar\u00e0 publicat al web del centre l\u2019informaci\u00f3 sobre l\u2019avaluaci\u00f3 de les mat\u00e8ries objecte de la prova, ara mateix es pot consultar l&#8217;informaci\u00f3 del GESO 2425 a<strong>\u00a0<a href=\"https:\/\/agora.xtec.cat\/insvoltrera\/linstitut\/titol_geso\/\" data-saferedirecturl=\"https:\/\/www.google.com\/url?q=https:\/\/agora.xtec.cat\/insvoltrera\/linstitut\/titol_geso\/&amp;source=gmail&amp;ust=1769991231366000&amp;usg=AOvVaw3GL7_ggzmGpVsYJ2dwonUi\">l&#8217;enlla\u00e7<\/a>.<\/strong><\/p>\n<p style=\"font-weight: 400;\">La<strong>\u00a0realitzaci\u00f3 de la prova\u00a0<\/strong>ser\u00e0 durant el mes de mar\u00e7, del 16 al 20 de mar\u00e7, en horari de centre (matins de 8 a 14:30 \/ dimecres tarda de 15:30 a 17:30) a la seu principal de l\u2019Institut, segons calendari que us farem arribar als sol\u00b7licitants un cop sapiguem les mat\u00e8ries matriculades.<\/p>\n<p style=\"font-weight: 400;\">Podr\u00e0s consultar les qualificacions obtingudes pels canals d\u2019informaci\u00f3 habituals del nostre centre a partir del dia 13 d\u2019abril de 2026. Posteriorment podr\u00e0s passar per secretaria a recollir la certificaci\u00f3 de les qualificacions obtingudes a partir del 20 d\u2019abril<em>.<\/em><\/p>\n<p style=\"font-weight: 400;\">T\u2019animem a aprofitar aquesta nova oportunitat d\u2019obtenir el t\u00edtol de GESO, amb el qual podr\u00e0s tenir acc\u00e9s a ensenyaments postobligatoris, alhora que incrementar\u00e0s les teves possibilitats en el m\u00f3n laboral.<\/p>\n<p>La<strong> realitzaci\u00f3 de les proves <\/strong>ser\u00e0 durant el mes de mar\u00e7 i de tot el procediment ser\u00e0s informat\/da pel canal de comunicaci\u00f3 habitual del nostre centre.<\/p>\n<p><a href=\"https:\/\/educacio.gencat.cat\/ca\/serveis-tramits\/proves\/proves-lliures-obtencio-titols\/obtencio-titol-eso\/index.html\" target=\"_blank\" rel=\"noopener\">M\u00e9s informaci\u00f3 al Gencat<\/a><\/p>\n<p>&nbsp;<\/p>\n","protected":false},"excerpt":{"rendered":"<p>GRADUAT EN EDUCACI\u00d3 SECUND\u00c0RIA OBLIGAT\u00d2RIA<br \/>\n<a style=\"color: #000080;\" href=\"https:\/\/agora.xtec.cat\/insvoltrera\/wp-content\/uploads\/usu2424\/2025\/01\/Impres_sollicitud.pdf\">SOL\u00b7LICITUD<\/a><a style=\"color: #000080;\" href=\"https:\/\/agora.xtec.cat\/insvoltrera\/wp-content\/uploads\/usu2424\/2025\/01\/Impres_sollicitud.pdf\"> d\u2019inscripci\u00f3 a la prova per a l\u2019obtenci\u00f3 del t\u00edtol de graduat\/da<\/a><br \/>\n<a href=\"https:\/\/agora.xtec.cat\/insvoltrera\/wp-content\/uploads\/usu2424\/2026\/02\/llistat-admesos-i-exclosos-convo-GESO2526.pdf\" target=\"_blank\" rel=\"noopener\">CONSULTA EL LLISTAT D&#8217;ADMESOS I EXCLOSOS GESO 25-26.\u00a0<\/a><br \/>\nCONSULTA EL CALENDARI DE LES PROVES GESO 25-26.\u00a0<br \/>\n[Passats 10 minuts de la convocat\u00f2ria de&hellip;  <a href=\"https:\/\/agora.xtec.cat\/insvoltrera\/linstitut\/titol_geso\/\" title=\"Read T\u00edtol GESO\">Llegeix m\u00e9s\u00bb<\/a><\/p>\n","protected":false},"author":3,"featured_media":0,"parent":19,"menu_order":0,"comment_status":"closed","ping_status":"closed","template":"","meta":{"_bbp_topic_count":0,"_bbp_reply_count":0,"_bbp_total_topic_count":0,"_bbp_total_reply_count":0,"_bbp_voice_count":0,"_bbp_anonymous_reply_count":0,"_bbp_topic_count_hidden":0,"_bbp_reply_count_hidden":0,"_bbp_forum_subforum_count":0,"footnotes":""},"class_list":["post-1650","page","type-page","status-publish","hentry"],"post_mailing_queue_ids":[],"_links":{"self":[{"href":"https:\/\/agora.xtec.cat\/insvoltrera\/wp-json\/wp\/v2\/pages\/1650","targetHints":{"allow":["GET"]}}],"collection":[{"href":"https:\/\/agora.xtec.cat\/insvoltrera\/wp-json\/wp\/v2\/pages"}],"about":[{"href":"https:\/\/agora.xtec.cat\/insvoltrera\/wp-json\/wp\/v2\/types\/page"}],"author":[{"embeddable":true,"href":"https:\/\/agora.xtec.cat\/insvoltrera\/wp-json\/wp\/v2\/users\/3"}],"replies":[{"embeddable":true,"href":"https:\/\/agora.xtec.cat\/insvoltrera\/wp-json\/wp\/v2\/comments?post=1650"}],"version-history":[{"count":6,"href":"https:\/\/agora.xtec.cat\/insvoltrera\/wp-json\/wp\/v2\/pages\/1650\/revisions"}],"predecessor-version":[{"id":4977,"href":"https:\/\/agora.xtec.cat\/insvoltrera\/wp-json\/wp\/v2\/pages\/1650\/revisions\/4977"}],"up":[{"embeddable":true,"href":"https:\/\/agora.xtec.cat\/insvoltrera\/wp-json\/wp\/v2\/pages\/19"}],"wp:attachment":[{"href":"https:\/\/agora.xtec.cat\/insvoltrera\/wp-json\/wp\/v2\/media?parent=1650"}],"curies":[{"name":"wp","href":"https:\/\/api.w.org\/{rel}","templated":true}]}}

Títol GESO

<p style="text-align: center;"><strong>GRADUAT EN EDUCACIÓ SECUNDÀRIA OBLIGATÒRIA</strong></p>
<p style="text-align: center;"><span style="color: #000080;"><strong><a style="color: #000080;" href="https://agora.xtec.cat/insvoltrera/wp-content/uploads/usu2424/2025/01/Impres_sollicitud.pdf">SOL·LICITUD</a><a style="color: #000080;" href="https://agora.xtec.cat/insvoltrera/wp-content/uploads/usu2424/2025/01/Impres_sollicitud.pdf"> d’inscripció a la prova per a l’obtenció del títol de graduat/da</a></strong></span></p>
<p><a href="https://agora.xtec.cat/insvoltrera/wp-content/uploads/usu2424/2026/02/llistat-admesos-i-exclosos-convo-GESO2526.pdf" target="_blank" rel="noopener"><span style="color: #333399;">CONSULTA EL LLISTAT D&#8217;ADMESOS I EXCLOSOS GESO 25-26. </span></a></p>
<p><span style="color: #808080;"><span style="color: #333399;">CONSULTA EL CALENDARI DE LES PROVES GESO 25-26. </span><br />
</span><span style="color: #808080;"><strong>[Passats 10 minuts de la convocatòria de la prova es perdrà el dret a l&#8217;examen]</strong></span></p>
<p><a href="https://agora.xtec.cat/insvoltrera/wp-content/uploads/usu2424/2026/03/Organizacion_Horari_GESO_2026.jpg"><img loading="lazy" decoding="async" class="alignnone size-full wp-image-4974" src="https://agora.xtec.cat/insvoltrera/wp-content/uploads/usu2424/2026/03/Organizacion_Horari_GESO_2026.jpg" alt="" width="594" height="348" srcset="https://agora.xtec.cat/insvoltrera/wp-content/uploads/usu2424/2026/03/Organizacion_Horari_GESO_2026.jpg 594w, https://agora.xtec.cat/insvoltrera/wp-content/uploads/usu2424/2026/03/Organizacion_Horari_GESO_2026-300x176.jpg 300w" sizes="auto, (max-width: 594px) 100vw, 594px" /></a></p>
<p><span style="color: #333399;">CONSULTA EL CONTINGUT DE LES PROVES GESO 25-26. </span></p>
<ul>
<li style="list-style-type: none;">
<ul>
<li style="list-style-type: none;">
<ul style="list-style-type: circle;">
<li><a href="https://agora.xtec.cat/insvoltrera/wp-content/uploads/usu2424/2025/02/Index-de-contingutsGESO_Solcials.pdf" target="_blank" rel="noopener"><strong>Socials</strong></a></li>
<li><a href="https://agora.xtec.cat/insvoltrera/wp-content/uploads/usu2424/2025/01/CONTINGUTS_I_AVAL_PROVA_GESO-CAT-2025.pdf" target="_blank" rel="noopener"><strong>Català</strong></a></li>
<li><a href="https://agora.xtec.cat/insvoltrera/wp-content/uploads/usu2424/2025/01/CONTINGUTS_I_AVAL_PROVA_GESO-CAST-2025.pdf" target="_blank" rel="noopener"><strong>Castellà</strong></a></li>
<li><a href="https://agora.xtec.cat/insvoltrera/wp-content/uploads/usu2424/2023/02/PROVES-GESO-Angles-Continguts-i-criteris-davaluacio.pdf"><strong>Anglès</strong></a></li>
<li><a href="https://agora.xtec.cat/insvoltrera/wp-content/uploads/usu2424/2026/02/digitalitzacio.pdf"><strong>Digitalització</strong></a></li>
<li><a href="https://agora.xtec.cat/insvoltrera/wp-content/uploads/usu2424/2023/02/GESO-EF-2023.pdf"><strong>Educació Física</strong></a></li>
<li><a href="https://agora.xtec.cat/insvoltrera/wp-content/uploads/usu2424/2023/02/Mates_GESO_Voltrera.pdf"><strong>Matemàtiques</strong></a></li>
<li><a href="https://agora.xtec.cat/insvoltrera/wp-content/uploads/usu2424/2025/02/Curriculum-ciencies-4t-ESO.pdf" target="_blank" rel="noopener"><strong>Ciències (Física i Química)</strong></a></li>
<li><a href="https://agora.xtec.cat/insvoltrera/wp-content/uploads/usu2424/2025/03/curriculum-eso-ViP-4t-proves-GESO-27-2_def.pdf" target="_blank" rel="noopener"><strong>Visual i plàtica</strong></a></li>
<li><a href="https://agora.xtec.cat/insvoltrera/wp-content/uploads/usu2424/2026/03/PROVES-GESO-MUSICA-Competencies-Cotinguts-i-Criteris-dAvaluacio.pdf" target="_blank" rel="noopener"><strong>Música</strong></a></li>
<li><strong><a href="https://agora.xtec.cat/insvoltrera/wp-content/uploads/usu2424/2025/02/GESO_4tESO-Economia-Basica_24_25.docx.pdf" target="_blank" rel="noopener">Economia</a></strong></li>
<li>Educació en valors</li>
</ul>
</li>
</ul>
</li>
</ul>
<p style="font-weight: 400;">Et recordem que l’any 2023-2024 o 2024-2025 vas finalitzar en aquest centre el quart curs de l’etapa d’ESO i no vas poder obtenir el títol de graduat o graduada en educació secundària obligatòria (GESO).</p>
<p style="font-weight: 400;">T’informem que, si has complert 18 anys o bé els compleixes durant aquest any,<strong> </strong>tens l’opció de presentar-te a la prova que et pot permetre obtenir el títol de graduat o graduada en educació secundària obligatòria (GESO). Aquesta prova avalua l’assoliment de les competències de les matèries que tenies amb avaluació negativa.</p>
<p style="font-weight: 400;">Si fas o has fet els 16 anys dins del 2026 també pots presentar-t’hi, sempre que compleixis alguna de les condicions següents:</p>
<p style="font-weight: 400;">&#8211; Tenir un contracte laboral que t’impedeixi assistir al centre en règim ordinari.</p>
<p style="font-weight: 400;">&#8211; Trobar-te en procés d&#8217;obtenció d&#8217;un permís de treball.</p>
<p style="font-weight: 400;">&#8211; Ser esportista d&#8217;alt rendiment. En aquest cas, caldrà presentar una certificació del Consell Català de l’Esport que acrediti que aquests esportistes figuren en el programa de tecnificació (ARC) de la federació catalana corresponent.</p>
<p style="font-weight: 400;">&#8211; Tenir un expedient d’homologació obert d’estudis estrangers al títol de GESO.</p>
<p style="font-weight: 400;">&#8211; De manera excepcional, haver tingut un pla de suport individualitzat durant el període comprès entre els cursos 2017-2018 i 2022-2023, elaborat a partir d’un informe de reconeixement de necessitats educatives especials emès per l&#8217;equip d&#8217;assessorament psicopedagògic (EAP).</p>
<p style="font-weight: 400;">Pots venir al centre a <strong>matricular-te del 2 al 13 de febrer de 2026</strong> en l’horari habitual de la secretaria, de 10 a 13 de dilluns a divendres. <strong>Has de portar el full d’inscripció a la prova</strong> que adjuntem, degudament emplenat. Si vols acreditar alguna de les condicions anteriors, cal que aportis la documentació corresponent. A partir del 18 de febrer quedarà publicat al web del centre l’informació sobre l’avaluació de les matèries objecte de la prova, ara mateix es pot consultar l&#8217;informació del GESO 2425 a<strong> <a href="https://agora.xtec.cat/insvoltrera/linstitut/titol_geso/" data-saferedirecturl="https://www.google.com/url?q=https://agora.xtec.cat/insvoltrera/linstitut/titol_geso/&amp;source=gmail&amp;ust=1769991231366000&amp;usg=AOvVaw3GL7_ggzmGpVsYJ2dwonUi">l&#8217;enllaç</a>.</strong></p>
<p style="font-weight: 400;">La<strong> realització de la prova </strong>serà durant el mes de març, del 16 al 20 de març, en horari de centre (matins de 8 a 14:30 / dimecres tarda de 15:30 a 17:30) a la seu principal de l’Institut, segons calendari que us farem arribar als sol·licitants un cop sapiguem les matèries matriculades.</p>
<p style="font-weight: 400;">Podràs consultar les qualificacions obtingudes pels canals d’informació habituals del nostre centre a partir del dia 13 d’abril de 2026. Posteriorment podràs passar per secretaria a recollir la certificació de les qualificacions obtingudes a partir del 20 d’abril<em>.</em></p>
<p style="font-weight: 400;">T’animem a aprofitar aquesta nova oportunitat d’obtenir el títol de GESO, amb el qual podràs tenir accés a ensenyaments postobligatoris, alhora que incrementaràs les teves possibilitats en el món laboral.</p>
<p>La<strong> realització de les proves </strong>serà durant el mes de març i de tot el procediment seràs informat/da pel canal de comunicació habitual del nostre centre.</p>
<p><a href="https://educacio.gencat.cat/ca/serveis-tramits/proves/proves-lliures-obtencio-titols/obtencio-titol-eso/index.html" target="_blank" rel="noopener">Més informació al Gencat</a></p>
<p>&nbsp;</p>

<p>GRADUAT EN EDUCACIÓ SECUNDÀRIA OBLIGATÒRIA<br />
<a style="color: #000080;" href="https://agora.xtec.cat/insvoltrera/wp-content/uploads/usu2424/2025/01/Impres_sollicitud.pdf">SOL·LICITUD</a><a style="color: #000080;" href="https://agora.xtec.cat/insvoltrera/wp-content/uploads/usu2424/2025/01/Impres_sollicitud.pdf"> d’inscripció a la prova per a l’obtenció del títol de graduat/da</a><br />
<a href="https://agora.xtec.cat/insvoltrera/wp-content/uploads/usu2424/2026/02/llistat-admesos-i-exclosos-convo-GESO2526.pdf" target="_blank" rel="noopener">CONSULTA EL LLISTAT D&#8217;ADMESOS I EXCLOSOS GESO 25-26. </a><br />
CONSULTA EL CALENDARI DE LES PROVES GESO 25-26. <br />
[Passats 10 minuts de la convocatòria de&hellip;  <a href="https://agora.xtec.cat/insvoltrera/linstitut/titol_geso/" title="Read Títol GESO">Llegeix més»</a></p>
