{"id":1478,"date":"2021-09-22T17:59:56","date_gmt":"2021-09-22T15:59:56","guid":{"rendered":"https:\/\/agora.xtec.cat\/insvoltrera\/?page_id=1478"},"modified":"2021-09-23T12:29:11","modified_gmt":"2021-09-23T10:29:11","slug":"espai-covid","status":"publish","type":"page","link":"https:\/\/agora.xtec.cat\/insvoltrera\/documentacio-families\/espai-covid\/","title":{"rendered":"Espai Covid"},"content":{"rendered":"<p><span style=\"color: #333399; face: verdana;\">En aquest espai poden descarregar autoritzacions, protocols covid i altres informacions relacionades amb la Covid.<\/span><\/p>\n<p><strong>Autoritzaci\u00f3 per al procediment de gesti\u00f3 de casos i contactes de la COVID-19 als centres educatius<\/strong><\/p>\n<ul style=\"list-style-type: disc;\">\n<li><a href=\"https:\/\/agora.xtec.cat\/insvoltrera\/wp-content\/uploads\/usu2424\/2021\/09\/Autoritzacions_Families_Inici_curs_21_22.pdf\" target=\"_blank\" rel=\"noopener\">Descarrega l&#8217;arxiu PDF<\/a><\/li>\n<\/ul>\n<p><strong>Declaraci\u00f3 responsable per a les fam\u00edlies d\u2019alumnes d\u2019educaci\u00f3 secund\u00e0ria obligat\u00f2ria, batxillerat i cicles formatius (per a alumnes MENORS de 18 anys)<\/strong><\/p>\n<ul>\n<li><a href=\"https:\/\/agora.xtec.cat\/insvoltrera\/wp-content\/uploads\/usu2424\/2021\/09\/declar_respons_menys18.pdf\" target=\"_blank\" rel=\"noopener\">Descarrega l&#8217;arxiu PDF<\/a><\/li>\n<\/ul>\n<p><strong>Declaraci\u00f3 responsable per a les fam\u00edlies d\u2019alumnes d\u2019educaci\u00f3 secund\u00e0ria obligat\u00f2ria, batxillerat i cicles formatius (per a alumnes MAJORS de 18 anys)<\/strong><\/p>\n<ul>\n<li><a href=\"https:\/\/agora.xtec.cat\/insvoltrera\/wp-content\/uploads\/usu2424\/2021\/09\/declar_respons_mes18.pdf\" target=\"_blank\" rel=\"noopener\">Descarrega l&#8217;arxiu PDF<\/a><\/li>\n<\/ul>\n<p><strong>Pla d&#8217;Organitzaci\u00f3 del curs 2021-2022<\/strong><\/p>\n<ul>\n<li><a href=\"https:\/\/agora.xtec.cat\/insvoltrera\/wp-content\/uploads\/usu2424\/2021\/09\/POC_21_22-1.pdf\" target=\"_blank\" rel=\"noopener\">Visualitza l&#8217;arxiu PDF<\/a><\/li>\n<\/ul>\n","protected":false},"excerpt":{"rendered":"<p>En aquest espai poden descarregar autoritzacions, protocols covid i altres informacions relacionades amb la Covid.<br \/>\nAutoritzaci\u00f3 per al procediment de gesti\u00f3 de casos i contactes de la COVID-19 als centres educatius<\/p>\n<ul style=\"list-style-type: disc;\">\n<li><a href=\"https:\/\/agora.xtec.cat\/insvoltrera\/wp-content\/uploads\/usu2424\/2021\/09\/Autoritzacions_Families_Inici_curs_21_22.pdf\" target=\"_blank\" rel=\"noopener\">Descarrega l&#8217;arxiu PDF<\/a><\/li>\n<\/ul>\n<p>Declaraci\u00f3 responsable per a les fam\u00edlies d\u2019alumnes d\u2019educaci\u00f3 secund\u00e0ria&hellip;  <a href=\"https:\/\/agora.xtec.cat\/insvoltrera\/documentacio-families\/espai-covid\/\" title=\"Read Espai Covid\">Llegeix m\u00e9s\u00bb<\/a><\/p>\n","protected":false},"author":3,"featured_media":0,"parent":587,"menu_order":0,"comment_status":"closed","ping_status":"closed","template":"","meta":{"_bbp_topic_count":0,"_bbp_reply_count":0,"_bbp_total_topic_count":0,"_bbp_total_reply_count":0,"_bbp_voice_count":0,"_bbp_anonymous_reply_count":0,"_bbp_topic_count_hidden":0,"_bbp_reply_count_hidden":0,"_bbp_forum_subforum_count":0,"footnotes":""},"class_list":["post-1478","page","type-page","status-publish","hentry"],"post_mailing_queue_ids":[],"_links":{"self":[{"href":"https:\/\/agora.xtec.cat\/insvoltrera\/wp-json\/wp\/v2\/pages\/1478","targetHints":{"allow":["GET"]}}],"collection":[{"href":"https:\/\/agora.xtec.cat\/insvoltrera\/wp-json\/wp\/v2\/pages"}],"about":[{"href":"https:\/\/agora.xtec.cat\/insvoltrera\/wp-json\/wp\/v2\/types\/page"}],"author":[{"embeddable":true,"href":"https:\/\/agora.xtec.cat\/insvoltrera\/wp-json\/wp\/v2\/users\/3"}],"replies":[{"embeddable":true,"href":"https:\/\/agora.xtec.cat\/insvoltrera\/wp-json\/wp\/v2\/comments?post=1478"}],"version-history":[{"count":4,"href":"https:\/\/agora.xtec.cat\/insvoltrera\/wp-json\/wp\/v2\/pages\/1478\/revisions"}],"predecessor-version":[{"id":1494,"href":"https:\/\/agora.xtec.cat\/insvoltrera\/wp-json\/wp\/v2\/pages\/1478\/revisions\/1494"}],"up":[{"embeddable":true,"href":"https:\/\/agora.xtec.cat\/insvoltrera\/wp-json\/wp\/v2\/pages\/587"}],"wp:attachment":[{"href":"https:\/\/agora.xtec.cat\/insvoltrera\/wp-json\/wp\/v2\/media?parent=1478"}],"curies":[{"name":"wp","href":"https:\/\/api.w.org\/{rel}","templated":true}]}}

<p><span style="color: #333399; face: verdana;">En aquest espai poden descarregar autoritzacions, protocols covid i altres informacions relacionades amb la Covid.</span></p>
<p><strong>Autorització per al procediment de gestió de casos i contactes de la COVID-19 als centres educatius</strong></p>
<ul style="list-style-type: disc;">
<li><a href="https://agora.xtec.cat/insvoltrera/wp-content/uploads/usu2424/2021/09/Autoritzacions_Families_Inici_curs_21_22.pdf" target="_blank" rel="noopener">Descarrega l&#8217;arxiu PDF</a></li>
</ul>
<p><strong>Declaració responsable per a les famílies d’alumnes d’educació secundària obligatòria, batxillerat i cicles formatius (per a alumnes MENORS de 18 anys)</strong></p>
<ul>
<li><a href="https://agora.xtec.cat/insvoltrera/wp-content/uploads/usu2424/2021/09/declar_respons_menys18.pdf" target="_blank" rel="noopener">Descarrega l&#8217;arxiu PDF</a></li>
</ul>
<p><strong>Declaració responsable per a les famílies d’alumnes d’educació secundària obligatòria, batxillerat i cicles formatius (per a alumnes MAJORS de 18 anys)</strong></p>
<ul>
<li><a href="https://agora.xtec.cat/insvoltrera/wp-content/uploads/usu2424/2021/09/declar_respons_mes18.pdf" target="_blank" rel="noopener">Descarrega l&#8217;arxiu PDF</a></li>
</ul>
<p><strong>Pla d&#8217;Organització del curs 2021-2022</strong></p>
<ul>
<li><a href="https://agora.xtec.cat/insvoltrera/wp-content/uploads/usu2424/2021/09/POC_21_22-1.pdf" target="_blank" rel="noopener">Visualitza l&#8217;arxiu PDF</a></li>
</ul>

<p>En aquest espai poden descarregar autoritzacions, protocols covid i altres informacions relacionades amb la Covid.<br />
Autorització per al procediment de gestió de casos i contactes de la COVID-19 als centres educatius</p>
<ul style="list-style-type: disc;">
<li><a href="https://agora.xtec.cat/insvoltrera/wp-content/uploads/usu2424/2021/09/Autoritzacions_Families_Inici_curs_21_22.pdf" target="_blank" rel="noopener">Descarrega l&#8217;arxiu PDF</a></li>
</ul>
<p>Declaració responsable per a les famílies d’alumnes d’educació secundària&hellip;  <a href="https://agora.xtec.cat/insvoltrera/documentacio-families/espai-covid/" title="Read Espai Covid">Llegeix més»</a></p>
