{"id":1035,"date":"2021-04-25T22:50:23","date_gmt":"2021-04-25T20:50:23","guid":{"rendered":"https:\/\/agora.xtec.cat\/insvoltrera\/?page_id=1035"},"modified":"2026-04-08T23:51:03","modified_gmt":"2026-04-08T21:51:03","slug":"preinscripcio-matricula-batx","status":"publish","type":"page","link":"https:\/\/agora.xtec.cat\/insvoltrera\/preinscripcio-matricula-batx\/","title":{"rendered":"Preinscripci\u00f3-matr\u00edcula Estudis Post Obligatoris"},"content":{"rendered":"<h4>INFORMACIONS RELLEVANTS<\/h4>\n<p><strong>Preinscripci\u00f3<\/strong>: del 9 al 16 d&#8217;abril de 2026 (tel\u00e8m\u00e0tica)<\/p>\n<p><strong>Matr\u00edcula<\/strong>: del 18 al 30 de juny (presencial)<\/p>\n<h5><span style=\"color: #000080;\">Links d&#8217;utilitat:<\/span><\/h5>\n<ul style=\"list-style-type: circle;\">\n<li><span style=\"color: #333399;\"><a style=\"color: #333399;\" href=\"https:\/\/tramits.gencat.cat\/ca\/tramits\/tramits-temes\/identificador-alumne\">Consultar Identificador de l&#8217;alumne (RALC)<\/a><\/span><\/li>\n<li><span style=\"color: #333399;\"><a style=\"color: #333399;\" href=\"https:\/\/idcat.aoc.cat\/\">Obtenir IdCat m\u00f2bil<\/a><\/span><\/li>\n<li><span style=\"color: #333399;\">Codi de centre:\u00a0<strong>08045689<\/strong><\/span><\/li>\n<\/ul>\n<p style=\"text-align: center;\"><a href=\"https:\/\/preinscripcio.gencat.cat\/ca\/estudis\/batxillerat\/preinscriute\/sollicitud\/\"><strong><span style=\"color: #3366ff;\">Accedeix a la sol\u00b7licitud (telem\u00e0tica)<\/span><\/strong><\/a><\/p>\n<p style=\"text-align: center;\"><a href=\"https:\/\/agora.xtec.cat\/insvoltrera\/wp-content\/uploads\/usu2424\/2026\/04\/Oferta.-Batxillerat.pdf\"><span style=\"color: #ff00ff;\"><strong><span style=\"color: #0000ff;\"><span style=\"color: #ff0000;\">Oferta definitiva de places<\/span><\/span><\/strong><\/span><\/a><\/p>\n<p style=\"text-align: center;\"><strong><span style=\"color: #3366ff;\">PREINSCRITS<\/span><\/strong><\/p>\n<p style=\"text-align: center;\"><strong><span style=\"color: #3366ff;\">ASSIGNACIONS<\/span><\/strong><\/p>\n<p style=\"text-align: center;\"><strong><span style=\"color: #3366ff;\">LLISTA D&#8217;ESPERA<\/span><\/strong><\/p>\n<p style=\"text-align: center;\"><a href=\"https:\/\/preinscripcio.gencat.cat\/ca\/estudis\/batxillerat\/inici\/\"><strong><span style=\"color: #3366ff;\">WEB INFORMATIVA<\/span><\/strong><\/a><\/p>\n<p style=\"text-align: center;\"><span style=\"color: #000000;\"><a href=\"https:\/\/preinscripcio.gencat.cat\/ca\/estudis\/batxillerat\/informat\/calendari\/\"><strong><span style=\"color: #3366ff;\">CALENDARI<\/span><\/strong><\/a><br \/>\n<\/span><\/p>\n<p>&nbsp;<\/p>\n<h3><span style=\"color: #781028;\"><strong>CICLES FORMATIUS DE GRAU MITJ\u00c0<br \/>\n<\/strong><\/span><\/h3>\n<p style=\"text-align: center;\"><strong><span style=\"color: #3366ff;\">Accedeix a la sol\u00b7licitud<\/span><\/strong><\/p>\n<p style=\"text-align: center;\"><span style=\"color: #3366ff;\"><strong>INSTRUCCIONS<\/strong><\/span><\/p>\n<p style=\"text-align: center;\"><strong><span style=\"color: #3366ff;\">CALENDARI<\/span><\/strong><\/p>\n<p>&nbsp;<\/p>\n","protected":false},"excerpt":{"rendered":"<p>INFORMACIONS RELLEVANTS<br \/>\nPreinscripci\u00f3: del 9 al 16 d&#8217;abril de 2026 (tel\u00e8m\u00e0tica)<br \/>\nMatr\u00edcula: del 18 al 30 de juny (presencial)<br \/>\nLinks d&#8217;utilitat:<\/p>\n<ul style=\"list-style-type: circle;\">\n<li><a style=\"color: #333399;\" href=\"https:\/\/tramits.gencat.cat\/ca\/tramits\/tramits-temes\/identificador-alumne\">Consultar Identificador de l&#8217;alumne (RALC)<\/a><\/li>\n<li><a style=\"color: #333399;\" href=\"https:\/\/idcat.aoc.cat\/\">Obtenir IdCat m\u00f2bil<\/a><\/li>\n<li>Codi de centre:\u00a008045689<\/li>\n<\/ul>\n<p><a href=\"https:\/\/preinscripcio.gencat.cat\/ca\/estudis\/batxillerat\/preinscriute\/sollicitud\/\">Accedeix a la sol\u00b7licitud (telem\u00e0tica)<\/a><br \/>\n<a href=\"https:\/\/agora.xtec.cat\/insvoltrera\/wp-content\/uploads\/usu2424\/2026\/04\/Oferta.-Batxillerat.pdf\">Oferta definitiva de places<\/a><br \/>\nPREINSCRITS<br \/>\nASSIGNACIONS<br \/>\nLLISTA D&#8217;ESPERA<br \/>\n<a href=\"https:\/\/preinscripcio.gencat.cat\/ca\/estudis\/batxillerat\/inici\/\">WEB&hellip;  <a href=\"https:\/\/agora.xtec.cat\/insvoltrera\/preinscripcio-matricula-batx\/\" title=\"Read Preinscripci\u00f3-matr\u00edcula Estudis Post Obligatoris\">Llegeix m\u00e9s\u00bb<\/a><\/p>\n","protected":false},"author":3,"featured_media":0,"parent":0,"menu_order":0,"comment_status":"closed","ping_status":"closed","template":"","meta":{"_bbp_topic_count":0,"_bbp_reply_count":0,"_bbp_total_topic_count":0,"_bbp_total_reply_count":0,"_bbp_voice_count":0,"_bbp_anonymous_reply_count":0,"_bbp_topic_count_hidden":0,"_bbp_reply_count_hidden":0,"_bbp_forum_subforum_count":0,"footnotes":""},"class_list":["post-1035","page","type-page","status-publish","hentry"],"post_mailing_queue_ids":[],"_links":{"self":[{"href":"https:\/\/agora.xtec.cat\/insvoltrera\/wp-json\/wp\/v2\/pages\/1035","targetHints":{"allow":["GET"]}}],"collection":[{"href":"https:\/\/agora.xtec.cat\/insvoltrera\/wp-json\/wp\/v2\/pages"}],"about":[{"href":"https:\/\/agora.xtec.cat\/insvoltrera\/wp-json\/wp\/v2\/types\/page"}],"author":[{"embeddable":true,"href":"https:\/\/agora.xtec.cat\/insvoltrera\/wp-json\/wp\/v2\/users\/3"}],"replies":[{"embeddable":true,"href":"https:\/\/agora.xtec.cat\/insvoltrera\/wp-json\/wp\/v2\/comments?post=1035"}],"version-history":[{"count":7,"href":"https:\/\/agora.xtec.cat\/insvoltrera\/wp-json\/wp\/v2\/pages\/1035\/revisions"}],"predecessor-version":[{"id":5027,"href":"https:\/\/agora.xtec.cat\/insvoltrera\/wp-json\/wp\/v2\/pages\/1035\/revisions\/5027"}],"wp:attachment":[{"href":"https:\/\/agora.xtec.cat\/insvoltrera\/wp-json\/wp\/v2\/media?parent=1035"}],"curies":[{"name":"wp","href":"https:\/\/api.w.org\/{rel}","templated":true}]}}

Preinscripció-matrícula Estudis Post Obligatoris

<h4>INFORMACIONS RELLEVANTS</h4>
<p><strong>Preinscripció</strong>: del 9 al 16 d&#8217;abril de 2026 (telèmàtica)</p>
<p><strong>Matrícula</strong>: del 18 al 30 de juny (presencial)</p>
<h5><span style="color: #000080;">Links d&#8217;utilitat:</span></h5>
<ul style="list-style-type: circle;">
<li><span style="color: #333399;"><a style="color: #333399;" href="https://tramits.gencat.cat/ca/tramits/tramits-temes/identificador-alumne">Consultar Identificador de l&#8217;alumne (RALC)</a></span></li>
<li><span style="color: #333399;"><a style="color: #333399;" href="https://idcat.aoc.cat/">Obtenir IdCat mòbil</a></span></li>
<li><span style="color: #333399;">Codi de centre: <strong>08045689</strong></span></li>
</ul>
<p style="text-align: center;"><a href="https://preinscripcio.gencat.cat/ca/estudis/batxillerat/preinscriute/sollicitud/"><strong><span style="color: #3366ff;">Accedeix a la sol·licitud (telemàtica)</span></strong></a></p>
<p style="text-align: center;"><a href="https://agora.xtec.cat/insvoltrera/wp-content/uploads/usu2424/2026/04/Oferta.-Batxillerat.pdf"><span style="color: #ff00ff;"><strong><span style="color: #0000ff;"><span style="color: #ff0000;">Oferta definitiva de places</span></span></strong></span></a></p>
<p style="text-align: center;"><strong><span style="color: #3366ff;">PREINSCRITS</span></strong></p>
<p style="text-align: center;"><strong><span style="color: #3366ff;">ASSIGNACIONS</span></strong></p>
<p style="text-align: center;"><strong><span style="color: #3366ff;">LLISTA D&#8217;ESPERA</span></strong></p>
<p style="text-align: center;"><a href="https://preinscripcio.gencat.cat/ca/estudis/batxillerat/inici/"><strong><span style="color: #3366ff;">WEB INFORMATIVA</span></strong></a></p>
<p style="text-align: center;"><span style="color: #000000;"><a href="https://preinscripcio.gencat.cat/ca/estudis/batxillerat/informat/calendari/"><strong><span style="color: #3366ff;">CALENDARI</span></strong></a><br />
</span></p>
<p>&nbsp;</p>
<h3><span style="color: #781028;"><strong>CICLES FORMATIUS DE GRAU MITJÀ<br />
</strong></span></h3>
<p style="text-align: center;"><strong><span style="color: #3366ff;">Accedeix a la sol·licitud</span></strong></p>
<p style="text-align: center;"><span style="color: #3366ff;"><strong>INSTRUCCIONS</strong></span></p>
<p style="text-align: center;"><strong><span style="color: #3366ff;">CALENDARI</span></strong></p>
<p>&nbsp;</p>

<p>INFORMACIONS RELLEVANTS<br />
Preinscripció: del 9 al 16 d&#8217;abril de 2026 (telèmàtica)<br />
Matrícula: del 18 al 30 de juny (presencial)<br />
Links d&#8217;utilitat:</p>
<ul style="list-style-type: circle;">
<li><a style="color: #333399;" href="https://tramits.gencat.cat/ca/tramits/tramits-temes/identificador-alumne">Consultar Identificador de l&#8217;alumne (RALC)</a></li>
<li><a style="color: #333399;" href="https://idcat.aoc.cat/">Obtenir IdCat mòbil</a></li>
<li>Codi de centre: 08045689</li>
</ul>
<p><a href="https://preinscripcio.gencat.cat/ca/estudis/batxillerat/preinscriute/sollicitud/">Accedeix a la sol·licitud (telemàtica)</a><br />
<a href="https://agora.xtec.cat/insvoltrera/wp-content/uploads/usu2424/2026/04/Oferta.-Batxillerat.pdf">Oferta definitiva de places</a><br />
PREINSCRITS<br />
ASSIGNACIONS<br />
LLISTA D&#8217;ESPERA<br />
<a href="https://preinscripcio.gencat.cat/ca/estudis/batxillerat/inici/">WEB&hellip;  <a href="https://agora.xtec.cat/insvoltrera/preinscripcio-matricula-batx/" title="Read Preinscripció-matrícula Estudis Post Obligatoris">Llegeix més»</a></p>
